{"id":16282,"date":"2025-09-10T14:47:35","date_gmt":"2025-09-10T12:47:35","guid":{"rendered":"https:\/\/www.modave.be\/?post_type=services_communaux&#038;p=16282"},"modified":"2025-09-10T14:47:36","modified_gmt":"2025-09-10T12:47:36","slug":"semaine-de-la-mobilite-16-au-22-sept-25","status":"publish","type":"services_communaux","link":"https:\/\/www.modave.be\/index.php\/services_communaux\/semaine-de-la-mobilite-16-au-22-sept-25\/","title":{"rendered":"Semaine de la Mobilit\u00e9 | Du 16 au 22 sept. 25"},"content":{"rendered":"\n<h2 class=\"wp-block-heading\">Prenez part \u00e0 la semaine de la mobilit\u00e9 ! Relevez le d\u00e9fi des 4.577 km sans voiture !<\/h2>\n\n\n\n<div style=\"height:24px\" aria-hidden=\"true\" class=\"wp-block-spacer\"><\/div>\n\n\n\n<p class=\"has-medium-font-size\">Une semaine pour relever ensemble le <strong>d\u00e9fi de parcourir 4.577 km sans voiture<\/strong> ! Inscrivez vos kilom\u00e8tres sur modave.be et suivez la progression de notre jauge devant l\u2019administration communale ou en ligne. En cl\u00f4ture, retrouvons-nous le dimanche 21 septembre \u00e0 14h au d\u00e9part du Ch\u00e2teau de Modave pour une marche vers le Rocher du Vieux Ch\u00e2teau, \u00e0 Pont-de-Bonne. PAF : Gratuit (verre de l\u2019amiti\u00e9 compris).<\/p>\n\n\n\n<p class=\"has-medium-font-size\">D\u00e9clarez vos kilom\u00e8tres : 085\/41.02.20 ext. 9 \u2013 francois.dombret@modave.be<\/p>\n\n\n\n<iframe width=\"600\" height=\"443\" src=\"https:\/\/lookerstudio.google.com\/embed\/reporting\/fdfcc21f-ad63-4d22-93d1-0a29302be81d\/page\/wPFWF\" frameborder=\"0\" style=\"border:0\" allowfullscreen sandbox=\"allow-storage-access-by-user-activation allow-scripts allow-same-origin allow-popups allow-popups-to-escape-sandbox\"><\/iframe>\n\n\n\n<iframe src=\"https:\/\/docs.google.com\/forms\/d\/e\/1FAIpQLSfR7ClW-U010kwN_MMBmYKoELhaMil7xRtToSrfaf9eLDraBw\/viewform?embedded=true\" width=\"640\" height=\"1064\" frameborder=\"0\" marginheight=\"0\" marginwidth=\"0\">Chargement\u2026<\/iframe>\n\n\n\n<p><\/p>\n","protected":false},"excerpt":{"rendered":"<p>Prenez part \u00e0 la semaine de la mobilit\u00e9 ! Relevez le d\u00e9fi des 4.577 km sans voiture ! Une semaine pour relever ensemble le d\u00e9fi de parcourir 4.577 km sans voiture ! Inscrivez vos kilom\u00e8tres sur modave.be et suivez la progression de notre jauge devant l\u2019administration communale ou en ligne. En cl\u00f4ture, retrouvons-nous le dimanche&hellip;<\/p>\n","protected":false},"author":9,"featured_media":16321,"menu_order":0,"template":"","categories":[206],"class_list":["post-16282","services_communaux","type-services_communaux","status-publish","has-post-thumbnail","hentry","category-sports_et_loisirs","description-off"],"yoast_head":"<!-- This site is optimized with the Yoast SEO plugin v27.5 - https:\/\/yoast.com\/product\/yoast-seo-wordpress\/ -->\n<title>Semaine de la Mobilit\u00e9 | Du 16 au 22 sept. 25 - Commune de Modave<\/title>\n<meta name=\"robots\" content=\"index, follow, max-snippet:-1, max-image-preview:large, max-video-preview:-1\" \/>\n<link rel=\"canonical\" href=\"https:\/\/www.modave.be\/index.php\/services_communaux\/semaine-de-la-mobilite-16-au-22-sept-25\/\" \/>\n<meta property=\"og:locale\" content=\"fr_FR\" \/>\n<meta property=\"og:type\" content=\"article\" \/>\n<meta property=\"og:title\" content=\"Semaine de la Mobilit\u00e9 | Du 16 au 22 sept. 25 - Commune de Modave\" \/>\n<meta property=\"og:description\" content=\"Prenez part \u00e0 la semaine de la mobilit\u00e9 ! Relevez le d\u00e9fi des 4.577 km sans voiture ! Une semaine pour relever ensemble le d\u00e9fi de parcourir 4.577 km sans voiture ! Inscrivez vos kilom\u00e8tres sur modave.be et suivez la progression de notre jauge devant l\u2019administration communale ou en ligne. En cl\u00f4ture, retrouvons-nous le dimanche&hellip;\" \/>\n<meta property=\"og:url\" content=\"https:\/\/www.modave.be\/index.php\/services_communaux\/semaine-de-la-mobilite-16-au-22-sept-25\/\" \/>\n<meta property=\"og:site_name\" content=\"Commune de Modave\" \/>\n<meta property=\"article:modified_time\" content=\"2025-09-10T12:47:36+00:00\" \/>\n<meta property=\"og:image\" content=\"https:\/\/www.modave.be\/wp-content\/uploads\/2025\/08\/Archery-Flyer-copie-2-scaled-e1756456839913.jpg\" \/>\n\t<meta property=\"og:image:width\" content=\"2560\" \/>\n\t<meta property=\"og:image:height\" content=\"1280\" \/>\n\t<meta property=\"og:image:type\" content=\"image\/jpeg\" \/>\n<meta name=\"twitter:card\" content=\"summary_large_image\" \/>\n<script type=\"application\/ld+json\" class=\"yoast-schema-graph\">{\"@context\":\"https:\\\/\\\/schema.org\",\"@graph\":[{\"@type\":\"WebPage\",\"@id\":\"https:\\\/\\\/www.modave.be\\\/index.php\\\/services_communaux\\\/semaine-de-la-mobilite-16-au-22-sept-25\\\/\",\"url\":\"https:\\\/\\\/www.modave.be\\\/index.php\\\/services_communaux\\\/semaine-de-la-mobilite-16-au-22-sept-25\\\/\",\"name\":\"Semaine de la Mobilit\u00e9 | Du 16 au 22 sept. 25 - Commune de Modave\",\"isPartOf\":{\"@id\":\"https:\\\/\\\/www.modave.be\\\/#website\"},\"primaryImageOfPage\":{\"@id\":\"https:\\\/\\\/www.modave.be\\\/index.php\\\/services_communaux\\\/semaine-de-la-mobilite-16-au-22-sept-25\\\/#primaryimage\"},\"image\":{\"@id\":\"https:\\\/\\\/www.modave.be\\\/index.php\\\/services_communaux\\\/semaine-de-la-mobilite-16-au-22-sept-25\\\/#primaryimage\"},\"thumbnailUrl\":\"https:\\\/\\\/www.modave.be\\\/wp-content\\\/uploads\\\/2025\\\/08\\\/Archery-Flyer-copie-2-scaled-e1756456839913.jpg\",\"datePublished\":\"2025-09-10T12:47:35+00:00\",\"dateModified\":\"2025-09-10T12:47:36+00:00\",\"breadcrumb\":{\"@id\":\"https:\\\/\\\/www.modave.be\\\/index.php\\\/services_communaux\\\/semaine-de-la-mobilite-16-au-22-sept-25\\\/#breadcrumb\"},\"inLanguage\":\"fr-FR\",\"potentialAction\":[{\"@type\":\"ReadAction\",\"target\":[\"https:\\\/\\\/www.modave.be\\\/index.php\\\/services_communaux\\\/semaine-de-la-mobilite-16-au-22-sept-25\\\/\"]}]},{\"@type\":\"ImageObject\",\"inLanguage\":\"fr-FR\",\"@id\":\"https:\\\/\\\/www.modave.be\\\/index.php\\\/services_communaux\\\/semaine-de-la-mobilite-16-au-22-sept-25\\\/#primaryimage\",\"url\":\"https:\\\/\\\/www.modave.be\\\/wp-content\\\/uploads\\\/2025\\\/08\\\/Archery-Flyer-copie-2-scaled-e1756456839913.jpg\",\"contentUrl\":\"https:\\\/\\\/www.modave.be\\\/wp-content\\\/uploads\\\/2025\\\/08\\\/Archery-Flyer-copie-2-scaled-e1756456839913.jpg\",\"width\":2560,\"height\":1280},{\"@type\":\"BreadcrumbList\",\"@id\":\"https:\\\/\\\/www.modave.be\\\/index.php\\\/services_communaux\\\/semaine-de-la-mobilite-16-au-22-sept-25\\\/#breadcrumb\",\"itemListElement\":[{\"@type\":\"ListItem\",\"position\":1,\"name\":\"Accueil\",\"item\":\"https:\\\/\\\/www.modave.be\\\/\"},{\"@type\":\"ListItem\",\"position\":2,\"name\":\"Semaine de la Mobilit\u00e9 | Du 16 au 22 sept. 25\"}]},{\"@type\":\"WebSite\",\"@id\":\"https:\\\/\\\/www.modave.be\\\/#website\",\"url\":\"https:\\\/\\\/www.modave.be\\\/\",\"name\":\"Commune de Modave\",\"description\":\"Commune de Modave\",\"publisher\":{\"@id\":\"https:\\\/\\\/www.modave.be\\\/#organization\"},\"potentialAction\":[{\"@type\":\"SearchAction\",\"target\":{\"@type\":\"EntryPoint\",\"urlTemplate\":\"https:\\\/\\\/www.modave.be\\\/?s={search_term_string}\"},\"query-input\":{\"@type\":\"PropertyValueSpecification\",\"valueRequired\":true,\"valueName\":\"search_term_string\"}}],\"inLanguage\":\"fr-FR\"},{\"@type\":\"Organization\",\"@id\":\"https:\\\/\\\/www.modave.be\\\/#organization\",\"name\":\"Commune de Modave\",\"url\":\"https:\\\/\\\/www.modave.be\\\/\",\"logo\":{\"@type\":\"ImageObject\",\"inLanguage\":\"fr-FR\",\"@id\":\"https:\\\/\\\/www.modave.be\\\/#\\\/schema\\\/logo\\\/image\\\/\",\"url\":\"https:\\\/\\\/www.modave.be\\\/wp-content\\\/uploads\\\/2021\\\/12\\\/MODAVE_LOGO_HORIZONTAL_QUADRI_RVB.png\",\"contentUrl\":\"https:\\\/\\\/www.modave.be\\\/wp-content\\\/uploads\\\/2021\\\/12\\\/MODAVE_LOGO_HORIZONTAL_QUADRI_RVB.png\",\"width\":1200,\"height\":501,\"caption\":\"Commune de Modave\"},\"image\":{\"@id\":\"https:\\\/\\\/www.modave.be\\\/#\\\/schema\\\/logo\\\/image\\\/\"}}]}<\/script>\n<!-- \/ Yoast SEO plugin. -->","yoast_head_json":{"title":"Semaine de la Mobilit\u00e9 | Du 16 au 22 sept. 25 - Commune de Modave","robots":{"index":"index","follow":"follow","max-snippet":"max-snippet:-1","max-image-preview":"max-image-preview:large","max-video-preview":"max-video-preview:-1"},"canonical":"https:\/\/www.modave.be\/index.php\/services_communaux\/semaine-de-la-mobilite-16-au-22-sept-25\/","og_locale":"fr_FR","og_type":"article","og_title":"Semaine de la Mobilit\u00e9 | Du 16 au 22 sept. 25 - Commune de Modave","og_description":"Prenez part \u00e0 la semaine de la mobilit\u00e9 ! Relevez le d\u00e9fi des 4.577 km sans voiture ! Une semaine pour relever ensemble le d\u00e9fi de parcourir 4.577 km sans voiture ! Inscrivez vos kilom\u00e8tres sur modave.be et suivez la progression de notre jauge devant l\u2019administration communale ou en ligne. En cl\u00f4ture, retrouvons-nous le dimanche&hellip;","og_url":"https:\/\/www.modave.be\/index.php\/services_communaux\/semaine-de-la-mobilite-16-au-22-sept-25\/","og_site_name":"Commune de Modave","article_modified_time":"2025-09-10T12:47:36+00:00","og_image":[{"width":2560,"height":1280,"url":"https:\/\/www.modave.be\/wp-content\/uploads\/2025\/08\/Archery-Flyer-copie-2-scaled-e1756456839913.jpg","type":"image\/jpeg"}],"twitter_card":"summary_large_image","schema":{"@context":"https:\/\/schema.org","@graph":[{"@type":"WebPage","@id":"https:\/\/www.modave.be\/index.php\/services_communaux\/semaine-de-la-mobilite-16-au-22-sept-25\/","url":"https:\/\/www.modave.be\/index.php\/services_communaux\/semaine-de-la-mobilite-16-au-22-sept-25\/","name":"Semaine de la Mobilit\u00e9 | Du 16 au 22 sept. 25 - Commune de Modave","isPartOf":{"@id":"https:\/\/www.modave.be\/#website"},"primaryImageOfPage":{"@id":"https:\/\/www.modave.be\/index.php\/services_communaux\/semaine-de-la-mobilite-16-au-22-sept-25\/#primaryimage"},"image":{"@id":"https:\/\/www.modave.be\/index.php\/services_communaux\/semaine-de-la-mobilite-16-au-22-sept-25\/#primaryimage"},"thumbnailUrl":"https:\/\/www.modave.be\/wp-content\/uploads\/2025\/08\/Archery-Flyer-copie-2-scaled-e1756456839913.jpg","datePublished":"2025-09-10T12:47:35+00:00","dateModified":"2025-09-10T12:47:36+00:00","breadcrumb":{"@id":"https:\/\/www.modave.be\/index.php\/services_communaux\/semaine-de-la-mobilite-16-au-22-sept-25\/#breadcrumb"},"inLanguage":"fr-FR","potentialAction":[{"@type":"ReadAction","target":["https:\/\/www.modave.be\/index.php\/services_communaux\/semaine-de-la-mobilite-16-au-22-sept-25\/"]}]},{"@type":"ImageObject","inLanguage":"fr-FR","@id":"https:\/\/www.modave.be\/index.php\/services_communaux\/semaine-de-la-mobilite-16-au-22-sept-25\/#primaryimage","url":"https:\/\/www.modave.be\/wp-content\/uploads\/2025\/08\/Archery-Flyer-copie-2-scaled-e1756456839913.jpg","contentUrl":"https:\/\/www.modave.be\/wp-content\/uploads\/2025\/08\/Archery-Flyer-copie-2-scaled-e1756456839913.jpg","width":2560,"height":1280},{"@type":"BreadcrumbList","@id":"https:\/\/www.modave.be\/index.php\/services_communaux\/semaine-de-la-mobilite-16-au-22-sept-25\/#breadcrumb","itemListElement":[{"@type":"ListItem","position":1,"name":"Accueil","item":"https:\/\/www.modave.be\/"},{"@type":"ListItem","position":2,"name":"Semaine de la Mobilit\u00e9 | Du 16 au 22 sept. 25"}]},{"@type":"WebSite","@id":"https:\/\/www.modave.be\/#website","url":"https:\/\/www.modave.be\/","name":"Commune de Modave","description":"Commune de Modave","publisher":{"@id":"https:\/\/www.modave.be\/#organization"},"potentialAction":[{"@type":"SearchAction","target":{"@type":"EntryPoint","urlTemplate":"https:\/\/www.modave.be\/?s={search_term_string}"},"query-input":{"@type":"PropertyValueSpecification","valueRequired":true,"valueName":"search_term_string"}}],"inLanguage":"fr-FR"},{"@type":"Organization","@id":"https:\/\/www.modave.be\/#organization","name":"Commune de Modave","url":"https:\/\/www.modave.be\/","logo":{"@type":"ImageObject","inLanguage":"fr-FR","@id":"https:\/\/www.modave.be\/#\/schema\/logo\/image\/","url":"https:\/\/www.modave.be\/wp-content\/uploads\/2021\/12\/MODAVE_LOGO_HORIZONTAL_QUADRI_RVB.png","contentUrl":"https:\/\/www.modave.be\/wp-content\/uploads\/2021\/12\/MODAVE_LOGO_HORIZONTAL_QUADRI_RVB.png","width":1200,"height":501,"caption":"Commune de Modave"},"image":{"@id":"https:\/\/www.modave.be\/#\/schema\/logo\/image\/"}}]}},"_links":{"self":[{"href":"https:\/\/www.modave.be\/index.php\/wp-json\/wp\/v2\/services_communaux\/16282","targetHints":{"allow":["GET"]}}],"collection":[{"href":"https:\/\/www.modave.be\/index.php\/wp-json\/wp\/v2\/services_communaux"}],"about":[{"href":"https:\/\/www.modave.be\/index.php\/wp-json\/wp\/v2\/types\/services_communaux"}],"author":[{"embeddable":true,"href":"https:\/\/www.modave.be\/index.php\/wp-json\/wp\/v2\/users\/9"}],"wp:featuredmedia":[{"embeddable":true,"href":"https:\/\/www.modave.be\/index.php\/wp-json\/wp\/v2\/media\/16321"}],"wp:attachment":[{"href":"https:\/\/www.modave.be\/index.php\/wp-json\/wp\/v2\/media?parent=16282"}],"wp:term":[{"taxonomy":"category","embeddable":true,"href":"https:\/\/www.modave.be\/index.php\/wp-json\/wp\/v2\/categories?post=16282"}],"curies":[{"name":"wp","href":"https:\/\/api.w.org\/{rel}","templated":true}]}}

Semaine de la Mobilité | Du 16 au 22 sept. 25

<h2 class="wp-block-heading">Prenez part à la semaine de la mobilité ! Relevez le défi des 4.577 km sans voiture !</h2>



<div style="height:24px" aria-hidden="true" class="wp-block-spacer"></div>



<p class="has-medium-font-size">Une semaine pour relever ensemble le <strong>défi de parcourir 4.577 km sans voiture</strong> ! Inscrivez vos kilomètres sur modave.be et suivez la progression de notre jauge devant l’administration communale ou en ligne. En clôture, retrouvons-nous le dimanche 21 septembre à 14h au départ du Château de Modave pour une marche vers le Rocher du Vieux Château, à Pont-de-Bonne. PAF : Gratuit (verre de l’amitié compris).</p>



<p class="has-medium-font-size">Déclarez vos kilomètres : 085/41.02.20 ext. 9 – francois.dombret@modave.be</p>



<iframe width="600" height="443" src="https://lookerstudio.google.com/embed/reporting/fdfcc21f-ad63-4d22-93d1-0a29302be81d/page/wPFWF" frameborder="0" style="border:0" allowfullscreen sandbox="allow-storage-access-by-user-activation allow-scripts allow-same-origin allow-popups allow-popups-to-escape-sandbox"></iframe>



<iframe src="https://docs.google.com/forms/d/e/1FAIpQLSfR7ClW-U010kwN_MMBmYKoELhaMil7xRtToSrfaf9eLDraBw/viewform?embedded=true" width="640" height="1064" frameborder="0" marginheight="0" marginwidth="0">Chargement…</iframe>



<p></p>

<p>Prenez part à la semaine de la mobilité ! Relevez le défi des 4.577 km sans voiture ! Une semaine pour relever ensemble le défi de parcourir 4.577 km sans voiture ! Inscrivez vos kilomètres sur modave.be et suivez la progression de notre jauge devant l’administration communale ou en ligne. En clôture, retrouvons-nous le dimanche&hellip;</p>

<!-- This site is optimized with the Yoast SEO plugin v27.5 - https://yoast.com/product/yoast-seo-wordpress/ -->
<title>Semaine de la Mobilité | Du 16 au 22 sept. 25 - Commune de Modave</title>
<meta name="robots" content="index, follow, max-snippet:-1, max-image-preview:large, max-video-preview:-1" />
<link rel="canonical" href="https://www.modave.be/index.php/services_communaux/semaine-de-la-mobilite-16-au-22-sept-25/" />
<meta property="og:locale" content="fr_FR" />
<meta property="og:type" content="article" />
<meta property="og:title" content="Semaine de la Mobilité | Du 16 au 22 sept. 25 - Commune de Modave" />
<meta property="og:description" content="Prenez part à la semaine de la mobilité ! Relevez le défi des 4.577 km sans voiture ! Une semaine pour relever ensemble le défi de parcourir 4.577 km sans voiture ! Inscrivez vos kilomètres sur modave.be et suivez la progression de notre jauge devant l’administration communale ou en ligne. En clôture, retrouvons-nous le dimanche&hellip;" />
<meta property="og:url" content="https://www.modave.be/index.php/services_communaux/semaine-de-la-mobilite-16-au-22-sept-25/" />
<meta property="og:site_name" content="Commune de Modave" />
<meta property="article:modified_time" content="2025-09-10T12:47:36+00:00" />
<meta property="og:image" content="https://www.modave.be/wp-content/uploads/2025/08/Archery-Flyer-copie-2-scaled-e1756456839913.jpg" />
	<meta property="og:image:width" content="2560" />
	<meta property="og:image:height" content="1280" />
	<meta property="og:image:type" content="image/jpeg" />
<meta name="twitter:card" content="summary_large_image" />
<script type="application/ld+json" class="yoast-schema-graph">{"@context":"https:\/\/schema.org","@graph":[{"@type":"WebPage","@id":"https:\/\/www.modave.be\/index.php\/services_communaux\/semaine-de-la-mobilite-16-au-22-sept-25\/","url":"https:\/\/www.modave.be\/index.php\/services_communaux\/semaine-de-la-mobilite-16-au-22-sept-25\/","name":"Semaine de la Mobilité | Du 16 au 22 sept. 25 - Commune de Modave","isPartOf":{"@id":"https:\/\/www.modave.be\/#website"},"primaryImageOfPage":{"@id":"https:\/\/www.modave.be\/index.php\/services_communaux\/semaine-de-la-mobilite-16-au-22-sept-25\/#primaryimage"},"image":{"@id":"https:\/\/www.modave.be\/index.php\/services_communaux\/semaine-de-la-mobilite-16-au-22-sept-25\/#primaryimage"},"thumbnailUrl":"https:\/\/www.modave.be\/wp-content\/uploads\/2025\/08\/Archery-Flyer-copie-2-scaled-e1756456839913.jpg","datePublished":"2025-09-10T12:47:35+00:00","dateModified":"2025-09-10T12:47:36+00:00","breadcrumb":{"@id":"https:\/\/www.modave.be\/index.php\/services_communaux\/semaine-de-la-mobilite-16-au-22-sept-25\/#breadcrumb"},"inLanguage":"fr-FR","potentialAction":[{"@type":"ReadAction","target":["https:\/\/www.modave.be\/index.php\/services_communaux\/semaine-de-la-mobilite-16-au-22-sept-25\/"]}]},{"@type":"ImageObject","inLanguage":"fr-FR","@id":"https:\/\/www.modave.be\/index.php\/services_communaux\/semaine-de-la-mobilite-16-au-22-sept-25\/#primaryimage","url":"https:\/\/www.modave.be\/wp-content\/uploads\/2025\/08\/Archery-Flyer-copie-2-scaled-e1756456839913.jpg","contentUrl":"https:\/\/www.modave.be\/wp-content\/uploads\/2025\/08\/Archery-Flyer-copie-2-scaled-e1756456839913.jpg","width":2560,"height":1280},{"@type":"BreadcrumbList","@id":"https:\/\/www.modave.be\/index.php\/services_communaux\/semaine-de-la-mobilite-16-au-22-sept-25\/#breadcrumb","itemListElement":[{"@type":"ListItem","position":1,"name":"Accueil","item":"https:\/\/www.modave.be\/"},{"@type":"ListItem","position":2,"name":"Semaine de la Mobilité | Du 16 au 22 sept. 25"}]},{"@type":"WebSite","@id":"https:\/\/www.modave.be\/#website","url":"https:\/\/www.modave.be\/","name":"Commune de Modave","description":"Commune de Modave","publisher":{"@id":"https:\/\/www.modave.be\/#organization"},"potentialAction":[{"@type":"SearchAction","target":{"@type":"EntryPoint","urlTemplate":"https:\/\/www.modave.be\/?s={search_term_string}"},"query-input":{"@type":"PropertyValueSpecification","valueRequired":true,"valueName":"search_term_string"}}],"inLanguage":"fr-FR"},{"@type":"Organization","@id":"https:\/\/www.modave.be\/#organization","name":"Commune de Modave","url":"https:\/\/www.modave.be\/","logo":{"@type":"ImageObject","inLanguage":"fr-FR","@id":"https:\/\/www.modave.be\/#\/schema\/logo\/image\/","url":"https:\/\/www.modave.be\/wp-content\/uploads\/2021\/12\/MODAVE_LOGO_HORIZONTAL_QUADRI_RVB.png","contentUrl":"https:\/\/www.modave.be\/wp-content\/uploads\/2021\/12\/MODAVE_LOGO_HORIZONTAL_QUADRI_RVB.png","width":1200,"height":501,"caption":"Commune de Modave"},"image":{"@id":"https:\/\/www.modave.be\/#\/schema\/logo\/image\/"}}]}</script>
<!-- / Yoast SEO plugin. -->

Semaine de la Mobilité | Du 16 au 22 sept. 25 - Commune de Modave

Prenez part à la semaine de la mobilité ! Relevez le défi des 4.577 km sans voiture ! Une semaine pour relever ensemble le défi de parcourir 4.577 km sans voiture ! Inscrivez vos kilomètres sur modave.be et suivez la progression de notre jauge devant l’administration communale ou en ligne. En clôture, retrouvons-nous le dimanche&hellip;
