{"id":16286,"date":"2025-08-26T11:46:51","date_gmt":"2025-08-26T09:46:51","guid":{"rendered":"https:\/\/www.modave.be\/?post_type=services_communaux&#038;p=16286"},"modified":"2025-08-26T11:46:52","modified_gmt":"2025-08-26T09:46:52","slug":"permis-denvironnement-affichage-de-decision-construction-et-exploitation-3-eoliennes","status":"publish","type":"services_communaux","link":"https:\/\/www.modave.be\/index.php\/services_communaux\/permis-denvironnement-affichage-de-decision-construction-et-exploitation-3-eoliennes\/","title":{"rendered":"Permis d&rsquo;environnement | Affichage de d\u00e9cision | Construction et exploitation 3 \u00e9oliennes"},"content":{"rendered":"\n<p><\/p>\n\n\n\n<div data-wp-interactive=\"core\/file\" class=\"wp-block-file\"><object data-wp-bind--hidden=\"!state.hasPdfPreview\" hidden class=\"wp-block-file__embed\" data=\"https:\/\/www.modave.be\/wp-content\/uploads\/2025\/08\/affichage-decision.pdf\" type=\"application\/pdf\" style=\"width:100%;height:600px\" aria-label=\"Contenu embarqu\u00e9 affichage d\u00e9cision.\"><\/object><a id=\"wp-block-file--media-8f83322c-ebed-4638-8cb7-9c1ad5cb1613\" href=\"https:\/\/www.modave.be\/wp-content\/uploads\/2025\/08\/affichage-decision.pdf\">affichage d\u00e9cision<\/a><a href=\"https:\/\/www.modave.be\/wp-content\/uploads\/2025\/08\/affichage-decision.pdf\" class=\"wp-block-file__button wp-element-button\" download aria-describedby=\"wp-block-file--media-8f83322c-ebed-4638-8cb7-9c1ad5cb1613\">T\u00e9l\u00e9charger<\/a><\/div>\n","protected":false},"excerpt":{"rendered":"<p>affichage d\u00e9cisionT\u00e9l\u00e9charger<\/p>\n","protected":false},"author":9,"featured_media":12690,"menu_order":0,"template":"","categories":[199],"class_list":["post-16286","services_communaux","type-services_communaux","status-publish","has-post-thumbnail","hentry","category-environnement","description-off"],"yoast_head":"<!-- This site is optimized with the Yoast SEO plugin v27.4 - https:\/\/yoast.com\/product\/yoast-seo-wordpress\/ -->\n<title>Permis d&#039;environnement | Affichage de d\u00e9cision | Construction et exploitation 3 \u00e9oliennes - Commune de Modave<\/title>\n<meta name=\"robots\" content=\"index, follow, max-snippet:-1, max-image-preview:large, max-video-preview:-1\" \/>\n<link rel=\"canonical\" href=\"https:\/\/www.modave.be\/index.php\/services_communaux\/permis-denvironnement-affichage-de-decision-construction-et-exploitation-3-eoliennes\/\" \/>\n<meta property=\"og:locale\" content=\"fr_FR\" \/>\n<meta property=\"og:type\" content=\"article\" \/>\n<meta property=\"og:title\" content=\"Permis d&#039;environnement | Affichage de d\u00e9cision | Construction et exploitation 3 \u00e9oliennes - Commune de Modave\" \/>\n<meta property=\"og:url\" content=\"https:\/\/www.modave.be\/index.php\/services_communaux\/permis-denvironnement-affichage-de-decision-construction-et-exploitation-3-eoliennes\/\" \/>\n<meta property=\"og:site_name\" content=\"Commune de Modave\" \/>\n<meta property=\"article:modified_time\" content=\"2025-08-26T09:46:52+00:00\" \/>\n<meta property=\"og:image\" content=\"https:\/\/www.modave.be\/wp-content\/uploads\/2023\/10\/336801641_1380733759359138_8076463031829726079_n-e1727086603607.jpg\" \/>\n\t<meta property=\"og:image:width\" content=\"800\" \/>\n\t<meta property=\"og:image:height\" content=\"400\" \/>\n\t<meta property=\"og:image:type\" content=\"image\/jpeg\" \/>\n<meta name=\"twitter:card\" content=\"summary_large_image\" \/>\n<script type=\"application\/ld+json\" class=\"yoast-schema-graph\">{\"@context\":\"https:\\\/\\\/schema.org\",\"@graph\":[{\"@type\":\"WebPage\",\"@id\":\"https:\\\/\\\/www.modave.be\\\/index.php\\\/services_communaux\\\/permis-denvironnement-affichage-de-decision-construction-et-exploitation-3-eoliennes\\\/\",\"url\":\"https:\\\/\\\/www.modave.be\\\/index.php\\\/services_communaux\\\/permis-denvironnement-affichage-de-decision-construction-et-exploitation-3-eoliennes\\\/\",\"name\":\"Permis d'environnement | Affichage de d\u00e9cision | Construction et exploitation 3 \u00e9oliennes - Commune de Modave\",\"isPartOf\":{\"@id\":\"https:\\\/\\\/www.modave.be\\\/#website\"},\"primaryImageOfPage\":{\"@id\":\"https:\\\/\\\/www.modave.be\\\/index.php\\\/services_communaux\\\/permis-denvironnement-affichage-de-decision-construction-et-exploitation-3-eoliennes\\\/#primaryimage\"},\"image\":{\"@id\":\"https:\\\/\\\/www.modave.be\\\/index.php\\\/services_communaux\\\/permis-denvironnement-affichage-de-decision-construction-et-exploitation-3-eoliennes\\\/#primaryimage\"},\"thumbnailUrl\":\"https:\\\/\\\/www.modave.be\\\/wp-content\\\/uploads\\\/2023\\\/10\\\/336801641_1380733759359138_8076463031829726079_n-e1727086603607.jpg\",\"datePublished\":\"2025-08-26T09:46:51+00:00\",\"dateModified\":\"2025-08-26T09:46:52+00:00\",\"breadcrumb\":{\"@id\":\"https:\\\/\\\/www.modave.be\\\/index.php\\\/services_communaux\\\/permis-denvironnement-affichage-de-decision-construction-et-exploitation-3-eoliennes\\\/#breadcrumb\"},\"inLanguage\":\"fr-FR\",\"potentialAction\":[{\"@type\":\"ReadAction\",\"target\":[\"https:\\\/\\\/www.modave.be\\\/index.php\\\/services_communaux\\\/permis-denvironnement-affichage-de-decision-construction-et-exploitation-3-eoliennes\\\/\"]}]},{\"@type\":\"ImageObject\",\"inLanguage\":\"fr-FR\",\"@id\":\"https:\\\/\\\/www.modave.be\\\/index.php\\\/services_communaux\\\/permis-denvironnement-affichage-de-decision-construction-et-exploitation-3-eoliennes\\\/#primaryimage\",\"url\":\"https:\\\/\\\/www.modave.be\\\/wp-content\\\/uploads\\\/2023\\\/10\\\/336801641_1380733759359138_8076463031829726079_n-e1727086603607.jpg\",\"contentUrl\":\"https:\\\/\\\/www.modave.be\\\/wp-content\\\/uploads\\\/2023\\\/10\\\/336801641_1380733759359138_8076463031829726079_n-e1727086603607.jpg\",\"width\":800,\"height\":400},{\"@type\":\"BreadcrumbList\",\"@id\":\"https:\\\/\\\/www.modave.be\\\/index.php\\\/services_communaux\\\/permis-denvironnement-affichage-de-decision-construction-et-exploitation-3-eoliennes\\\/#breadcrumb\",\"itemListElement\":[{\"@type\":\"ListItem\",\"position\":1,\"name\":\"Accueil\",\"item\":\"https:\\\/\\\/www.modave.be\\\/\"},{\"@type\":\"ListItem\",\"position\":2,\"name\":\"Permis d&rsquo;environnement | Affichage de d\u00e9cision | Construction et exploitation 3 \u00e9oliennes\"}]},{\"@type\":\"WebSite\",\"@id\":\"https:\\\/\\\/www.modave.be\\\/#website\",\"url\":\"https:\\\/\\\/www.modave.be\\\/\",\"name\":\"Commune de Modave\",\"description\":\"Commune de Modave\",\"publisher\":{\"@id\":\"https:\\\/\\\/www.modave.be\\\/#organization\"},\"potentialAction\":[{\"@type\":\"SearchAction\",\"target\":{\"@type\":\"EntryPoint\",\"urlTemplate\":\"https:\\\/\\\/www.modave.be\\\/?s={search_term_string}\"},\"query-input\":{\"@type\":\"PropertyValueSpecification\",\"valueRequired\":true,\"valueName\":\"search_term_string\"}}],\"inLanguage\":\"fr-FR\"},{\"@type\":\"Organization\",\"@id\":\"https:\\\/\\\/www.modave.be\\\/#organization\",\"name\":\"Commune de Modave\",\"url\":\"https:\\\/\\\/www.modave.be\\\/\",\"logo\":{\"@type\":\"ImageObject\",\"inLanguage\":\"fr-FR\",\"@id\":\"https:\\\/\\\/www.modave.be\\\/#\\\/schema\\\/logo\\\/image\\\/\",\"url\":\"https:\\\/\\\/www.modave.be\\\/wp-content\\\/uploads\\\/2021\\\/12\\\/MODAVE_LOGO_HORIZONTAL_QUADRI_RVB.png\",\"contentUrl\":\"https:\\\/\\\/www.modave.be\\\/wp-content\\\/uploads\\\/2021\\\/12\\\/MODAVE_LOGO_HORIZONTAL_QUADRI_RVB.png\",\"width\":1200,\"height\":501,\"caption\":\"Commune de Modave\"},\"image\":{\"@id\":\"https:\\\/\\\/www.modave.be\\\/#\\\/schema\\\/logo\\\/image\\\/\"}}]}<\/script>\n<!-- \/ Yoast SEO plugin. -->","yoast_head_json":{"title":"Permis d'environnement | Affichage de d\u00e9cision | Construction et exploitation 3 \u00e9oliennes - Commune de Modave","robots":{"index":"index","follow":"follow","max-snippet":"max-snippet:-1","max-image-preview":"max-image-preview:large","max-video-preview":"max-video-preview:-1"},"canonical":"https:\/\/www.modave.be\/index.php\/services_communaux\/permis-denvironnement-affichage-de-decision-construction-et-exploitation-3-eoliennes\/","og_locale":"fr_FR","og_type":"article","og_title":"Permis d'environnement | Affichage de d\u00e9cision | Construction et exploitation 3 \u00e9oliennes - Commune de Modave","og_url":"https:\/\/www.modave.be\/index.php\/services_communaux\/permis-denvironnement-affichage-de-decision-construction-et-exploitation-3-eoliennes\/","og_site_name":"Commune de Modave","article_modified_time":"2025-08-26T09:46:52+00:00","og_image":[{"width":800,"height":400,"url":"https:\/\/www.modave.be\/wp-content\/uploads\/2023\/10\/336801641_1380733759359138_8076463031829726079_n-e1727086603607.jpg","type":"image\/jpeg"}],"twitter_card":"summary_large_image","schema":{"@context":"https:\/\/schema.org","@graph":[{"@type":"WebPage","@id":"https:\/\/www.modave.be\/index.php\/services_communaux\/permis-denvironnement-affichage-de-decision-construction-et-exploitation-3-eoliennes\/","url":"https:\/\/www.modave.be\/index.php\/services_communaux\/permis-denvironnement-affichage-de-decision-construction-et-exploitation-3-eoliennes\/","name":"Permis d'environnement | Affichage de d\u00e9cision | Construction et exploitation 3 \u00e9oliennes - Commune de Modave","isPartOf":{"@id":"https:\/\/www.modave.be\/#website"},"primaryImageOfPage":{"@id":"https:\/\/www.modave.be\/index.php\/services_communaux\/permis-denvironnement-affichage-de-decision-construction-et-exploitation-3-eoliennes\/#primaryimage"},"image":{"@id":"https:\/\/www.modave.be\/index.php\/services_communaux\/permis-denvironnement-affichage-de-decision-construction-et-exploitation-3-eoliennes\/#primaryimage"},"thumbnailUrl":"https:\/\/www.modave.be\/wp-content\/uploads\/2023\/10\/336801641_1380733759359138_8076463031829726079_n-e1727086603607.jpg","datePublished":"2025-08-26T09:46:51+00:00","dateModified":"2025-08-26T09:46:52+00:00","breadcrumb":{"@id":"https:\/\/www.modave.be\/index.php\/services_communaux\/permis-denvironnement-affichage-de-decision-construction-et-exploitation-3-eoliennes\/#breadcrumb"},"inLanguage":"fr-FR","potentialAction":[{"@type":"ReadAction","target":["https:\/\/www.modave.be\/index.php\/services_communaux\/permis-denvironnement-affichage-de-decision-construction-et-exploitation-3-eoliennes\/"]}]},{"@type":"ImageObject","inLanguage":"fr-FR","@id":"https:\/\/www.modave.be\/index.php\/services_communaux\/permis-denvironnement-affichage-de-decision-construction-et-exploitation-3-eoliennes\/#primaryimage","url":"https:\/\/www.modave.be\/wp-content\/uploads\/2023\/10\/336801641_1380733759359138_8076463031829726079_n-e1727086603607.jpg","contentUrl":"https:\/\/www.modave.be\/wp-content\/uploads\/2023\/10\/336801641_1380733759359138_8076463031829726079_n-e1727086603607.jpg","width":800,"height":400},{"@type":"BreadcrumbList","@id":"https:\/\/www.modave.be\/index.php\/services_communaux\/permis-denvironnement-affichage-de-decision-construction-et-exploitation-3-eoliennes\/#breadcrumb","itemListElement":[{"@type":"ListItem","position":1,"name":"Accueil","item":"https:\/\/www.modave.be\/"},{"@type":"ListItem","position":2,"name":"Permis d&rsquo;environnement | Affichage de d\u00e9cision | Construction et exploitation 3 \u00e9oliennes"}]},{"@type":"WebSite","@id":"https:\/\/www.modave.be\/#website","url":"https:\/\/www.modave.be\/","name":"Commune de Modave","description":"Commune de Modave","publisher":{"@id":"https:\/\/www.modave.be\/#organization"},"potentialAction":[{"@type":"SearchAction","target":{"@type":"EntryPoint","urlTemplate":"https:\/\/www.modave.be\/?s={search_term_string}"},"query-input":{"@type":"PropertyValueSpecification","valueRequired":true,"valueName":"search_term_string"}}],"inLanguage":"fr-FR"},{"@type":"Organization","@id":"https:\/\/www.modave.be\/#organization","name":"Commune de Modave","url":"https:\/\/www.modave.be\/","logo":{"@type":"ImageObject","inLanguage":"fr-FR","@id":"https:\/\/www.modave.be\/#\/schema\/logo\/image\/","url":"https:\/\/www.modave.be\/wp-content\/uploads\/2021\/12\/MODAVE_LOGO_HORIZONTAL_QUADRI_RVB.png","contentUrl":"https:\/\/www.modave.be\/wp-content\/uploads\/2021\/12\/MODAVE_LOGO_HORIZONTAL_QUADRI_RVB.png","width":1200,"height":501,"caption":"Commune de Modave"},"image":{"@id":"https:\/\/www.modave.be\/#\/schema\/logo\/image\/"}}]}},"_links":{"self":[{"href":"https:\/\/www.modave.be\/index.php\/wp-json\/wp\/v2\/services_communaux\/16286","targetHints":{"allow":["GET"]}}],"collection":[{"href":"https:\/\/www.modave.be\/index.php\/wp-json\/wp\/v2\/services_communaux"}],"about":[{"href":"https:\/\/www.modave.be\/index.php\/wp-json\/wp\/v2\/types\/services_communaux"}],"author":[{"embeddable":true,"href":"https:\/\/www.modave.be\/index.php\/wp-json\/wp\/v2\/users\/9"}],"wp:featuredmedia":[{"embeddable":true,"href":"https:\/\/www.modave.be\/index.php\/wp-json\/wp\/v2\/media\/12690"}],"wp:attachment":[{"href":"https:\/\/www.modave.be\/index.php\/wp-json\/wp\/v2\/media?parent=16286"}],"wp:term":[{"taxonomy":"category","embeddable":true,"href":"https:\/\/www.modave.be\/index.php\/wp-json\/wp\/v2\/categories?post=16286"}],"curies":[{"name":"wp","href":"https:\/\/api.w.org\/{rel}","templated":true}]}}

Permis d&rsquo;environnement | Affichage de décision | Construction et exploitation 3 éoliennes

<p></p>



<div data-wp-interactive="core/file" class="wp-block-file"><object data-wp-bind--hidden="!state.hasPdfPreview" hidden class="wp-block-file__embed" data="https://www.modave.be/wp-content/uploads/2025/08/affichage-decision.pdf" type="application/pdf" style="width:100%;height:600px" aria-label="Contenu embarqué affichage décision."></object><a id="wp-block-file--media-8f83322c-ebed-4638-8cb7-9c1ad5cb1613" href="https://www.modave.be/wp-content/uploads/2025/08/affichage-decision.pdf">affichage décision</a><a href="https://www.modave.be/wp-content/uploads/2025/08/affichage-decision.pdf" class="wp-block-file__button wp-element-button" download aria-describedby="wp-block-file--media-8f83322c-ebed-4638-8cb7-9c1ad5cb1613">Télécharger</a></div>

<p>affichage décisionTélécharger</p>

<!-- This site is optimized with the Yoast SEO plugin v27.4 - https://yoast.com/product/yoast-seo-wordpress/ -->
<title>Permis d&#039;environnement | Affichage de décision | Construction et exploitation 3 éoliennes - Commune de Modave</title>
<meta name="robots" content="index, follow, max-snippet:-1, max-image-preview:large, max-video-preview:-1" />
<link rel="canonical" href="https://www.modave.be/index.php/services_communaux/permis-denvironnement-affichage-de-decision-construction-et-exploitation-3-eoliennes/" />
<meta property="og:locale" content="fr_FR" />
<meta property="og:type" content="article" />
<meta property="og:title" content="Permis d&#039;environnement | Affichage de décision | Construction et exploitation 3 éoliennes - Commune de Modave" />
<meta property="og:url" content="https://www.modave.be/index.php/services_communaux/permis-denvironnement-affichage-de-decision-construction-et-exploitation-3-eoliennes/" />
<meta property="og:site_name" content="Commune de Modave" />
<meta property="article:modified_time" content="2025-08-26T09:46:52+00:00" />
<meta property="og:image" content="https://www.modave.be/wp-content/uploads/2023/10/336801641_1380733759359138_8076463031829726079_n-e1727086603607.jpg" />
	<meta property="og:image:width" content="800" />
	<meta property="og:image:height" content="400" />
	<meta property="og:image:type" content="image/jpeg" />
<meta name="twitter:card" content="summary_large_image" />
<script type="application/ld+json" class="yoast-schema-graph">{"@context":"https:\/\/schema.org","@graph":[{"@type":"WebPage","@id":"https:\/\/www.modave.be\/index.php\/services_communaux\/permis-denvironnement-affichage-de-decision-construction-et-exploitation-3-eoliennes\/","url":"https:\/\/www.modave.be\/index.php\/services_communaux\/permis-denvironnement-affichage-de-decision-construction-et-exploitation-3-eoliennes\/","name":"Permis d'environnement | Affichage de décision | Construction et exploitation 3 éoliennes - Commune de Modave","isPartOf":{"@id":"https:\/\/www.modave.be\/#website"},"primaryImageOfPage":{"@id":"https:\/\/www.modave.be\/index.php\/services_communaux\/permis-denvironnement-affichage-de-decision-construction-et-exploitation-3-eoliennes\/#primaryimage"},"image":{"@id":"https:\/\/www.modave.be\/index.php\/services_communaux\/permis-denvironnement-affichage-de-decision-construction-et-exploitation-3-eoliennes\/#primaryimage"},"thumbnailUrl":"https:\/\/www.modave.be\/wp-content\/uploads\/2023\/10\/336801641_1380733759359138_8076463031829726079_n-e1727086603607.jpg","datePublished":"2025-08-26T09:46:51+00:00","dateModified":"2025-08-26T09:46:52+00:00","breadcrumb":{"@id":"https:\/\/www.modave.be\/index.php\/services_communaux\/permis-denvironnement-affichage-de-decision-construction-et-exploitation-3-eoliennes\/#breadcrumb"},"inLanguage":"fr-FR","potentialAction":[{"@type":"ReadAction","target":["https:\/\/www.modave.be\/index.php\/services_communaux\/permis-denvironnement-affichage-de-decision-construction-et-exploitation-3-eoliennes\/"]}]},{"@type":"ImageObject","inLanguage":"fr-FR","@id":"https:\/\/www.modave.be\/index.php\/services_communaux\/permis-denvironnement-affichage-de-decision-construction-et-exploitation-3-eoliennes\/#primaryimage","url":"https:\/\/www.modave.be\/wp-content\/uploads\/2023\/10\/336801641_1380733759359138_8076463031829726079_n-e1727086603607.jpg","contentUrl":"https:\/\/www.modave.be\/wp-content\/uploads\/2023\/10\/336801641_1380733759359138_8076463031829726079_n-e1727086603607.jpg","width":800,"height":400},{"@type":"BreadcrumbList","@id":"https:\/\/www.modave.be\/index.php\/services_communaux\/permis-denvironnement-affichage-de-decision-construction-et-exploitation-3-eoliennes\/#breadcrumb","itemListElement":[{"@type":"ListItem","position":1,"name":"Accueil","item":"https:\/\/www.modave.be\/"},{"@type":"ListItem","position":2,"name":"Permis d&rsquo;environnement | Affichage de décision | Construction et exploitation 3 éoliennes"}]},{"@type":"WebSite","@id":"https:\/\/www.modave.be\/#website","url":"https:\/\/www.modave.be\/","name":"Commune de Modave","description":"Commune de Modave","publisher":{"@id":"https:\/\/www.modave.be\/#organization"},"potentialAction":[{"@type":"SearchAction","target":{"@type":"EntryPoint","urlTemplate":"https:\/\/www.modave.be\/?s={search_term_string}"},"query-input":{"@type":"PropertyValueSpecification","valueRequired":true,"valueName":"search_term_string"}}],"inLanguage":"fr-FR"},{"@type":"Organization","@id":"https:\/\/www.modave.be\/#organization","name":"Commune de Modave","url":"https:\/\/www.modave.be\/","logo":{"@type":"ImageObject","inLanguage":"fr-FR","@id":"https:\/\/www.modave.be\/#\/schema\/logo\/image\/","url":"https:\/\/www.modave.be\/wp-content\/uploads\/2021\/12\/MODAVE_LOGO_HORIZONTAL_QUADRI_RVB.png","contentUrl":"https:\/\/www.modave.be\/wp-content\/uploads\/2021\/12\/MODAVE_LOGO_HORIZONTAL_QUADRI_RVB.png","width":1200,"height":501,"caption":"Commune de Modave"},"image":{"@id":"https:\/\/www.modave.be\/#\/schema\/logo\/image\/"}}]}</script>
<!-- / Yoast SEO plugin. -->

Permis d'environnement | Affichage de décision | Construction et exploitation 3 éoliennes - Commune de Modave
