{"id":16769,"date":"2025-10-13T15:36:22","date_gmt":"2025-10-13T13:36:22","guid":{"rendered":"https:\/\/www.modave.be\/?post_type=services_communaux&#038;p=16769"},"modified":"2025-10-13T15:36:23","modified_gmt":"2025-10-13T13:36:23","slug":"services-population-urbanisme-fermeture-exceptionnelle","status":"publish","type":"services_communaux","link":"https:\/\/www.modave.be\/index.php\/services_communaux\/services-population-urbanisme-fermeture-exceptionnelle\/","title":{"rendered":"Services Population &amp; Urbanisme | Fermeture exceptionnelle"},"content":{"rendered":"\n<h2 class=\"wp-block-heading\"><strong>Services Population &amp; Urbanisme | Fermeture exceptionnelle<\/strong><\/h2>\n\n\n\n<p>Les services Population et Urbanisme seront ferm\u00e9s ce <strong>mardi 14 octobre 2025<\/strong>. Merci pour votre compr\u00e9hension. Ils rouvriront d\u00e8s le lendemain pour vous accompagner dans vos d\u00e9marches.<\/p>\n\n\n\n<p>Merci pour votre compr\u00e9hension.<\/p>\n\n\n\n<figure class=\"wp-block-image size-large\"><img fetchpriority=\"high\" decoding=\"async\" width=\"1024\" height=\"1024\" src=\"https:\/\/www.modave.be\/wp-content\/uploads\/2025\/10\/Greve-2-1024x1024.jpg\" alt=\"\" class=\"wp-image-16770\" srcset=\"https:\/\/www.modave.be\/wp-content\/uploads\/2025\/10\/Greve-2-1024x1024.jpg 1024w, https:\/\/www.modave.be\/wp-content\/uploads\/2025\/10\/Greve-2-300x300.jpg 300w, https:\/\/www.modave.be\/wp-content\/uploads\/2025\/10\/Greve-2-150x150.jpg 150w, https:\/\/www.modave.be\/wp-content\/uploads\/2025\/10\/Greve-2-768x768.jpg 768w, https:\/\/www.modave.be\/wp-content\/uploads\/2025\/10\/Greve-2.jpg 1080w\" sizes=\"(max-width: 1024px) 100vw, 1024px\" \/><\/figure>\n","protected":false},"excerpt":{"rendered":"<p>Services Population &amp; Urbanisme | Fermeture exceptionnelle Les services Population et Urbanisme seront ferm\u00e9s ce mardi 14 octobre 2025. Merci pour votre compr\u00e9hension. Ils rouvriront d\u00e8s le lendemain pour vous accompagner dans vos d\u00e9marches. Merci pour votre compr\u00e9hension.<\/p>\n","protected":false},"author":9,"featured_media":16125,"menu_order":0,"template":"","categories":[205],"class_list":["post-16769","services_communaux","type-services_communaux","status-publish","has-post-thumbnail","hentry","category-population","description-off"],"yoast_head":"<!-- This site is optimized with the Yoast SEO plugin v27.4 - https:\/\/yoast.com\/product\/yoast-seo-wordpress\/ -->\n<title>Services Population &amp; Urbanisme | Fermeture exceptionnelle - Commune de Modave<\/title>\n<meta name=\"robots\" content=\"index, follow, max-snippet:-1, max-image-preview:large, max-video-preview:-1\" \/>\n<link rel=\"canonical\" href=\"https:\/\/www.modave.be\/index.php\/services_communaux\/services-population-urbanisme-fermeture-exceptionnelle\/\" \/>\n<meta property=\"og:locale\" content=\"fr_FR\" \/>\n<meta property=\"og:type\" content=\"article\" \/>\n<meta property=\"og:title\" content=\"Services Population &amp; Urbanisme | Fermeture exceptionnelle - Commune de Modave\" \/>\n<meta property=\"og:description\" content=\"Services Population &amp; Urbanisme | Fermeture exceptionnelle Les services Population et Urbanisme seront ferm\u00e9s ce mardi 14 octobre 2025. Merci pour votre compr\u00e9hension. Ils rouvriront d\u00e8s le lendemain pour vous accompagner dans vos d\u00e9marches. Merci pour votre compr\u00e9hension.\" \/>\n<meta property=\"og:url\" content=\"https:\/\/www.modave.be\/index.php\/services_communaux\/services-population-urbanisme-fermeture-exceptionnelle\/\" \/>\n<meta property=\"og:site_name\" content=\"Commune de Modave\" \/>\n<meta property=\"article:modified_time\" content=\"2025-10-13T13:36:23+00:00\" \/>\n<meta property=\"og:image\" content=\"https:\/\/www.modave.be\/wp-content\/uploads\/2025\/07\/Commune-15-scaled-e1752734296719.jpg\" \/>\n\t<meta property=\"og:image:width\" content=\"2560\" \/>\n\t<meta property=\"og:image:height\" content=\"1280\" \/>\n\t<meta property=\"og:image:type\" content=\"image\/jpeg\" \/>\n<meta name=\"twitter:card\" content=\"summary_large_image\" \/>\n<script type=\"application\/ld+json\" class=\"yoast-schema-graph\">{\"@context\":\"https:\\\/\\\/schema.org\",\"@graph\":[{\"@type\":\"WebPage\",\"@id\":\"https:\\\/\\\/www.modave.be\\\/index.php\\\/services_communaux\\\/services-population-urbanisme-fermeture-exceptionnelle\\\/\",\"url\":\"https:\\\/\\\/www.modave.be\\\/index.php\\\/services_communaux\\\/services-population-urbanisme-fermeture-exceptionnelle\\\/\",\"name\":\"Services Population &amp; Urbanisme | Fermeture exceptionnelle - Commune de Modave\",\"isPartOf\":{\"@id\":\"https:\\\/\\\/www.modave.be\\\/#website\"},\"primaryImageOfPage\":{\"@id\":\"https:\\\/\\\/www.modave.be\\\/index.php\\\/services_communaux\\\/services-population-urbanisme-fermeture-exceptionnelle\\\/#primaryimage\"},\"image\":{\"@id\":\"https:\\\/\\\/www.modave.be\\\/index.php\\\/services_communaux\\\/services-population-urbanisme-fermeture-exceptionnelle\\\/#primaryimage\"},\"thumbnailUrl\":\"https:\\\/\\\/www.modave.be\\\/wp-content\\\/uploads\\\/2025\\\/07\\\/Commune-15-scaled-e1752734296719.jpg\",\"datePublished\":\"2025-10-13T13:36:22+00:00\",\"dateModified\":\"2025-10-13T13:36:23+00:00\",\"breadcrumb\":{\"@id\":\"https:\\\/\\\/www.modave.be\\\/index.php\\\/services_communaux\\\/services-population-urbanisme-fermeture-exceptionnelle\\\/#breadcrumb\"},\"inLanguage\":\"fr-FR\",\"potentialAction\":[{\"@type\":\"ReadAction\",\"target\":[\"https:\\\/\\\/www.modave.be\\\/index.php\\\/services_communaux\\\/services-population-urbanisme-fermeture-exceptionnelle\\\/\"]}]},{\"@type\":\"ImageObject\",\"inLanguage\":\"fr-FR\",\"@id\":\"https:\\\/\\\/www.modave.be\\\/index.php\\\/services_communaux\\\/services-population-urbanisme-fermeture-exceptionnelle\\\/#primaryimage\",\"url\":\"https:\\\/\\\/www.modave.be\\\/wp-content\\\/uploads\\\/2025\\\/07\\\/Commune-15-scaled-e1752734296719.jpg\",\"contentUrl\":\"https:\\\/\\\/www.modave.be\\\/wp-content\\\/uploads\\\/2025\\\/07\\\/Commune-15-scaled-e1752734296719.jpg\",\"width\":2560,\"height\":1280},{\"@type\":\"BreadcrumbList\",\"@id\":\"https:\\\/\\\/www.modave.be\\\/index.php\\\/services_communaux\\\/services-population-urbanisme-fermeture-exceptionnelle\\\/#breadcrumb\",\"itemListElement\":[{\"@type\":\"ListItem\",\"position\":1,\"name\":\"Accueil\",\"item\":\"https:\\\/\\\/www.modave.be\\\/\"},{\"@type\":\"ListItem\",\"position\":2,\"name\":\"Services Population &amp; Urbanisme | Fermeture exceptionnelle\"}]},{\"@type\":\"WebSite\",\"@id\":\"https:\\\/\\\/www.modave.be\\\/#website\",\"url\":\"https:\\\/\\\/www.modave.be\\\/\",\"name\":\"Commune de Modave\",\"description\":\"Commune de Modave\",\"publisher\":{\"@id\":\"https:\\\/\\\/www.modave.be\\\/#organization\"},\"potentialAction\":[{\"@type\":\"SearchAction\",\"target\":{\"@type\":\"EntryPoint\",\"urlTemplate\":\"https:\\\/\\\/www.modave.be\\\/?s={search_term_string}\"},\"query-input\":{\"@type\":\"PropertyValueSpecification\",\"valueRequired\":true,\"valueName\":\"search_term_string\"}}],\"inLanguage\":\"fr-FR\"},{\"@type\":\"Organization\",\"@id\":\"https:\\\/\\\/www.modave.be\\\/#organization\",\"name\":\"Commune de Modave\",\"url\":\"https:\\\/\\\/www.modave.be\\\/\",\"logo\":{\"@type\":\"ImageObject\",\"inLanguage\":\"fr-FR\",\"@id\":\"https:\\\/\\\/www.modave.be\\\/#\\\/schema\\\/logo\\\/image\\\/\",\"url\":\"https:\\\/\\\/www.modave.be\\\/wp-content\\\/uploads\\\/2021\\\/12\\\/MODAVE_LOGO_HORIZONTAL_QUADRI_RVB.png\",\"contentUrl\":\"https:\\\/\\\/www.modave.be\\\/wp-content\\\/uploads\\\/2021\\\/12\\\/MODAVE_LOGO_HORIZONTAL_QUADRI_RVB.png\",\"width\":1200,\"height\":501,\"caption\":\"Commune de Modave\"},\"image\":{\"@id\":\"https:\\\/\\\/www.modave.be\\\/#\\\/schema\\\/logo\\\/image\\\/\"}}]}<\/script>\n<!-- \/ Yoast SEO plugin. -->","yoast_head_json":{"title":"Services Population &amp; Urbanisme | Fermeture exceptionnelle - Commune de Modave","robots":{"index":"index","follow":"follow","max-snippet":"max-snippet:-1","max-image-preview":"max-image-preview:large","max-video-preview":"max-video-preview:-1"},"canonical":"https:\/\/www.modave.be\/index.php\/services_communaux\/services-population-urbanisme-fermeture-exceptionnelle\/","og_locale":"fr_FR","og_type":"article","og_title":"Services Population &amp; Urbanisme | Fermeture exceptionnelle - Commune de Modave","og_description":"Services Population &amp; Urbanisme | Fermeture exceptionnelle Les services Population et Urbanisme seront ferm\u00e9s ce mardi 14 octobre 2025. Merci pour votre compr\u00e9hension. Ils rouvriront d\u00e8s le lendemain pour vous accompagner dans vos d\u00e9marches. Merci pour votre compr\u00e9hension.","og_url":"https:\/\/www.modave.be\/index.php\/services_communaux\/services-population-urbanisme-fermeture-exceptionnelle\/","og_site_name":"Commune de Modave","article_modified_time":"2025-10-13T13:36:23+00:00","og_image":[{"width":2560,"height":1280,"url":"https:\/\/www.modave.be\/wp-content\/uploads\/2025\/07\/Commune-15-scaled-e1752734296719.jpg","type":"image\/jpeg"}],"twitter_card":"summary_large_image","schema":{"@context":"https:\/\/schema.org","@graph":[{"@type":"WebPage","@id":"https:\/\/www.modave.be\/index.php\/services_communaux\/services-population-urbanisme-fermeture-exceptionnelle\/","url":"https:\/\/www.modave.be\/index.php\/services_communaux\/services-population-urbanisme-fermeture-exceptionnelle\/","name":"Services Population &amp; Urbanisme | Fermeture exceptionnelle - Commune de Modave","isPartOf":{"@id":"https:\/\/www.modave.be\/#website"},"primaryImageOfPage":{"@id":"https:\/\/www.modave.be\/index.php\/services_communaux\/services-population-urbanisme-fermeture-exceptionnelle\/#primaryimage"},"image":{"@id":"https:\/\/www.modave.be\/index.php\/services_communaux\/services-population-urbanisme-fermeture-exceptionnelle\/#primaryimage"},"thumbnailUrl":"https:\/\/www.modave.be\/wp-content\/uploads\/2025\/07\/Commune-15-scaled-e1752734296719.jpg","datePublished":"2025-10-13T13:36:22+00:00","dateModified":"2025-10-13T13:36:23+00:00","breadcrumb":{"@id":"https:\/\/www.modave.be\/index.php\/services_communaux\/services-population-urbanisme-fermeture-exceptionnelle\/#breadcrumb"},"inLanguage":"fr-FR","potentialAction":[{"@type":"ReadAction","target":["https:\/\/www.modave.be\/index.php\/services_communaux\/services-population-urbanisme-fermeture-exceptionnelle\/"]}]},{"@type":"ImageObject","inLanguage":"fr-FR","@id":"https:\/\/www.modave.be\/index.php\/services_communaux\/services-population-urbanisme-fermeture-exceptionnelle\/#primaryimage","url":"https:\/\/www.modave.be\/wp-content\/uploads\/2025\/07\/Commune-15-scaled-e1752734296719.jpg","contentUrl":"https:\/\/www.modave.be\/wp-content\/uploads\/2025\/07\/Commune-15-scaled-e1752734296719.jpg","width":2560,"height":1280},{"@type":"BreadcrumbList","@id":"https:\/\/www.modave.be\/index.php\/services_communaux\/services-population-urbanisme-fermeture-exceptionnelle\/#breadcrumb","itemListElement":[{"@type":"ListItem","position":1,"name":"Accueil","item":"https:\/\/www.modave.be\/"},{"@type":"ListItem","position":2,"name":"Services Population &amp; Urbanisme | Fermeture exceptionnelle"}]},{"@type":"WebSite","@id":"https:\/\/www.modave.be\/#website","url":"https:\/\/www.modave.be\/","name":"Commune de Modave","description":"Commune de Modave","publisher":{"@id":"https:\/\/www.modave.be\/#organization"},"potentialAction":[{"@type":"SearchAction","target":{"@type":"EntryPoint","urlTemplate":"https:\/\/www.modave.be\/?s={search_term_string}"},"query-input":{"@type":"PropertyValueSpecification","valueRequired":true,"valueName":"search_term_string"}}],"inLanguage":"fr-FR"},{"@type":"Organization","@id":"https:\/\/www.modave.be\/#organization","name":"Commune de Modave","url":"https:\/\/www.modave.be\/","logo":{"@type":"ImageObject","inLanguage":"fr-FR","@id":"https:\/\/www.modave.be\/#\/schema\/logo\/image\/","url":"https:\/\/www.modave.be\/wp-content\/uploads\/2021\/12\/MODAVE_LOGO_HORIZONTAL_QUADRI_RVB.png","contentUrl":"https:\/\/www.modave.be\/wp-content\/uploads\/2021\/12\/MODAVE_LOGO_HORIZONTAL_QUADRI_RVB.png","width":1200,"height":501,"caption":"Commune de Modave"},"image":{"@id":"https:\/\/www.modave.be\/#\/schema\/logo\/image\/"}}]}},"_links":{"self":[{"href":"https:\/\/www.modave.be\/index.php\/wp-json\/wp\/v2\/services_communaux\/16769","targetHints":{"allow":["GET"]}}],"collection":[{"href":"https:\/\/www.modave.be\/index.php\/wp-json\/wp\/v2\/services_communaux"}],"about":[{"href":"https:\/\/www.modave.be\/index.php\/wp-json\/wp\/v2\/types\/services_communaux"}],"author":[{"embeddable":true,"href":"https:\/\/www.modave.be\/index.php\/wp-json\/wp\/v2\/users\/9"}],"wp:featuredmedia":[{"embeddable":true,"href":"https:\/\/www.modave.be\/index.php\/wp-json\/wp\/v2\/media\/16125"}],"wp:attachment":[{"href":"https:\/\/www.modave.be\/index.php\/wp-json\/wp\/v2\/media?parent=16769"}],"wp:term":[{"taxonomy":"category","embeddable":true,"href":"https:\/\/www.modave.be\/index.php\/wp-json\/wp\/v2\/categories?post=16769"}],"curies":[{"name":"wp","href":"https:\/\/api.w.org\/{rel}","templated":true}]}}

<h2 class="wp-block-heading"><strong>Services Population &amp; Urbanisme | Fermeture exceptionnelle</strong></h2>



<p>Les services Population et Urbanisme seront fermés ce <strong>mardi 14 octobre 2025</strong>. Merci pour votre compréhension. Ils rouvriront dès le lendemain pour vous accompagner dans vos démarches.</p>



<p>Merci pour votre compréhension.</p>



<figure class="wp-block-image size-large"><img fetchpriority="high" decoding="async" width="1024" height="1024" src="https://www.modave.be/wp-content/uploads/2025/10/Greve-2-1024x1024.jpg" alt="" class="wp-image-16770" srcset="https://www.modave.be/wp-content/uploads/2025/10/Greve-2-1024x1024.jpg 1024w, https://www.modave.be/wp-content/uploads/2025/10/Greve-2-300x300.jpg 300w, https://www.modave.be/wp-content/uploads/2025/10/Greve-2-150x150.jpg 150w, https://www.modave.be/wp-content/uploads/2025/10/Greve-2-768x768.jpg 768w, https://www.modave.be/wp-content/uploads/2025/10/Greve-2.jpg 1080w" sizes="(max-width: 1024px) 100vw, 1024px" /></figure>

<p>Services Population &amp; Urbanisme | Fermeture exceptionnelle Les services Population et Urbanisme seront fermés ce mardi 14 octobre 2025. Merci pour votre compréhension. Ils rouvriront dès le lendemain pour vous accompagner dans vos démarches. Merci pour votre compréhension.</p>

<!-- This site is optimized with the Yoast SEO plugin v27.4 - https://yoast.com/product/yoast-seo-wordpress/ -->
<title>Services Population &amp; Urbanisme | Fermeture exceptionnelle - Commune de Modave</title>
<meta name="robots" content="index, follow, max-snippet:-1, max-image-preview:large, max-video-preview:-1" />
<link rel="canonical" href="https://www.modave.be/index.php/services_communaux/services-population-urbanisme-fermeture-exceptionnelle/" />
<meta property="og:locale" content="fr_FR" />
<meta property="og:type" content="article" />
<meta property="og:title" content="Services Population &amp; Urbanisme | Fermeture exceptionnelle - Commune de Modave" />
<meta property="og:description" content="Services Population &amp; Urbanisme | Fermeture exceptionnelle Les services Population et Urbanisme seront fermés ce mardi 14 octobre 2025. Merci pour votre compréhension. Ils rouvriront dès le lendemain pour vous accompagner dans vos démarches. Merci pour votre compréhension." />
<meta property="og:url" content="https://www.modave.be/index.php/services_communaux/services-population-urbanisme-fermeture-exceptionnelle/" />
<meta property="og:site_name" content="Commune de Modave" />
<meta property="article:modified_time" content="2025-10-13T13:36:23+00:00" />
<meta property="og:image" content="https://www.modave.be/wp-content/uploads/2025/07/Commune-15-scaled-e1752734296719.jpg" />
	<meta property="og:image:width" content="2560" />
	<meta property="og:image:height" content="1280" />
	<meta property="og:image:type" content="image/jpeg" />
<meta name="twitter:card" content="summary_large_image" />
<script type="application/ld+json" class="yoast-schema-graph">{"@context":"https:\/\/schema.org","@graph":[{"@type":"WebPage","@id":"https:\/\/www.modave.be\/index.php\/services_communaux\/services-population-urbanisme-fermeture-exceptionnelle\/","url":"https:\/\/www.modave.be\/index.php\/services_communaux\/services-population-urbanisme-fermeture-exceptionnelle\/","name":"Services Population &amp; Urbanisme | Fermeture exceptionnelle - Commune de Modave","isPartOf":{"@id":"https:\/\/www.modave.be\/#website"},"primaryImageOfPage":{"@id":"https:\/\/www.modave.be\/index.php\/services_communaux\/services-population-urbanisme-fermeture-exceptionnelle\/#primaryimage"},"image":{"@id":"https:\/\/www.modave.be\/index.php\/services_communaux\/services-population-urbanisme-fermeture-exceptionnelle\/#primaryimage"},"thumbnailUrl":"https:\/\/www.modave.be\/wp-content\/uploads\/2025\/07\/Commune-15-scaled-e1752734296719.jpg","datePublished":"2025-10-13T13:36:22+00:00","dateModified":"2025-10-13T13:36:23+00:00","breadcrumb":{"@id":"https:\/\/www.modave.be\/index.php\/services_communaux\/services-population-urbanisme-fermeture-exceptionnelle\/#breadcrumb"},"inLanguage":"fr-FR","potentialAction":[{"@type":"ReadAction","target":["https:\/\/www.modave.be\/index.php\/services_communaux\/services-population-urbanisme-fermeture-exceptionnelle\/"]}]},{"@type":"ImageObject","inLanguage":"fr-FR","@id":"https:\/\/www.modave.be\/index.php\/services_communaux\/services-population-urbanisme-fermeture-exceptionnelle\/#primaryimage","url":"https:\/\/www.modave.be\/wp-content\/uploads\/2025\/07\/Commune-15-scaled-e1752734296719.jpg","contentUrl":"https:\/\/www.modave.be\/wp-content\/uploads\/2025\/07\/Commune-15-scaled-e1752734296719.jpg","width":2560,"height":1280},{"@type":"BreadcrumbList","@id":"https:\/\/www.modave.be\/index.php\/services_communaux\/services-population-urbanisme-fermeture-exceptionnelle\/#breadcrumb","itemListElement":[{"@type":"ListItem","position":1,"name":"Accueil","item":"https:\/\/www.modave.be\/"},{"@type":"ListItem","position":2,"name":"Services Population &amp; Urbanisme | Fermeture exceptionnelle"}]},{"@type":"WebSite","@id":"https:\/\/www.modave.be\/#website","url":"https:\/\/www.modave.be\/","name":"Commune de Modave","description":"Commune de Modave","publisher":{"@id":"https:\/\/www.modave.be\/#organization"},"potentialAction":[{"@type":"SearchAction","target":{"@type":"EntryPoint","urlTemplate":"https:\/\/www.modave.be\/?s={search_term_string}"},"query-input":{"@type":"PropertyValueSpecification","valueRequired":true,"valueName":"search_term_string"}}],"inLanguage":"fr-FR"},{"@type":"Organization","@id":"https:\/\/www.modave.be\/#organization","name":"Commune de Modave","url":"https:\/\/www.modave.be\/","logo":{"@type":"ImageObject","inLanguage":"fr-FR","@id":"https:\/\/www.modave.be\/#\/schema\/logo\/image\/","url":"https:\/\/www.modave.be\/wp-content\/uploads\/2021\/12\/MODAVE_LOGO_HORIZONTAL_QUADRI_RVB.png","contentUrl":"https:\/\/www.modave.be\/wp-content\/uploads\/2021\/12\/MODAVE_LOGO_HORIZONTAL_QUADRI_RVB.png","width":1200,"height":501,"caption":"Commune de Modave"},"image":{"@id":"https:\/\/www.modave.be\/#\/schema\/logo\/image\/"}}]}</script>
<!-- / Yoast SEO plugin. -->

Services Population &amp; Urbanisme | Fermeture exceptionnelle Les services Population et Urbanisme seront fermés ce mardi 14 octobre 2025. Merci pour votre compréhension. Ils rouvriront dès le lendemain pour vous accompagner dans vos démarches. Merci pour votre compréhension.
