{"id":16778,"date":"2025-10-21T10:06:40","date_gmt":"2025-10-21T08:06:40","guid":{"rendered":"https:\/\/www.modave.be\/?post_type=services_communaux&#038;p=16778"},"modified":"2025-10-21T11:20:26","modified_gmt":"2025-10-21T09:20:26","slug":"vous-captez-mal-dans-certains-endroits-de-la-commune","status":"publish","type":"services_communaux","link":"https:\/\/www.modave.be\/index.php\/services_communaux\/vous-captez-mal-dans-certains-endroits-de-la-commune\/","title":{"rendered":"Vous captez mal dans certains endroits de la Commune ?"},"content":{"rendered":"\n<h2 class=\"wp-block-heading\">Vous captez mal dans certains coins de la Commune ?<\/h2>\n\n\n\n<p><em>Faites-le savoir, votre signalement compte ! <\/em><\/p>\n\n\n\n<p>Un nouvel outil permet aux administrations de centraliser les plaintes de mauvaise connectivit\u00e9 mobile et de les transmettre aux op\u00e9rateurs. <\/p>\n\n\n\n<blockquote class=\"wp-block-quote is-layout-flow wp-block-quote-is-layout-flow\">\n<p>Pr\u00e9cisez dans votre mail l\u2019<strong>adresse concern\u00e9e<\/strong>, le <strong>type de r\u00e9seau<\/strong> et l\u2019<strong>op\u00e9rateur<\/strong>, d\u00e9crivez le <strong>probl\u00e8me rencontr\u00e9<\/strong> (t\u00e9l\u00e9phonie et\/ou internet), indiquez sa<strong> fr\u00e9quence<\/strong>, depuis quand il est constat\u00e9 et si vous l\u2019avez d\u00e9j\u00e0 signal\u00e9 \u00e0 votre compagnie.<\/p>\n<\/blockquote>\n\n\n\n<p><strong>Contact : <\/strong>+32 (0)85\/41.02.20 (ext.9) &#8211; francois.dombret@modave.be<\/p>\n\n\n\n<iframe src=\"https:\/\/docs.google.com\/forms\/d\/e\/1FAIpQLSc_RF81Q3a1UGOfkR6yRdZih8F9T6PUuxuuE7flgK3FcaNqcg\/viewform?embedded=true\" width=\"640\" height=\"2360\" frameborder=\"0\" marginheight=\"0\" marginwidth=\"0\">Chargement\u2026<\/iframe>\n\n\n\n<p><\/p>\n","protected":false},"excerpt":{"rendered":"<p>Vous captez mal dans certains coins de la Commune ? Faites-le savoir, votre signalement compte ! Un nouvel outil permet aux administrations de centraliser les plaintes de mauvaise connectivit\u00e9 mobile et de les transmettre aux op\u00e9rateurs. Pr\u00e9cisez dans votre mail l\u2019adresse concern\u00e9e, le type de r\u00e9seau et l\u2019op\u00e9rateur, d\u00e9crivez le probl\u00e8me rencontr\u00e9 (t\u00e9l\u00e9phonie et\/ou internet),&hellip;<\/p>\n","protected":false},"author":9,"featured_media":16779,"menu_order":0,"template":"","categories":[208],"class_list":["post-16778","services_communaux","type-services_communaux","status-publish","has-post-thumbnail","hentry","category-travaux","description-off"],"yoast_head":"<!-- This site is optimized with the Yoast SEO plugin v27.4 - https:\/\/yoast.com\/product\/yoast-seo-wordpress\/ -->\n<title>Vous captez mal dans certains endroits de la Commune ? - Commune de Modave<\/title>\n<meta name=\"robots\" content=\"index, follow, max-snippet:-1, max-image-preview:large, max-video-preview:-1\" \/>\n<link rel=\"canonical\" href=\"https:\/\/www.modave.be\/index.php\/services_communaux\/vous-captez-mal-dans-certains-endroits-de-la-commune\/\" \/>\n<meta property=\"og:locale\" content=\"fr_FR\" \/>\n<meta property=\"og:type\" content=\"article\" \/>\n<meta property=\"og:title\" content=\"Vous captez mal dans certains endroits de la Commune ? - Commune de Modave\" \/>\n<meta property=\"og:description\" content=\"Vous captez mal dans certains coins de la Commune ? Faites-le savoir, votre signalement compte ! Un nouvel outil permet aux administrations de centraliser les plaintes de mauvaise connectivit\u00e9 mobile et de les transmettre aux op\u00e9rateurs. Pr\u00e9cisez dans votre mail l\u2019adresse concern\u00e9e, le type de r\u00e9seau et l\u2019op\u00e9rateur, d\u00e9crivez le probl\u00e8me rencontr\u00e9 (t\u00e9l\u00e9phonie et\/ou internet),&hellip;\" \/>\n<meta property=\"og:url\" content=\"https:\/\/www.modave.be\/index.php\/services_communaux\/vous-captez-mal-dans-certains-endroits-de-la-commune\/\" \/>\n<meta property=\"og:site_name\" content=\"Commune de Modave\" \/>\n<meta property=\"article:modified_time\" content=\"2025-10-21T09:20:26+00:00\" \/>\n<meta property=\"og:image\" content=\"https:\/\/www.modave.be\/wp-content\/uploads\/2025\/10\/person-using-mobile-phone-2024-10-20-09-57-36-utc-scaled-e1760954555855.jpg\" \/>\n\t<meta property=\"og:image:width\" content=\"2560\" \/>\n\t<meta property=\"og:image:height\" content=\"1280\" \/>\n\t<meta property=\"og:image:type\" content=\"image\/jpeg\" \/>\n<meta name=\"twitter:card\" content=\"summary_large_image\" \/>\n<script type=\"application\/ld+json\" class=\"yoast-schema-graph\">{\"@context\":\"https:\\\/\\\/schema.org\",\"@graph\":[{\"@type\":\"WebPage\",\"@id\":\"https:\\\/\\\/www.modave.be\\\/index.php\\\/services_communaux\\\/vous-captez-mal-dans-certains-endroits-de-la-commune\\\/\",\"url\":\"https:\\\/\\\/www.modave.be\\\/index.php\\\/services_communaux\\\/vous-captez-mal-dans-certains-endroits-de-la-commune\\\/\",\"name\":\"Vous captez mal dans certains endroits de la Commune ? - Commune de Modave\",\"isPartOf\":{\"@id\":\"https:\\\/\\\/www.modave.be\\\/#website\"},\"primaryImageOfPage\":{\"@id\":\"https:\\\/\\\/www.modave.be\\\/index.php\\\/services_communaux\\\/vous-captez-mal-dans-certains-endroits-de-la-commune\\\/#primaryimage\"},\"image\":{\"@id\":\"https:\\\/\\\/www.modave.be\\\/index.php\\\/services_communaux\\\/vous-captez-mal-dans-certains-endroits-de-la-commune\\\/#primaryimage\"},\"thumbnailUrl\":\"https:\\\/\\\/www.modave.be\\\/wp-content\\\/uploads\\\/2025\\\/10\\\/person-using-mobile-phone-2024-10-20-09-57-36-utc-scaled-e1760954555855.jpg\",\"datePublished\":\"2025-10-21T08:06:40+00:00\",\"dateModified\":\"2025-10-21T09:20:26+00:00\",\"breadcrumb\":{\"@id\":\"https:\\\/\\\/www.modave.be\\\/index.php\\\/services_communaux\\\/vous-captez-mal-dans-certains-endroits-de-la-commune\\\/#breadcrumb\"},\"inLanguage\":\"fr-FR\",\"potentialAction\":[{\"@type\":\"ReadAction\",\"target\":[\"https:\\\/\\\/www.modave.be\\\/index.php\\\/services_communaux\\\/vous-captez-mal-dans-certains-endroits-de-la-commune\\\/\"]}]},{\"@type\":\"ImageObject\",\"inLanguage\":\"fr-FR\",\"@id\":\"https:\\\/\\\/www.modave.be\\\/index.php\\\/services_communaux\\\/vous-captez-mal-dans-certains-endroits-de-la-commune\\\/#primaryimage\",\"url\":\"https:\\\/\\\/www.modave.be\\\/wp-content\\\/uploads\\\/2025\\\/10\\\/person-using-mobile-phone-2024-10-20-09-57-36-utc-scaled-e1760954555855.jpg\",\"contentUrl\":\"https:\\\/\\\/www.modave.be\\\/wp-content\\\/uploads\\\/2025\\\/10\\\/person-using-mobile-phone-2024-10-20-09-57-36-utc-scaled-e1760954555855.jpg\",\"width\":2560,\"height\":1280,\"caption\":\"Votre avis compte\"},{\"@type\":\"BreadcrumbList\",\"@id\":\"https:\\\/\\\/www.modave.be\\\/index.php\\\/services_communaux\\\/vous-captez-mal-dans-certains-endroits-de-la-commune\\\/#breadcrumb\",\"itemListElement\":[{\"@type\":\"ListItem\",\"position\":1,\"name\":\"Accueil\",\"item\":\"https:\\\/\\\/www.modave.be\\\/\"},{\"@type\":\"ListItem\",\"position\":2,\"name\":\"Vous captez mal dans certains endroits de la Commune ?\"}]},{\"@type\":\"WebSite\",\"@id\":\"https:\\\/\\\/www.modave.be\\\/#website\",\"url\":\"https:\\\/\\\/www.modave.be\\\/\",\"name\":\"Commune de Modave\",\"description\":\"Commune de Modave\",\"publisher\":{\"@id\":\"https:\\\/\\\/www.modave.be\\\/#organization\"},\"potentialAction\":[{\"@type\":\"SearchAction\",\"target\":{\"@type\":\"EntryPoint\",\"urlTemplate\":\"https:\\\/\\\/www.modave.be\\\/?s={search_term_string}\"},\"query-input\":{\"@type\":\"PropertyValueSpecification\",\"valueRequired\":true,\"valueName\":\"search_term_string\"}}],\"inLanguage\":\"fr-FR\"},{\"@type\":\"Organization\",\"@id\":\"https:\\\/\\\/www.modave.be\\\/#organization\",\"name\":\"Commune de Modave\",\"url\":\"https:\\\/\\\/www.modave.be\\\/\",\"logo\":{\"@type\":\"ImageObject\",\"inLanguage\":\"fr-FR\",\"@id\":\"https:\\\/\\\/www.modave.be\\\/#\\\/schema\\\/logo\\\/image\\\/\",\"url\":\"https:\\\/\\\/www.modave.be\\\/wp-content\\\/uploads\\\/2021\\\/12\\\/MODAVE_LOGO_HORIZONTAL_QUADRI_RVB.png\",\"contentUrl\":\"https:\\\/\\\/www.modave.be\\\/wp-content\\\/uploads\\\/2021\\\/12\\\/MODAVE_LOGO_HORIZONTAL_QUADRI_RVB.png\",\"width\":1200,\"height\":501,\"caption\":\"Commune de Modave\"},\"image\":{\"@id\":\"https:\\\/\\\/www.modave.be\\\/#\\\/schema\\\/logo\\\/image\\\/\"}}]}<\/script>\n<!-- \/ Yoast SEO plugin. -->","yoast_head_json":{"title":"Vous captez mal dans certains endroits de la Commune ? - Commune de Modave","robots":{"index":"index","follow":"follow","max-snippet":"max-snippet:-1","max-image-preview":"max-image-preview:large","max-video-preview":"max-video-preview:-1"},"canonical":"https:\/\/www.modave.be\/index.php\/services_communaux\/vous-captez-mal-dans-certains-endroits-de-la-commune\/","og_locale":"fr_FR","og_type":"article","og_title":"Vous captez mal dans certains endroits de la Commune ? - Commune de Modave","og_description":"Vous captez mal dans certains coins de la Commune ? Faites-le savoir, votre signalement compte ! Un nouvel outil permet aux administrations de centraliser les plaintes de mauvaise connectivit\u00e9 mobile et de les transmettre aux op\u00e9rateurs. Pr\u00e9cisez dans votre mail l\u2019adresse concern\u00e9e, le type de r\u00e9seau et l\u2019op\u00e9rateur, d\u00e9crivez le probl\u00e8me rencontr\u00e9 (t\u00e9l\u00e9phonie et\/ou internet),&hellip;","og_url":"https:\/\/www.modave.be\/index.php\/services_communaux\/vous-captez-mal-dans-certains-endroits-de-la-commune\/","og_site_name":"Commune de Modave","article_modified_time":"2025-10-21T09:20:26+00:00","og_image":[{"width":2560,"height":1280,"url":"https:\/\/www.modave.be\/wp-content\/uploads\/2025\/10\/person-using-mobile-phone-2024-10-20-09-57-36-utc-scaled-e1760954555855.jpg","type":"image\/jpeg"}],"twitter_card":"summary_large_image","schema":{"@context":"https:\/\/schema.org","@graph":[{"@type":"WebPage","@id":"https:\/\/www.modave.be\/index.php\/services_communaux\/vous-captez-mal-dans-certains-endroits-de-la-commune\/","url":"https:\/\/www.modave.be\/index.php\/services_communaux\/vous-captez-mal-dans-certains-endroits-de-la-commune\/","name":"Vous captez mal dans certains endroits de la Commune ? - Commune de Modave","isPartOf":{"@id":"https:\/\/www.modave.be\/#website"},"primaryImageOfPage":{"@id":"https:\/\/www.modave.be\/index.php\/services_communaux\/vous-captez-mal-dans-certains-endroits-de-la-commune\/#primaryimage"},"image":{"@id":"https:\/\/www.modave.be\/index.php\/services_communaux\/vous-captez-mal-dans-certains-endroits-de-la-commune\/#primaryimage"},"thumbnailUrl":"https:\/\/www.modave.be\/wp-content\/uploads\/2025\/10\/person-using-mobile-phone-2024-10-20-09-57-36-utc-scaled-e1760954555855.jpg","datePublished":"2025-10-21T08:06:40+00:00","dateModified":"2025-10-21T09:20:26+00:00","breadcrumb":{"@id":"https:\/\/www.modave.be\/index.php\/services_communaux\/vous-captez-mal-dans-certains-endroits-de-la-commune\/#breadcrumb"},"inLanguage":"fr-FR","potentialAction":[{"@type":"ReadAction","target":["https:\/\/www.modave.be\/index.php\/services_communaux\/vous-captez-mal-dans-certains-endroits-de-la-commune\/"]}]},{"@type":"ImageObject","inLanguage":"fr-FR","@id":"https:\/\/www.modave.be\/index.php\/services_communaux\/vous-captez-mal-dans-certains-endroits-de-la-commune\/#primaryimage","url":"https:\/\/www.modave.be\/wp-content\/uploads\/2025\/10\/person-using-mobile-phone-2024-10-20-09-57-36-utc-scaled-e1760954555855.jpg","contentUrl":"https:\/\/www.modave.be\/wp-content\/uploads\/2025\/10\/person-using-mobile-phone-2024-10-20-09-57-36-utc-scaled-e1760954555855.jpg","width":2560,"height":1280,"caption":"Votre avis compte"},{"@type":"BreadcrumbList","@id":"https:\/\/www.modave.be\/index.php\/services_communaux\/vous-captez-mal-dans-certains-endroits-de-la-commune\/#breadcrumb","itemListElement":[{"@type":"ListItem","position":1,"name":"Accueil","item":"https:\/\/www.modave.be\/"},{"@type":"ListItem","position":2,"name":"Vous captez mal dans certains endroits de la Commune ?"}]},{"@type":"WebSite","@id":"https:\/\/www.modave.be\/#website","url":"https:\/\/www.modave.be\/","name":"Commune de Modave","description":"Commune de Modave","publisher":{"@id":"https:\/\/www.modave.be\/#organization"},"potentialAction":[{"@type":"SearchAction","target":{"@type":"EntryPoint","urlTemplate":"https:\/\/www.modave.be\/?s={search_term_string}"},"query-input":{"@type":"PropertyValueSpecification","valueRequired":true,"valueName":"search_term_string"}}],"inLanguage":"fr-FR"},{"@type":"Organization","@id":"https:\/\/www.modave.be\/#organization","name":"Commune de Modave","url":"https:\/\/www.modave.be\/","logo":{"@type":"ImageObject","inLanguage":"fr-FR","@id":"https:\/\/www.modave.be\/#\/schema\/logo\/image\/","url":"https:\/\/www.modave.be\/wp-content\/uploads\/2021\/12\/MODAVE_LOGO_HORIZONTAL_QUADRI_RVB.png","contentUrl":"https:\/\/www.modave.be\/wp-content\/uploads\/2021\/12\/MODAVE_LOGO_HORIZONTAL_QUADRI_RVB.png","width":1200,"height":501,"caption":"Commune de Modave"},"image":{"@id":"https:\/\/www.modave.be\/#\/schema\/logo\/image\/"}}]}},"_links":{"self":[{"href":"https:\/\/www.modave.be\/index.php\/wp-json\/wp\/v2\/services_communaux\/16778","targetHints":{"allow":["GET"]}}],"collection":[{"href":"https:\/\/www.modave.be\/index.php\/wp-json\/wp\/v2\/services_communaux"}],"about":[{"href":"https:\/\/www.modave.be\/index.php\/wp-json\/wp\/v2\/types\/services_communaux"}],"author":[{"embeddable":true,"href":"https:\/\/www.modave.be\/index.php\/wp-json\/wp\/v2\/users\/9"}],"wp:featuredmedia":[{"embeddable":true,"href":"https:\/\/www.modave.be\/index.php\/wp-json\/wp\/v2\/media\/16779"}],"wp:attachment":[{"href":"https:\/\/www.modave.be\/index.php\/wp-json\/wp\/v2\/media?parent=16778"}],"wp:term":[{"taxonomy":"category","embeddable":true,"href":"https:\/\/www.modave.be\/index.php\/wp-json\/wp\/v2\/categories?post=16778"}],"curies":[{"name":"wp","href":"https:\/\/api.w.org\/{rel}","templated":true}]}}

<h2 class="wp-block-heading">Vous captez mal dans certains coins de la Commune ?</h2>



<p><em>Faites-le savoir, votre signalement compte ! </em></p>



<p>Un nouvel outil permet aux administrations de centraliser les plaintes de mauvaise connectivité mobile et de les transmettre aux opérateurs. </p>



<blockquote class="wp-block-quote is-layout-flow wp-block-quote-is-layout-flow">
<p>Précisez dans votre mail l’<strong>adresse concernée</strong>, le <strong>type de réseau</strong> et l’<strong>opérateur</strong>, décrivez le <strong>problème rencontré</strong> (téléphonie et/ou internet), indiquez sa<strong> fréquence</strong>, depuis quand il est constaté et si vous l’avez déjà signalé à votre compagnie.</p>
</blockquote>



<p><strong>Contact : </strong>+32 (0)85/41.02.20 (ext.9) &#8211; francois.dombret@modave.be</p>



<iframe src="https://docs.google.com/forms/d/e/1FAIpQLSc_RF81Q3a1UGOfkR6yRdZih8F9T6PUuxuuE7flgK3FcaNqcg/viewform?embedded=true" width="640" height="2360" frameborder="0" marginheight="0" marginwidth="0">Chargement…</iframe>



<p></p>

<p>Vous captez mal dans certains coins de la Commune ? Faites-le savoir, votre signalement compte ! Un nouvel outil permet aux administrations de centraliser les plaintes de mauvaise connectivité mobile et de les transmettre aux opérateurs. Précisez dans votre mail l’adresse concernée, le type de réseau et l’opérateur, décrivez le problème rencontré (téléphonie et/ou internet),&hellip;</p>

<!-- This site is optimized with the Yoast SEO plugin v27.4 - https://yoast.com/product/yoast-seo-wordpress/ -->
<title>Vous captez mal dans certains endroits de la Commune ? - Commune de Modave</title>
<meta name="robots" content="index, follow, max-snippet:-1, max-image-preview:large, max-video-preview:-1" />
<link rel="canonical" href="https://www.modave.be/index.php/services_communaux/vous-captez-mal-dans-certains-endroits-de-la-commune/" />
<meta property="og:locale" content="fr_FR" />
<meta property="og:type" content="article" />
<meta property="og:title" content="Vous captez mal dans certains endroits de la Commune ? - Commune de Modave" />
<meta property="og:description" content="Vous captez mal dans certains coins de la Commune ? Faites-le savoir, votre signalement compte ! Un nouvel outil permet aux administrations de centraliser les plaintes de mauvaise connectivité mobile et de les transmettre aux opérateurs. Précisez dans votre mail l’adresse concernée, le type de réseau et l’opérateur, décrivez le problème rencontré (téléphonie et/ou internet),&hellip;" />
<meta property="og:url" content="https://www.modave.be/index.php/services_communaux/vous-captez-mal-dans-certains-endroits-de-la-commune/" />
<meta property="og:site_name" content="Commune de Modave" />
<meta property="article:modified_time" content="2025-10-21T09:20:26+00:00" />
<meta property="og:image" content="https://www.modave.be/wp-content/uploads/2025/10/person-using-mobile-phone-2024-10-20-09-57-36-utc-scaled-e1760954555855.jpg" />
	<meta property="og:image:width" content="2560" />
	<meta property="og:image:height" content="1280" />
	<meta property="og:image:type" content="image/jpeg" />
<meta name="twitter:card" content="summary_large_image" />
<script type="application/ld+json" class="yoast-schema-graph">{"@context":"https:\/\/schema.org","@graph":[{"@type":"WebPage","@id":"https:\/\/www.modave.be\/index.php\/services_communaux\/vous-captez-mal-dans-certains-endroits-de-la-commune\/","url":"https:\/\/www.modave.be\/index.php\/services_communaux\/vous-captez-mal-dans-certains-endroits-de-la-commune\/","name":"Vous captez mal dans certains endroits de la Commune ? - Commune de Modave","isPartOf":{"@id":"https:\/\/www.modave.be\/#website"},"primaryImageOfPage":{"@id":"https:\/\/www.modave.be\/index.php\/services_communaux\/vous-captez-mal-dans-certains-endroits-de-la-commune\/#primaryimage"},"image":{"@id":"https:\/\/www.modave.be\/index.php\/services_communaux\/vous-captez-mal-dans-certains-endroits-de-la-commune\/#primaryimage"},"thumbnailUrl":"https:\/\/www.modave.be\/wp-content\/uploads\/2025\/10\/person-using-mobile-phone-2024-10-20-09-57-36-utc-scaled-e1760954555855.jpg","datePublished":"2025-10-21T08:06:40+00:00","dateModified":"2025-10-21T09:20:26+00:00","breadcrumb":{"@id":"https:\/\/www.modave.be\/index.php\/services_communaux\/vous-captez-mal-dans-certains-endroits-de-la-commune\/#breadcrumb"},"inLanguage":"fr-FR","potentialAction":[{"@type":"ReadAction","target":["https:\/\/www.modave.be\/index.php\/services_communaux\/vous-captez-mal-dans-certains-endroits-de-la-commune\/"]}]},{"@type":"ImageObject","inLanguage":"fr-FR","@id":"https:\/\/www.modave.be\/index.php\/services_communaux\/vous-captez-mal-dans-certains-endroits-de-la-commune\/#primaryimage","url":"https:\/\/www.modave.be\/wp-content\/uploads\/2025\/10\/person-using-mobile-phone-2024-10-20-09-57-36-utc-scaled-e1760954555855.jpg","contentUrl":"https:\/\/www.modave.be\/wp-content\/uploads\/2025\/10\/person-using-mobile-phone-2024-10-20-09-57-36-utc-scaled-e1760954555855.jpg","width":2560,"height":1280,"caption":"Votre avis compte"},{"@type":"BreadcrumbList","@id":"https:\/\/www.modave.be\/index.php\/services_communaux\/vous-captez-mal-dans-certains-endroits-de-la-commune\/#breadcrumb","itemListElement":[{"@type":"ListItem","position":1,"name":"Accueil","item":"https:\/\/www.modave.be\/"},{"@type":"ListItem","position":2,"name":"Vous captez mal dans certains endroits de la Commune ?"}]},{"@type":"WebSite","@id":"https:\/\/www.modave.be\/#website","url":"https:\/\/www.modave.be\/","name":"Commune de Modave","description":"Commune de Modave","publisher":{"@id":"https:\/\/www.modave.be\/#organization"},"potentialAction":[{"@type":"SearchAction","target":{"@type":"EntryPoint","urlTemplate":"https:\/\/www.modave.be\/?s={search_term_string}"},"query-input":{"@type":"PropertyValueSpecification","valueRequired":true,"valueName":"search_term_string"}}],"inLanguage":"fr-FR"},{"@type":"Organization","@id":"https:\/\/www.modave.be\/#organization","name":"Commune de Modave","url":"https:\/\/www.modave.be\/","logo":{"@type":"ImageObject","inLanguage":"fr-FR","@id":"https:\/\/www.modave.be\/#\/schema\/logo\/image\/","url":"https:\/\/www.modave.be\/wp-content\/uploads\/2021\/12\/MODAVE_LOGO_HORIZONTAL_QUADRI_RVB.png","contentUrl":"https:\/\/www.modave.be\/wp-content\/uploads\/2021\/12\/MODAVE_LOGO_HORIZONTAL_QUADRI_RVB.png","width":1200,"height":501,"caption":"Commune de Modave"},"image":{"@id":"https:\/\/www.modave.be\/#\/schema\/logo\/image\/"}}]}</script>
<!-- / Yoast SEO plugin. -->

Vous captez mal dans certains coins de la Commune ? Faites-le savoir, votre signalement compte ! Un nouvel outil permet aux administrations de centraliser les plaintes de mauvaise connectivité mobile et de les transmettre aux opérateurs. Précisez dans votre mail l’adresse concernée, le type de réseau et l’opérateur, décrivez le problème rencontré (téléphonie et/ou internet),&hellip;
