{"id":16787,"date":"2025-10-21T10:06:18","date_gmt":"2025-10-21T08:06:18","guid":{"rendered":"https:\/\/www.modave.be\/?post_type=services_communaux&#038;p=16787"},"modified":"2025-10-21T10:06:19","modified_gmt":"2025-10-21T08:06:19","slug":"concessions-et-entretien-des-sepultures","status":"publish","type":"services_communaux","link":"https:\/\/www.modave.be\/index.php\/services_communaux\/concessions-et-entretien-des-sepultures\/","title":{"rendered":"Concessions et entretien des s\u00e9pultures"},"content":{"rendered":"\n<hr class=\"wp-block-separator has-alpha-channel-opacity\"\/>\n\n\n\n<h2 class=\"wp-block-heading\">Concessions et entretien des s\u00e9pultures<\/h2>\n\n\n\n<p>Nous invitons les familles \u00e0 veiller, dans la mesure du possible, \u00e0 l\u2019entretien et au renouvellement de leurs concessions. Lorsque certaines n\u00e9cessitent une r\u00e9gularisation, de petits panneaux sont plac\u00e9s avec discr\u00e9tion afin d\u2019en informer les proches.<\/p>\n\n\n\n<p>Merci \u00e0 chacun pour l\u2019attention port\u00e9e \u00e0 ces lieux de m\u00e9moire, qui restent pr\u00e9cieux pour nous tous.<\/p>\n\n\n\n<blockquote class=\"wp-block-quote is-layout-flow wp-block-quote-is-layout-flow\">\n<p><strong>Renseignements :<\/strong> 085\/41.02.20<\/p>\n<\/blockquote>\n\n\n\n<p><\/p>\n","protected":false},"excerpt":{"rendered":"<p>Concessions et entretien des s\u00e9pultures Nous invitons les familles \u00e0 veiller, dans la mesure du possible, \u00e0 l\u2019entretien et au renouvellement de leurs concessions. Lorsque certaines n\u00e9cessitent une r\u00e9gularisation, de petits panneaux sont plac\u00e9s avec discr\u00e9tion afin d\u2019en informer les proches. Merci \u00e0 chacun pour l\u2019attention port\u00e9e \u00e0 ces lieux de m\u00e9moire, qui restent pr\u00e9cieux&hellip;<\/p>\n","protected":false},"author":9,"featured_media":15438,"menu_order":0,"template":"","categories":[197,199,208],"class_list":["post-16787","services_communaux","type-services_communaux","status-publish","has-post-thumbnail","hentry","category-cimetieres_concessions","category-environnement","category-travaux","description-off"],"yoast_head":"<!-- This site is optimized with the Yoast SEO plugin v27.4 - https:\/\/yoast.com\/product\/yoast-seo-wordpress\/ -->\n<title>Concessions et entretien des s\u00e9pultures - Commune de Modave<\/title>\n<meta name=\"robots\" content=\"index, follow, max-snippet:-1, max-image-preview:large, max-video-preview:-1\" \/>\n<link rel=\"canonical\" href=\"https:\/\/www.modave.be\/index.php\/services_communaux\/concessions-et-entretien-des-sepultures\/\" \/>\n<meta property=\"og:locale\" content=\"fr_FR\" \/>\n<meta property=\"og:type\" content=\"article\" \/>\n<meta property=\"og:title\" content=\"Concessions et entretien des s\u00e9pultures - Commune de Modave\" \/>\n<meta property=\"og:description\" content=\"Concessions et entretien des s\u00e9pultures Nous invitons les familles \u00e0 veiller, dans la mesure du possible, \u00e0 l\u2019entretien et au renouvellement de leurs concessions. Lorsque certaines n\u00e9cessitent une r\u00e9gularisation, de petits panneaux sont plac\u00e9s avec discr\u00e9tion afin d\u2019en informer les proches. Merci \u00e0 chacun pour l\u2019attention port\u00e9e \u00e0 ces lieux de m\u00e9moire, qui restent pr\u00e9cieux&hellip;\" \/>\n<meta property=\"og:url\" content=\"https:\/\/www.modave.be\/index.php\/services_communaux\/concessions-et-entretien-des-sepultures\/\" \/>\n<meta property=\"og:site_name\" content=\"Commune de Modave\" \/>\n<meta property=\"article:modified_time\" content=\"2025-10-21T08:06:19+00:00\" \/>\n<meta property=\"og:image\" content=\"https:\/\/www.modave.be\/wp-content\/uploads\/2025\/04\/3-1-e1744355893994.png\" \/>\n\t<meta property=\"og:image:width\" content=\"1080\" \/>\n\t<meta property=\"og:image:height\" content=\"540\" \/>\n\t<meta property=\"og:image:type\" content=\"image\/png\" \/>\n<meta name=\"twitter:card\" content=\"summary_large_image\" \/>\n<script type=\"application\/ld+json\" class=\"yoast-schema-graph\">{\"@context\":\"https:\\\/\\\/schema.org\",\"@graph\":[{\"@type\":\"WebPage\",\"@id\":\"https:\\\/\\\/www.modave.be\\\/index.php\\\/services_communaux\\\/concessions-et-entretien-des-sepultures\\\/\",\"url\":\"https:\\\/\\\/www.modave.be\\\/index.php\\\/services_communaux\\\/concessions-et-entretien-des-sepultures\\\/\",\"name\":\"Concessions et entretien des s\u00e9pultures - Commune de Modave\",\"isPartOf\":{\"@id\":\"https:\\\/\\\/www.modave.be\\\/#website\"},\"primaryImageOfPage\":{\"@id\":\"https:\\\/\\\/www.modave.be\\\/index.php\\\/services_communaux\\\/concessions-et-entretien-des-sepultures\\\/#primaryimage\"},\"image\":{\"@id\":\"https:\\\/\\\/www.modave.be\\\/index.php\\\/services_communaux\\\/concessions-et-entretien-des-sepultures\\\/#primaryimage\"},\"thumbnailUrl\":\"https:\\\/\\\/www.modave.be\\\/wp-content\\\/uploads\\\/2025\\\/04\\\/3-1-e1744355893994.png\",\"datePublished\":\"2025-10-21T08:06:18+00:00\",\"dateModified\":\"2025-10-21T08:06:19+00:00\",\"breadcrumb\":{\"@id\":\"https:\\\/\\\/www.modave.be\\\/index.php\\\/services_communaux\\\/concessions-et-entretien-des-sepultures\\\/#breadcrumb\"},\"inLanguage\":\"fr-FR\",\"potentialAction\":[{\"@type\":\"ReadAction\",\"target\":[\"https:\\\/\\\/www.modave.be\\\/index.php\\\/services_communaux\\\/concessions-et-entretien-des-sepultures\\\/\"]}]},{\"@type\":\"ImageObject\",\"inLanguage\":\"fr-FR\",\"@id\":\"https:\\\/\\\/www.modave.be\\\/index.php\\\/services_communaux\\\/concessions-et-entretien-des-sepultures\\\/#primaryimage\",\"url\":\"https:\\\/\\\/www.modave.be\\\/wp-content\\\/uploads\\\/2025\\\/04\\\/3-1-e1744355893994.png\",\"contentUrl\":\"https:\\\/\\\/www.modave.be\\\/wp-content\\\/uploads\\\/2025\\\/04\\\/3-1-e1744355893994.png\",\"width\":1080,\"height\":540},{\"@type\":\"BreadcrumbList\",\"@id\":\"https:\\\/\\\/www.modave.be\\\/index.php\\\/services_communaux\\\/concessions-et-entretien-des-sepultures\\\/#breadcrumb\",\"itemListElement\":[{\"@type\":\"ListItem\",\"position\":1,\"name\":\"Accueil\",\"item\":\"https:\\\/\\\/www.modave.be\\\/\"},{\"@type\":\"ListItem\",\"position\":2,\"name\":\"Concessions et entretien des s\u00e9pultures\"}]},{\"@type\":\"WebSite\",\"@id\":\"https:\\\/\\\/www.modave.be\\\/#website\",\"url\":\"https:\\\/\\\/www.modave.be\\\/\",\"name\":\"Commune de Modave\",\"description\":\"Commune de Modave\",\"publisher\":{\"@id\":\"https:\\\/\\\/www.modave.be\\\/#organization\"},\"potentialAction\":[{\"@type\":\"SearchAction\",\"target\":{\"@type\":\"EntryPoint\",\"urlTemplate\":\"https:\\\/\\\/www.modave.be\\\/?s={search_term_string}\"},\"query-input\":{\"@type\":\"PropertyValueSpecification\",\"valueRequired\":true,\"valueName\":\"search_term_string\"}}],\"inLanguage\":\"fr-FR\"},{\"@type\":\"Organization\",\"@id\":\"https:\\\/\\\/www.modave.be\\\/#organization\",\"name\":\"Commune de Modave\",\"url\":\"https:\\\/\\\/www.modave.be\\\/\",\"logo\":{\"@type\":\"ImageObject\",\"inLanguage\":\"fr-FR\",\"@id\":\"https:\\\/\\\/www.modave.be\\\/#\\\/schema\\\/logo\\\/image\\\/\",\"url\":\"https:\\\/\\\/www.modave.be\\\/wp-content\\\/uploads\\\/2021\\\/12\\\/MODAVE_LOGO_HORIZONTAL_QUADRI_RVB.png\",\"contentUrl\":\"https:\\\/\\\/www.modave.be\\\/wp-content\\\/uploads\\\/2021\\\/12\\\/MODAVE_LOGO_HORIZONTAL_QUADRI_RVB.png\",\"width\":1200,\"height\":501,\"caption\":\"Commune de Modave\"},\"image\":{\"@id\":\"https:\\\/\\\/www.modave.be\\\/#\\\/schema\\\/logo\\\/image\\\/\"}}]}<\/script>\n<!-- \/ Yoast SEO plugin. -->","yoast_head_json":{"title":"Concessions et entretien des s\u00e9pultures - Commune de Modave","robots":{"index":"index","follow":"follow","max-snippet":"max-snippet:-1","max-image-preview":"max-image-preview:large","max-video-preview":"max-video-preview:-1"},"canonical":"https:\/\/www.modave.be\/index.php\/services_communaux\/concessions-et-entretien-des-sepultures\/","og_locale":"fr_FR","og_type":"article","og_title":"Concessions et entretien des s\u00e9pultures - Commune de Modave","og_description":"Concessions et entretien des s\u00e9pultures Nous invitons les familles \u00e0 veiller, dans la mesure du possible, \u00e0 l\u2019entretien et au renouvellement de leurs concessions. Lorsque certaines n\u00e9cessitent une r\u00e9gularisation, de petits panneaux sont plac\u00e9s avec discr\u00e9tion afin d\u2019en informer les proches. Merci \u00e0 chacun pour l\u2019attention port\u00e9e \u00e0 ces lieux de m\u00e9moire, qui restent pr\u00e9cieux&hellip;","og_url":"https:\/\/www.modave.be\/index.php\/services_communaux\/concessions-et-entretien-des-sepultures\/","og_site_name":"Commune de Modave","article_modified_time":"2025-10-21T08:06:19+00:00","og_image":[{"width":1080,"height":540,"url":"https:\/\/www.modave.be\/wp-content\/uploads\/2025\/04\/3-1-e1744355893994.png","type":"image\/png"}],"twitter_card":"summary_large_image","schema":{"@context":"https:\/\/schema.org","@graph":[{"@type":"WebPage","@id":"https:\/\/www.modave.be\/index.php\/services_communaux\/concessions-et-entretien-des-sepultures\/","url":"https:\/\/www.modave.be\/index.php\/services_communaux\/concessions-et-entretien-des-sepultures\/","name":"Concessions et entretien des s\u00e9pultures - Commune de Modave","isPartOf":{"@id":"https:\/\/www.modave.be\/#website"},"primaryImageOfPage":{"@id":"https:\/\/www.modave.be\/index.php\/services_communaux\/concessions-et-entretien-des-sepultures\/#primaryimage"},"image":{"@id":"https:\/\/www.modave.be\/index.php\/services_communaux\/concessions-et-entretien-des-sepultures\/#primaryimage"},"thumbnailUrl":"https:\/\/www.modave.be\/wp-content\/uploads\/2025\/04\/3-1-e1744355893994.png","datePublished":"2025-10-21T08:06:18+00:00","dateModified":"2025-10-21T08:06:19+00:00","breadcrumb":{"@id":"https:\/\/www.modave.be\/index.php\/services_communaux\/concessions-et-entretien-des-sepultures\/#breadcrumb"},"inLanguage":"fr-FR","potentialAction":[{"@type":"ReadAction","target":["https:\/\/www.modave.be\/index.php\/services_communaux\/concessions-et-entretien-des-sepultures\/"]}]},{"@type":"ImageObject","inLanguage":"fr-FR","@id":"https:\/\/www.modave.be\/index.php\/services_communaux\/concessions-et-entretien-des-sepultures\/#primaryimage","url":"https:\/\/www.modave.be\/wp-content\/uploads\/2025\/04\/3-1-e1744355893994.png","contentUrl":"https:\/\/www.modave.be\/wp-content\/uploads\/2025\/04\/3-1-e1744355893994.png","width":1080,"height":540},{"@type":"BreadcrumbList","@id":"https:\/\/www.modave.be\/index.php\/services_communaux\/concessions-et-entretien-des-sepultures\/#breadcrumb","itemListElement":[{"@type":"ListItem","position":1,"name":"Accueil","item":"https:\/\/www.modave.be\/"},{"@type":"ListItem","position":2,"name":"Concessions et entretien des s\u00e9pultures"}]},{"@type":"WebSite","@id":"https:\/\/www.modave.be\/#website","url":"https:\/\/www.modave.be\/","name":"Commune de Modave","description":"Commune de Modave","publisher":{"@id":"https:\/\/www.modave.be\/#organization"},"potentialAction":[{"@type":"SearchAction","target":{"@type":"EntryPoint","urlTemplate":"https:\/\/www.modave.be\/?s={search_term_string}"},"query-input":{"@type":"PropertyValueSpecification","valueRequired":true,"valueName":"search_term_string"}}],"inLanguage":"fr-FR"},{"@type":"Organization","@id":"https:\/\/www.modave.be\/#organization","name":"Commune de Modave","url":"https:\/\/www.modave.be\/","logo":{"@type":"ImageObject","inLanguage":"fr-FR","@id":"https:\/\/www.modave.be\/#\/schema\/logo\/image\/","url":"https:\/\/www.modave.be\/wp-content\/uploads\/2021\/12\/MODAVE_LOGO_HORIZONTAL_QUADRI_RVB.png","contentUrl":"https:\/\/www.modave.be\/wp-content\/uploads\/2021\/12\/MODAVE_LOGO_HORIZONTAL_QUADRI_RVB.png","width":1200,"height":501,"caption":"Commune de Modave"},"image":{"@id":"https:\/\/www.modave.be\/#\/schema\/logo\/image\/"}}]}},"_links":{"self":[{"href":"https:\/\/www.modave.be\/index.php\/wp-json\/wp\/v2\/services_communaux\/16787","targetHints":{"allow":["GET"]}}],"collection":[{"href":"https:\/\/www.modave.be\/index.php\/wp-json\/wp\/v2\/services_communaux"}],"about":[{"href":"https:\/\/www.modave.be\/index.php\/wp-json\/wp\/v2\/types\/services_communaux"}],"author":[{"embeddable":true,"href":"https:\/\/www.modave.be\/index.php\/wp-json\/wp\/v2\/users\/9"}],"wp:featuredmedia":[{"embeddable":true,"href":"https:\/\/www.modave.be\/index.php\/wp-json\/wp\/v2\/media\/15438"}],"wp:attachment":[{"href":"https:\/\/www.modave.be\/index.php\/wp-json\/wp\/v2\/media?parent=16787"}],"wp:term":[{"taxonomy":"category","embeddable":true,"href":"https:\/\/www.modave.be\/index.php\/wp-json\/wp\/v2\/categories?post=16787"}],"curies":[{"name":"wp","href":"https:\/\/api.w.org\/{rel}","templated":true}]}}

Concessions et entretien des sépultures

<hr class="wp-block-separator has-alpha-channel-opacity"/>



<h2 class="wp-block-heading">Concessions et entretien des sépultures</h2>



<p>Nous invitons les familles à veiller, dans la mesure du possible, à l’entretien et au renouvellement de leurs concessions. Lorsque certaines nécessitent une régularisation, de petits panneaux sont placés avec discrétion afin d’en informer les proches.</p>



<p>Merci à chacun pour l’attention portée à ces lieux de mémoire, qui restent précieux pour nous tous.</p>



<blockquote class="wp-block-quote is-layout-flow wp-block-quote-is-layout-flow">
<p><strong>Renseignements :</strong> 085/41.02.20</p>
</blockquote>



<p></p>

<p>Concessions et entretien des sépultures Nous invitons les familles à veiller, dans la mesure du possible, à l’entretien et au renouvellement de leurs concessions. Lorsque certaines nécessitent une régularisation, de petits panneaux sont placés avec discrétion afin d’en informer les proches. Merci à chacun pour l’attention portée à ces lieux de mémoire, qui restent précieux&hellip;</p>

<!-- This site is optimized with the Yoast SEO plugin v27.4 - https://yoast.com/product/yoast-seo-wordpress/ -->
<title>Concessions et entretien des sépultures - Commune de Modave</title>
<meta name="robots" content="index, follow, max-snippet:-1, max-image-preview:large, max-video-preview:-1" />
<link rel="canonical" href="https://www.modave.be/index.php/services_communaux/concessions-et-entretien-des-sepultures/" />
<meta property="og:locale" content="fr_FR" />
<meta property="og:type" content="article" />
<meta property="og:title" content="Concessions et entretien des sépultures - Commune de Modave" />
<meta property="og:description" content="Concessions et entretien des sépultures Nous invitons les familles à veiller, dans la mesure du possible, à l’entretien et au renouvellement de leurs concessions. Lorsque certaines nécessitent une régularisation, de petits panneaux sont placés avec discrétion afin d’en informer les proches. Merci à chacun pour l’attention portée à ces lieux de mémoire, qui restent précieux&hellip;" />
<meta property="og:url" content="https://www.modave.be/index.php/services_communaux/concessions-et-entretien-des-sepultures/" />
<meta property="og:site_name" content="Commune de Modave" />
<meta property="article:modified_time" content="2025-10-21T08:06:19+00:00" />
<meta property="og:image" content="https://www.modave.be/wp-content/uploads/2025/04/3-1-e1744355893994.png" />
	<meta property="og:image:width" content="1080" />
	<meta property="og:image:height" content="540" />
	<meta property="og:image:type" content="image/png" />
<meta name="twitter:card" content="summary_large_image" />
<script type="application/ld+json" class="yoast-schema-graph">{"@context":"https:\/\/schema.org","@graph":[{"@type":"WebPage","@id":"https:\/\/www.modave.be\/index.php\/services_communaux\/concessions-et-entretien-des-sepultures\/","url":"https:\/\/www.modave.be\/index.php\/services_communaux\/concessions-et-entretien-des-sepultures\/","name":"Concessions et entretien des sépultures - Commune de Modave","isPartOf":{"@id":"https:\/\/www.modave.be\/#website"},"primaryImageOfPage":{"@id":"https:\/\/www.modave.be\/index.php\/services_communaux\/concessions-et-entretien-des-sepultures\/#primaryimage"},"image":{"@id":"https:\/\/www.modave.be\/index.php\/services_communaux\/concessions-et-entretien-des-sepultures\/#primaryimage"},"thumbnailUrl":"https:\/\/www.modave.be\/wp-content\/uploads\/2025\/04\/3-1-e1744355893994.png","datePublished":"2025-10-21T08:06:18+00:00","dateModified":"2025-10-21T08:06:19+00:00","breadcrumb":{"@id":"https:\/\/www.modave.be\/index.php\/services_communaux\/concessions-et-entretien-des-sepultures\/#breadcrumb"},"inLanguage":"fr-FR","potentialAction":[{"@type":"ReadAction","target":["https:\/\/www.modave.be\/index.php\/services_communaux\/concessions-et-entretien-des-sepultures\/"]}]},{"@type":"ImageObject","inLanguage":"fr-FR","@id":"https:\/\/www.modave.be\/index.php\/services_communaux\/concessions-et-entretien-des-sepultures\/#primaryimage","url":"https:\/\/www.modave.be\/wp-content\/uploads\/2025\/04\/3-1-e1744355893994.png","contentUrl":"https:\/\/www.modave.be\/wp-content\/uploads\/2025\/04\/3-1-e1744355893994.png","width":1080,"height":540},{"@type":"BreadcrumbList","@id":"https:\/\/www.modave.be\/index.php\/services_communaux\/concessions-et-entretien-des-sepultures\/#breadcrumb","itemListElement":[{"@type":"ListItem","position":1,"name":"Accueil","item":"https:\/\/www.modave.be\/"},{"@type":"ListItem","position":2,"name":"Concessions et entretien des sépultures"}]},{"@type":"WebSite","@id":"https:\/\/www.modave.be\/#website","url":"https:\/\/www.modave.be\/","name":"Commune de Modave","description":"Commune de Modave","publisher":{"@id":"https:\/\/www.modave.be\/#organization"},"potentialAction":[{"@type":"SearchAction","target":{"@type":"EntryPoint","urlTemplate":"https:\/\/www.modave.be\/?s={search_term_string}"},"query-input":{"@type":"PropertyValueSpecification","valueRequired":true,"valueName":"search_term_string"}}],"inLanguage":"fr-FR"},{"@type":"Organization","@id":"https:\/\/www.modave.be\/#organization","name":"Commune de Modave","url":"https:\/\/www.modave.be\/","logo":{"@type":"ImageObject","inLanguage":"fr-FR","@id":"https:\/\/www.modave.be\/#\/schema\/logo\/image\/","url":"https:\/\/www.modave.be\/wp-content\/uploads\/2021\/12\/MODAVE_LOGO_HORIZONTAL_QUADRI_RVB.png","contentUrl":"https:\/\/www.modave.be\/wp-content\/uploads\/2021\/12\/MODAVE_LOGO_HORIZONTAL_QUADRI_RVB.png","width":1200,"height":501,"caption":"Commune de Modave"},"image":{"@id":"https:\/\/www.modave.be\/#\/schema\/logo\/image\/"}}]}</script>
<!-- / Yoast SEO plugin. -->

Concessions et entretien des sépultures - Commune de Modave

Concessions et entretien des sépultures Nous invitons les familles à veiller, dans la mesure du possible, à l’entretien et au renouvellement de leurs concessions. Lorsque certaines nécessitent une régularisation, de petits panneaux sont placés avec discrétion afin d’en informer les proches. Merci à chacun pour l’attention portée à ces lieux de mémoire, qui restent précieux&hellip;
