{"id":17217,"date":"2025-11-26T10:49:43","date_gmt":"2025-11-26T09:49:43","guid":{"rendered":"https:\/\/www.modave.be\/?post_type=services_communaux&#038;p=17217"},"modified":"2025-11-26T11:09:26","modified_gmt":"2025-11-26T10:09:26","slug":"exercice-militaire-du-15-au-17-dec-2025","status":"publish","type":"services_communaux","link":"https:\/\/www.modave.be\/index.php\/services_communaux\/exercice-militaire-du-15-au-17-dec-2025\/","title":{"rendered":"Exercice militaire | Du 15 au 17 d\u00e9c. 2025"},"content":{"rendered":"\n<h2 class=\"wp-block-heading\">Exercice militaire | Du 15 au 17 d\u00e9c. 2025<\/h2>\n\n\n\n<p>Un exercice aura lieu prochainement dans la r\u00e9gion, sans danger pour la population.<\/p>\n\n\n\n<p>Pr\u00e9sence possible de militaires et de v\u00e9hicules sur les routes. Aucune arme utilis\u00e9e.<\/p>\n\n\n\n<p>L\u2019exercice respecte les propri\u00e9t\u00e9s priv\u00e9es et les zones de chasse.<\/p>\n\n\n\n<p>Merci pour votre compr\u00e9hension.<\/p>\n\n\n\n<figure class=\"wp-block-image size-full\"><img decoding=\"async\" src=\"https:\/\/www.modave.be\/wp-content\/uploads\/2025\/11\/Militaire.jpg\" alt=\"\" class=\"wp-image-17218\"\/><\/figure>\n","protected":false},"excerpt":{"rendered":"<p>Exercice militaire | Du 15 au 17 d\u00e9c. 2025 Un exercice aura lieu prochainement dans la r\u00e9gion, sans danger pour la population. Pr\u00e9sence possible de militaires et de v\u00e9hicules sur les routes. Aucune arme utilis\u00e9e. L\u2019exercice respecte les propri\u00e9t\u00e9s priv\u00e9es et les zones de chasse. Merci pour votre compr\u00e9hension.<\/p>\n","protected":false},"author":9,"featured_media":17218,"menu_order":1,"template":"","categories":[1],"class_list":["post-17217","services_communaux","type-services_communaux","status-publish","has-post-thumbnail","hentry","category-non-classe","description-off"],"yoast_head":"<!-- This site is optimized with the Yoast SEO plugin v27.5 - https:\/\/yoast.com\/product\/yoast-seo-wordpress\/ -->\n<title>Exercice militaire | Du 15 au 17 d\u00e9c. 2025 - Commune de Modave<\/title>\n<meta name=\"robots\" content=\"index, follow, max-snippet:-1, max-image-preview:large, max-video-preview:-1\" \/>\n<link rel=\"canonical\" href=\"https:\/\/www.modave.be\/index.php\/services_communaux\/exercice-militaire-du-15-au-17-dec-2025\/\" \/>\n<meta property=\"og:locale\" content=\"fr_FR\" \/>\n<meta property=\"og:type\" content=\"article\" \/>\n<meta property=\"og:title\" content=\"Exercice militaire | Du 15 au 17 d\u00e9c. 2025 - Commune de Modave\" \/>\n<meta property=\"og:description\" content=\"Exercice militaire | Du 15 au 17 d\u00e9c. 2025 Un exercice aura lieu prochainement dans la r\u00e9gion, sans danger pour la population. Pr\u00e9sence possible de militaires et de v\u00e9hicules sur les routes. Aucune arme utilis\u00e9e. L\u2019exercice respecte les propri\u00e9t\u00e9s priv\u00e9es et les zones de chasse. Merci pour votre compr\u00e9hension.\" \/>\n<meta property=\"og:url\" content=\"https:\/\/www.modave.be\/index.php\/services_communaux\/exercice-militaire-du-15-au-17-dec-2025\/\" \/>\n<meta property=\"og:site_name\" content=\"Commune de Modave\" \/>\n<meta property=\"article:modified_time\" content=\"2025-11-26T10:09:26+00:00\" \/>\n<meta property=\"og:image\" content=\"https:\/\/www.modave.be\/wp-content\/uploads\/2025\/11\/Militaire-e1764151543841.jpg\" \/>\n\t<meta property=\"og:image:width\" content=\"1080\" \/>\n\t<meta property=\"og:image:height\" content=\"540\" \/>\n\t<meta property=\"og:image:type\" content=\"image\/jpeg\" \/>\n<meta name=\"twitter:card\" content=\"summary_large_image\" \/>\n<script type=\"application\/ld+json\" class=\"yoast-schema-graph\">{\"@context\":\"https:\\\/\\\/schema.org\",\"@graph\":[{\"@type\":\"WebPage\",\"@id\":\"https:\\\/\\\/www.modave.be\\\/index.php\\\/services_communaux\\\/exercice-militaire-du-15-au-17-dec-2025\\\/\",\"url\":\"https:\\\/\\\/www.modave.be\\\/index.php\\\/services_communaux\\\/exercice-militaire-du-15-au-17-dec-2025\\\/\",\"name\":\"Exercice militaire | Du 15 au 17 d\u00e9c. 2025 - Commune de Modave\",\"isPartOf\":{\"@id\":\"https:\\\/\\\/www.modave.be\\\/#website\"},\"primaryImageOfPage\":{\"@id\":\"https:\\\/\\\/www.modave.be\\\/index.php\\\/services_communaux\\\/exercice-militaire-du-15-au-17-dec-2025\\\/#primaryimage\"},\"image\":{\"@id\":\"https:\\\/\\\/www.modave.be\\\/index.php\\\/services_communaux\\\/exercice-militaire-du-15-au-17-dec-2025\\\/#primaryimage\"},\"thumbnailUrl\":\"https:\\\/\\\/www.modave.be\\\/wp-content\\\/uploads\\\/2025\\\/11\\\/Militaire-e1764151543841.jpg\",\"datePublished\":\"2025-11-26T09:49:43+00:00\",\"dateModified\":\"2025-11-26T10:09:26+00:00\",\"breadcrumb\":{\"@id\":\"https:\\\/\\\/www.modave.be\\\/index.php\\\/services_communaux\\\/exercice-militaire-du-15-au-17-dec-2025\\\/#breadcrumb\"},\"inLanguage\":\"fr-FR\",\"potentialAction\":[{\"@type\":\"ReadAction\",\"target\":[\"https:\\\/\\\/www.modave.be\\\/index.php\\\/services_communaux\\\/exercice-militaire-du-15-au-17-dec-2025\\\/\"]}]},{\"@type\":\"ImageObject\",\"inLanguage\":\"fr-FR\",\"@id\":\"https:\\\/\\\/www.modave.be\\\/index.php\\\/services_communaux\\\/exercice-militaire-du-15-au-17-dec-2025\\\/#primaryimage\",\"url\":\"https:\\\/\\\/www.modave.be\\\/wp-content\\\/uploads\\\/2025\\\/11\\\/Militaire-e1764151543841.jpg\",\"contentUrl\":\"https:\\\/\\\/www.modave.be\\\/wp-content\\\/uploads\\\/2025\\\/11\\\/Militaire-e1764151543841.jpg\",\"width\":1080,\"height\":540},{\"@type\":\"BreadcrumbList\",\"@id\":\"https:\\\/\\\/www.modave.be\\\/index.php\\\/services_communaux\\\/exercice-militaire-du-15-au-17-dec-2025\\\/#breadcrumb\",\"itemListElement\":[{\"@type\":\"ListItem\",\"position\":1,\"name\":\"Accueil\",\"item\":\"https:\\\/\\\/www.modave.be\\\/\"},{\"@type\":\"ListItem\",\"position\":2,\"name\":\"Exercice militaire | Du 15 au 17 d\u00e9c. 2025\"}]},{\"@type\":\"WebSite\",\"@id\":\"https:\\\/\\\/www.modave.be\\\/#website\",\"url\":\"https:\\\/\\\/www.modave.be\\\/\",\"name\":\"Commune de Modave\",\"description\":\"Commune de Modave\",\"publisher\":{\"@id\":\"https:\\\/\\\/www.modave.be\\\/#organization\"},\"potentialAction\":[{\"@type\":\"SearchAction\",\"target\":{\"@type\":\"EntryPoint\",\"urlTemplate\":\"https:\\\/\\\/www.modave.be\\\/?s={search_term_string}\"},\"query-input\":{\"@type\":\"PropertyValueSpecification\",\"valueRequired\":true,\"valueName\":\"search_term_string\"}}],\"inLanguage\":\"fr-FR\"},{\"@type\":\"Organization\",\"@id\":\"https:\\\/\\\/www.modave.be\\\/#organization\",\"name\":\"Commune de Modave\",\"url\":\"https:\\\/\\\/www.modave.be\\\/\",\"logo\":{\"@type\":\"ImageObject\",\"inLanguage\":\"fr-FR\",\"@id\":\"https:\\\/\\\/www.modave.be\\\/#\\\/schema\\\/logo\\\/image\\\/\",\"url\":\"https:\\\/\\\/www.modave.be\\\/wp-content\\\/uploads\\\/2021\\\/12\\\/MODAVE_LOGO_HORIZONTAL_QUADRI_RVB.png\",\"contentUrl\":\"https:\\\/\\\/www.modave.be\\\/wp-content\\\/uploads\\\/2021\\\/12\\\/MODAVE_LOGO_HORIZONTAL_QUADRI_RVB.png\",\"width\":1200,\"height\":501,\"caption\":\"Commune de Modave\"},\"image\":{\"@id\":\"https:\\\/\\\/www.modave.be\\\/#\\\/schema\\\/logo\\\/image\\\/\"}}]}<\/script>\n<!-- \/ Yoast SEO plugin. -->","yoast_head_json":{"title":"Exercice militaire | Du 15 au 17 d\u00e9c. 2025 - Commune de Modave","robots":{"index":"index","follow":"follow","max-snippet":"max-snippet:-1","max-image-preview":"max-image-preview:large","max-video-preview":"max-video-preview:-1"},"canonical":"https:\/\/www.modave.be\/index.php\/services_communaux\/exercice-militaire-du-15-au-17-dec-2025\/","og_locale":"fr_FR","og_type":"article","og_title":"Exercice militaire | Du 15 au 17 d\u00e9c. 2025 - Commune de Modave","og_description":"Exercice militaire | Du 15 au 17 d\u00e9c. 2025 Un exercice aura lieu prochainement dans la r\u00e9gion, sans danger pour la population. Pr\u00e9sence possible de militaires et de v\u00e9hicules sur les routes. Aucune arme utilis\u00e9e. L\u2019exercice respecte les propri\u00e9t\u00e9s priv\u00e9es et les zones de chasse. Merci pour votre compr\u00e9hension.","og_url":"https:\/\/www.modave.be\/index.php\/services_communaux\/exercice-militaire-du-15-au-17-dec-2025\/","og_site_name":"Commune de Modave","article_modified_time":"2025-11-26T10:09:26+00:00","og_image":[{"width":1080,"height":540,"url":"https:\/\/www.modave.be\/wp-content\/uploads\/2025\/11\/Militaire-e1764151543841.jpg","type":"image\/jpeg"}],"twitter_card":"summary_large_image","schema":{"@context":"https:\/\/schema.org","@graph":[{"@type":"WebPage","@id":"https:\/\/www.modave.be\/index.php\/services_communaux\/exercice-militaire-du-15-au-17-dec-2025\/","url":"https:\/\/www.modave.be\/index.php\/services_communaux\/exercice-militaire-du-15-au-17-dec-2025\/","name":"Exercice militaire | Du 15 au 17 d\u00e9c. 2025 - Commune de Modave","isPartOf":{"@id":"https:\/\/www.modave.be\/#website"},"primaryImageOfPage":{"@id":"https:\/\/www.modave.be\/index.php\/services_communaux\/exercice-militaire-du-15-au-17-dec-2025\/#primaryimage"},"image":{"@id":"https:\/\/www.modave.be\/index.php\/services_communaux\/exercice-militaire-du-15-au-17-dec-2025\/#primaryimage"},"thumbnailUrl":"https:\/\/www.modave.be\/wp-content\/uploads\/2025\/11\/Militaire-e1764151543841.jpg","datePublished":"2025-11-26T09:49:43+00:00","dateModified":"2025-11-26T10:09:26+00:00","breadcrumb":{"@id":"https:\/\/www.modave.be\/index.php\/services_communaux\/exercice-militaire-du-15-au-17-dec-2025\/#breadcrumb"},"inLanguage":"fr-FR","potentialAction":[{"@type":"ReadAction","target":["https:\/\/www.modave.be\/index.php\/services_communaux\/exercice-militaire-du-15-au-17-dec-2025\/"]}]},{"@type":"ImageObject","inLanguage":"fr-FR","@id":"https:\/\/www.modave.be\/index.php\/services_communaux\/exercice-militaire-du-15-au-17-dec-2025\/#primaryimage","url":"https:\/\/www.modave.be\/wp-content\/uploads\/2025\/11\/Militaire-e1764151543841.jpg","contentUrl":"https:\/\/www.modave.be\/wp-content\/uploads\/2025\/11\/Militaire-e1764151543841.jpg","width":1080,"height":540},{"@type":"BreadcrumbList","@id":"https:\/\/www.modave.be\/index.php\/services_communaux\/exercice-militaire-du-15-au-17-dec-2025\/#breadcrumb","itemListElement":[{"@type":"ListItem","position":1,"name":"Accueil","item":"https:\/\/www.modave.be\/"},{"@type":"ListItem","position":2,"name":"Exercice militaire | Du 15 au 17 d\u00e9c. 2025"}]},{"@type":"WebSite","@id":"https:\/\/www.modave.be\/#website","url":"https:\/\/www.modave.be\/","name":"Commune de Modave","description":"Commune de Modave","publisher":{"@id":"https:\/\/www.modave.be\/#organization"},"potentialAction":[{"@type":"SearchAction","target":{"@type":"EntryPoint","urlTemplate":"https:\/\/www.modave.be\/?s={search_term_string}"},"query-input":{"@type":"PropertyValueSpecification","valueRequired":true,"valueName":"search_term_string"}}],"inLanguage":"fr-FR"},{"@type":"Organization","@id":"https:\/\/www.modave.be\/#organization","name":"Commune de Modave","url":"https:\/\/www.modave.be\/","logo":{"@type":"ImageObject","inLanguage":"fr-FR","@id":"https:\/\/www.modave.be\/#\/schema\/logo\/image\/","url":"https:\/\/www.modave.be\/wp-content\/uploads\/2021\/12\/MODAVE_LOGO_HORIZONTAL_QUADRI_RVB.png","contentUrl":"https:\/\/www.modave.be\/wp-content\/uploads\/2021\/12\/MODAVE_LOGO_HORIZONTAL_QUADRI_RVB.png","width":1200,"height":501,"caption":"Commune de Modave"},"image":{"@id":"https:\/\/www.modave.be\/#\/schema\/logo\/image\/"}}]}},"_links":{"self":[{"href":"https:\/\/www.modave.be\/index.php\/wp-json\/wp\/v2\/services_communaux\/17217","targetHints":{"allow":["GET"]}}],"collection":[{"href":"https:\/\/www.modave.be\/index.php\/wp-json\/wp\/v2\/services_communaux"}],"about":[{"href":"https:\/\/www.modave.be\/index.php\/wp-json\/wp\/v2\/types\/services_communaux"}],"author":[{"embeddable":true,"href":"https:\/\/www.modave.be\/index.php\/wp-json\/wp\/v2\/users\/9"}],"wp:featuredmedia":[{"embeddable":true,"href":"https:\/\/www.modave.be\/index.php\/wp-json\/wp\/v2\/media\/17218"}],"wp:attachment":[{"href":"https:\/\/www.modave.be\/index.php\/wp-json\/wp\/v2\/media?parent=17217"}],"wp:term":[{"taxonomy":"category","embeddable":true,"href":"https:\/\/www.modave.be\/index.php\/wp-json\/wp\/v2\/categories?post=17217"}],"curies":[{"name":"wp","href":"https:\/\/api.w.org\/{rel}","templated":true}]}}

Exercice militaire | Du 15 au 17 déc. 2025

<h2 class="wp-block-heading">Exercice militaire | Du 15 au 17 déc. 2025</h2>



<p>Un exercice aura lieu prochainement dans la région, sans danger pour la population.</p>



<p>Présence possible de militaires et de véhicules sur les routes. Aucune arme utilisée.</p>



<p>L’exercice respecte les propriétés privées et les zones de chasse.</p>



<p>Merci pour votre compréhension.</p>



<figure class="wp-block-image size-full"><img decoding="async" src="https://www.modave.be/wp-content/uploads/2025/11/Militaire.jpg" alt="" class="wp-image-17218"/></figure>

<p>Exercice militaire | Du 15 au 17 déc. 2025 Un exercice aura lieu prochainement dans la région, sans danger pour la population. Présence possible de militaires et de véhicules sur les routes. Aucune arme utilisée. L’exercice respecte les propriétés privées et les zones de chasse. Merci pour votre compréhension.</p>

<!-- This site is optimized with the Yoast SEO plugin v27.5 - https://yoast.com/product/yoast-seo-wordpress/ -->
<title>Exercice militaire | Du 15 au 17 déc. 2025 - Commune de Modave</title>
<meta name="robots" content="index, follow, max-snippet:-1, max-image-preview:large, max-video-preview:-1" />
<link rel="canonical" href="https://www.modave.be/index.php/services_communaux/exercice-militaire-du-15-au-17-dec-2025/" />
<meta property="og:locale" content="fr_FR" />
<meta property="og:type" content="article" />
<meta property="og:title" content="Exercice militaire | Du 15 au 17 déc. 2025 - Commune de Modave" />
<meta property="og:description" content="Exercice militaire | Du 15 au 17 déc. 2025 Un exercice aura lieu prochainement dans la région, sans danger pour la population. Présence possible de militaires et de véhicules sur les routes. Aucune arme utilisée. L’exercice respecte les propriétés privées et les zones de chasse. Merci pour votre compréhension." />
<meta property="og:url" content="https://www.modave.be/index.php/services_communaux/exercice-militaire-du-15-au-17-dec-2025/" />
<meta property="og:site_name" content="Commune de Modave" />
<meta property="article:modified_time" content="2025-11-26T10:09:26+00:00" />
<meta property="og:image" content="https://www.modave.be/wp-content/uploads/2025/11/Militaire-e1764151543841.jpg" />
	<meta property="og:image:width" content="1080" />
	<meta property="og:image:height" content="540" />
	<meta property="og:image:type" content="image/jpeg" />
<meta name="twitter:card" content="summary_large_image" />
<script type="application/ld+json" class="yoast-schema-graph">{"@context":"https:\/\/schema.org","@graph":[{"@type":"WebPage","@id":"https:\/\/www.modave.be\/index.php\/services_communaux\/exercice-militaire-du-15-au-17-dec-2025\/","url":"https:\/\/www.modave.be\/index.php\/services_communaux\/exercice-militaire-du-15-au-17-dec-2025\/","name":"Exercice militaire | Du 15 au 17 déc. 2025 - Commune de Modave","isPartOf":{"@id":"https:\/\/www.modave.be\/#website"},"primaryImageOfPage":{"@id":"https:\/\/www.modave.be\/index.php\/services_communaux\/exercice-militaire-du-15-au-17-dec-2025\/#primaryimage"},"image":{"@id":"https:\/\/www.modave.be\/index.php\/services_communaux\/exercice-militaire-du-15-au-17-dec-2025\/#primaryimage"},"thumbnailUrl":"https:\/\/www.modave.be\/wp-content\/uploads\/2025\/11\/Militaire-e1764151543841.jpg","datePublished":"2025-11-26T09:49:43+00:00","dateModified":"2025-11-26T10:09:26+00:00","breadcrumb":{"@id":"https:\/\/www.modave.be\/index.php\/services_communaux\/exercice-militaire-du-15-au-17-dec-2025\/#breadcrumb"},"inLanguage":"fr-FR","potentialAction":[{"@type":"ReadAction","target":["https:\/\/www.modave.be\/index.php\/services_communaux\/exercice-militaire-du-15-au-17-dec-2025\/"]}]},{"@type":"ImageObject","inLanguage":"fr-FR","@id":"https:\/\/www.modave.be\/index.php\/services_communaux\/exercice-militaire-du-15-au-17-dec-2025\/#primaryimage","url":"https:\/\/www.modave.be\/wp-content\/uploads\/2025\/11\/Militaire-e1764151543841.jpg","contentUrl":"https:\/\/www.modave.be\/wp-content\/uploads\/2025\/11\/Militaire-e1764151543841.jpg","width":1080,"height":540},{"@type":"BreadcrumbList","@id":"https:\/\/www.modave.be\/index.php\/services_communaux\/exercice-militaire-du-15-au-17-dec-2025\/#breadcrumb","itemListElement":[{"@type":"ListItem","position":1,"name":"Accueil","item":"https:\/\/www.modave.be\/"},{"@type":"ListItem","position":2,"name":"Exercice militaire | Du 15 au 17 déc. 2025"}]},{"@type":"WebSite","@id":"https:\/\/www.modave.be\/#website","url":"https:\/\/www.modave.be\/","name":"Commune de Modave","description":"Commune de Modave","publisher":{"@id":"https:\/\/www.modave.be\/#organization"},"potentialAction":[{"@type":"SearchAction","target":{"@type":"EntryPoint","urlTemplate":"https:\/\/www.modave.be\/?s={search_term_string}"},"query-input":{"@type":"PropertyValueSpecification","valueRequired":true,"valueName":"search_term_string"}}],"inLanguage":"fr-FR"},{"@type":"Organization","@id":"https:\/\/www.modave.be\/#organization","name":"Commune de Modave","url":"https:\/\/www.modave.be\/","logo":{"@type":"ImageObject","inLanguage":"fr-FR","@id":"https:\/\/www.modave.be\/#\/schema\/logo\/image\/","url":"https:\/\/www.modave.be\/wp-content\/uploads\/2021\/12\/MODAVE_LOGO_HORIZONTAL_QUADRI_RVB.png","contentUrl":"https:\/\/www.modave.be\/wp-content\/uploads\/2021\/12\/MODAVE_LOGO_HORIZONTAL_QUADRI_RVB.png","width":1200,"height":501,"caption":"Commune de Modave"},"image":{"@id":"https:\/\/www.modave.be\/#\/schema\/logo\/image\/"}}]}</script>
<!-- / Yoast SEO plugin. -->

Exercice militaire | Du 15 au 17 déc. 2025 - Commune de Modave

Exercice militaire | Du 15 au 17 déc. 2025 Un exercice aura lieu prochainement dans la région, sans danger pour la population. Présence possible de militaires et de véhicules sur les routes. Aucune arme utilisée. L’exercice respecte les propriétés privées et les zones de chasse. Merci pour votre compréhension.
