{"id":17219,"date":"2025-11-26T11:00:31","date_gmt":"2025-11-26T10:00:31","guid":{"rendered":"https:\/\/www.modave.be\/?post_type=services_communaux&#038;p=17219"},"modified":"2025-11-26T11:00:32","modified_gmt":"2025-11-26T10:00:32","slug":"tir-de-mine-28-nov-2025","status":"publish","type":"services_communaux","link":"https:\/\/www.modave.be\/index.php\/services_communaux\/tir-de-mine-28-nov-2025\/","title":{"rendered":"Tir de mine | 28 nov. 2025"},"content":{"rendered":"\n<h2 class=\"wp-block-heading\">Tir de mine | 28 nov. 2025<\/h2>\n\n\n\n<p>Nous vous informons qu\u2019un tir sera r\u00e9alis\u00e9 \u00e0 la carri\u00e8re Les Bi\u00e9leux \u00e0 Modave le <strong>28 novembre entre 12h et 14h<\/strong>.<\/p>\n\n\n\n<p>Il s\u2019agit d\u2019une op\u00e9ration contr\u00f4l\u00e9e et encadr\u00e9e par des professionnels.<br>Des d\u00e9tonations pourraient \u00eatre entendues aux alentours.<\/p>\n\n\n\n<p>N\u2019h\u00e9sitez pas \u00e0 en informer votre entourage, et merci pour votre attention.<\/p>\n\n\n\n<figure class=\"wp-block-image size-full\"><img fetchpriority=\"high\" decoding=\"async\" width=\"1080\" height=\"1080\" src=\"https:\/\/www.modave.be\/wp-content\/uploads\/2025\/11\/Tir-1.jpg\" alt=\"\" class=\"wp-image-17220\" srcset=\"https:\/\/www.modave.be\/wp-content\/uploads\/2025\/11\/Tir-1.jpg 1080w, https:\/\/www.modave.be\/wp-content\/uploads\/2025\/11\/Tir-1-300x300.jpg 300w, https:\/\/www.modave.be\/wp-content\/uploads\/2025\/11\/Tir-1-1024x1024.jpg 1024w, https:\/\/www.modave.be\/wp-content\/uploads\/2025\/11\/Tir-1-150x150.jpg 150w, https:\/\/www.modave.be\/wp-content\/uploads\/2025\/11\/Tir-1-768x768.jpg 768w\" sizes=\"(max-width: 1080px) 100vw, 1080px\" \/><\/figure>\n","protected":false},"excerpt":{"rendered":"<p>Tir de mine | 28 nov. 2025 Nous vous informons qu\u2019un tir sera r\u00e9alis\u00e9 \u00e0 la carri\u00e8re Les Bi\u00e9leux \u00e0 Modave le 28 novembre entre 12h et 14h. Il s\u2019agit d\u2019une op\u00e9ration contr\u00f4l\u00e9e et encadr\u00e9e par des professionnels.Des d\u00e9tonations pourraient \u00eatre entendues aux alentours. N\u2019h\u00e9sitez pas \u00e0 en informer votre entourage, et merci pour votre&hellip;<\/p>\n","protected":false},"author":9,"featured_media":12395,"menu_order":1,"template":"","categories":[1],"class_list":["post-17219","services_communaux","type-services_communaux","status-publish","has-post-thumbnail","hentry","category-non-classe","description-off"],"yoast_head":"<!-- This site is optimized with the Yoast SEO plugin v27.5 - https:\/\/yoast.com\/product\/yoast-seo-wordpress\/ -->\n<title>Tir de mine | 28 nov. 2025 - Commune de Modave<\/title>\n<meta name=\"robots\" content=\"index, follow, max-snippet:-1, max-image-preview:large, max-video-preview:-1\" \/>\n<link rel=\"canonical\" href=\"https:\/\/www.modave.be\/index.php\/services_communaux\/tir-de-mine-28-nov-2025\/\" \/>\n<meta property=\"og:locale\" content=\"fr_FR\" \/>\n<meta property=\"og:type\" content=\"article\" \/>\n<meta property=\"og:title\" content=\"Tir de mine | 28 nov. 2025 - Commune de Modave\" \/>\n<meta property=\"og:description\" content=\"Tir de mine | 28 nov. 2025 Nous vous informons qu\u2019un tir sera r\u00e9alis\u00e9 \u00e0 la carri\u00e8re Les Bi\u00e9leux \u00e0 Modave le 28 novembre entre 12h et 14h. Il s\u2019agit d\u2019une op\u00e9ration contr\u00f4l\u00e9e et encadr\u00e9e par des professionnels.Des d\u00e9tonations pourraient \u00eatre entendues aux alentours. N\u2019h\u00e9sitez pas \u00e0 en informer votre entourage, et merci pour votre&hellip;\" \/>\n<meta property=\"og:url\" content=\"https:\/\/www.modave.be\/index.php\/services_communaux\/tir-de-mine-28-nov-2025\/\" \/>\n<meta property=\"og:site_name\" content=\"Commune de Modave\" \/>\n<meta property=\"article:modified_time\" content=\"2025-11-26T10:00:32+00:00\" \/>\n<meta property=\"og:image\" content=\"https:\/\/www.modave.be\/wp-content\/uploads\/2023\/04\/chantier-v2-e1727685320454.jpg\" \/>\n\t<meta property=\"og:image:width\" content=\"1280\" \/>\n\t<meta property=\"og:image:height\" content=\"640\" \/>\n\t<meta property=\"og:image:type\" content=\"image\/jpeg\" \/>\n<meta name=\"twitter:card\" content=\"summary_large_image\" \/>\n<script type=\"application\/ld+json\" class=\"yoast-schema-graph\">{\"@context\":\"https:\\\/\\\/schema.org\",\"@graph\":[{\"@type\":\"WebPage\",\"@id\":\"https:\\\/\\\/www.modave.be\\\/index.php\\\/services_communaux\\\/tir-de-mine-28-nov-2025\\\/\",\"url\":\"https:\\\/\\\/www.modave.be\\\/index.php\\\/services_communaux\\\/tir-de-mine-28-nov-2025\\\/\",\"name\":\"Tir de mine | 28 nov. 2025 - Commune de Modave\",\"isPartOf\":{\"@id\":\"https:\\\/\\\/www.modave.be\\\/#website\"},\"primaryImageOfPage\":{\"@id\":\"https:\\\/\\\/www.modave.be\\\/index.php\\\/services_communaux\\\/tir-de-mine-28-nov-2025\\\/#primaryimage\"},\"image\":{\"@id\":\"https:\\\/\\\/www.modave.be\\\/index.php\\\/services_communaux\\\/tir-de-mine-28-nov-2025\\\/#primaryimage\"},\"thumbnailUrl\":\"https:\\\/\\\/www.modave.be\\\/wp-content\\\/uploads\\\/2023\\\/04\\\/chantier-v2-e1727685320454.jpg\",\"datePublished\":\"2025-11-26T10:00:31+00:00\",\"dateModified\":\"2025-11-26T10:00:32+00:00\",\"breadcrumb\":{\"@id\":\"https:\\\/\\\/www.modave.be\\\/index.php\\\/services_communaux\\\/tir-de-mine-28-nov-2025\\\/#breadcrumb\"},\"inLanguage\":\"fr-FR\",\"potentialAction\":[{\"@type\":\"ReadAction\",\"target\":[\"https:\\\/\\\/www.modave.be\\\/index.php\\\/services_communaux\\\/tir-de-mine-28-nov-2025\\\/\"]}]},{\"@type\":\"ImageObject\",\"inLanguage\":\"fr-FR\",\"@id\":\"https:\\\/\\\/www.modave.be\\\/index.php\\\/services_communaux\\\/tir-de-mine-28-nov-2025\\\/#primaryimage\",\"url\":\"https:\\\/\\\/www.modave.be\\\/wp-content\\\/uploads\\\/2023\\\/04\\\/chantier-v2-e1727685320454.jpg\",\"contentUrl\":\"https:\\\/\\\/www.modave.be\\\/wp-content\\\/uploads\\\/2023\\\/04\\\/chantier-v2-e1727685320454.jpg\",\"width\":1280,\"height\":640},{\"@type\":\"BreadcrumbList\",\"@id\":\"https:\\\/\\\/www.modave.be\\\/index.php\\\/services_communaux\\\/tir-de-mine-28-nov-2025\\\/#breadcrumb\",\"itemListElement\":[{\"@type\":\"ListItem\",\"position\":1,\"name\":\"Accueil\",\"item\":\"https:\\\/\\\/www.modave.be\\\/\"},{\"@type\":\"ListItem\",\"position\":2,\"name\":\"Tir de mine | 28 nov. 2025\"}]},{\"@type\":\"WebSite\",\"@id\":\"https:\\\/\\\/www.modave.be\\\/#website\",\"url\":\"https:\\\/\\\/www.modave.be\\\/\",\"name\":\"Commune de Modave\",\"description\":\"Commune de Modave\",\"publisher\":{\"@id\":\"https:\\\/\\\/www.modave.be\\\/#organization\"},\"potentialAction\":[{\"@type\":\"SearchAction\",\"target\":{\"@type\":\"EntryPoint\",\"urlTemplate\":\"https:\\\/\\\/www.modave.be\\\/?s={search_term_string}\"},\"query-input\":{\"@type\":\"PropertyValueSpecification\",\"valueRequired\":true,\"valueName\":\"search_term_string\"}}],\"inLanguage\":\"fr-FR\"},{\"@type\":\"Organization\",\"@id\":\"https:\\\/\\\/www.modave.be\\\/#organization\",\"name\":\"Commune de Modave\",\"url\":\"https:\\\/\\\/www.modave.be\\\/\",\"logo\":{\"@type\":\"ImageObject\",\"inLanguage\":\"fr-FR\",\"@id\":\"https:\\\/\\\/www.modave.be\\\/#\\\/schema\\\/logo\\\/image\\\/\",\"url\":\"https:\\\/\\\/www.modave.be\\\/wp-content\\\/uploads\\\/2021\\\/12\\\/MODAVE_LOGO_HORIZONTAL_QUADRI_RVB.png\",\"contentUrl\":\"https:\\\/\\\/www.modave.be\\\/wp-content\\\/uploads\\\/2021\\\/12\\\/MODAVE_LOGO_HORIZONTAL_QUADRI_RVB.png\",\"width\":1200,\"height\":501,\"caption\":\"Commune de Modave\"},\"image\":{\"@id\":\"https:\\\/\\\/www.modave.be\\\/#\\\/schema\\\/logo\\\/image\\\/\"}}]}<\/script>\n<!-- \/ Yoast SEO plugin. -->","yoast_head_json":{"title":"Tir de mine | 28 nov. 2025 - Commune de Modave","robots":{"index":"index","follow":"follow","max-snippet":"max-snippet:-1","max-image-preview":"max-image-preview:large","max-video-preview":"max-video-preview:-1"},"canonical":"https:\/\/www.modave.be\/index.php\/services_communaux\/tir-de-mine-28-nov-2025\/","og_locale":"fr_FR","og_type":"article","og_title":"Tir de mine | 28 nov. 2025 - Commune de Modave","og_description":"Tir de mine | 28 nov. 2025 Nous vous informons qu\u2019un tir sera r\u00e9alis\u00e9 \u00e0 la carri\u00e8re Les Bi\u00e9leux \u00e0 Modave le 28 novembre entre 12h et 14h. Il s\u2019agit d\u2019une op\u00e9ration contr\u00f4l\u00e9e et encadr\u00e9e par des professionnels.Des d\u00e9tonations pourraient \u00eatre entendues aux alentours. N\u2019h\u00e9sitez pas \u00e0 en informer votre entourage, et merci pour votre&hellip;","og_url":"https:\/\/www.modave.be\/index.php\/services_communaux\/tir-de-mine-28-nov-2025\/","og_site_name":"Commune de Modave","article_modified_time":"2025-11-26T10:00:32+00:00","og_image":[{"width":1280,"height":640,"url":"https:\/\/www.modave.be\/wp-content\/uploads\/2023\/04\/chantier-v2-e1727685320454.jpg","type":"image\/jpeg"}],"twitter_card":"summary_large_image","schema":{"@context":"https:\/\/schema.org","@graph":[{"@type":"WebPage","@id":"https:\/\/www.modave.be\/index.php\/services_communaux\/tir-de-mine-28-nov-2025\/","url":"https:\/\/www.modave.be\/index.php\/services_communaux\/tir-de-mine-28-nov-2025\/","name":"Tir de mine | 28 nov. 2025 - Commune de Modave","isPartOf":{"@id":"https:\/\/www.modave.be\/#website"},"primaryImageOfPage":{"@id":"https:\/\/www.modave.be\/index.php\/services_communaux\/tir-de-mine-28-nov-2025\/#primaryimage"},"image":{"@id":"https:\/\/www.modave.be\/index.php\/services_communaux\/tir-de-mine-28-nov-2025\/#primaryimage"},"thumbnailUrl":"https:\/\/www.modave.be\/wp-content\/uploads\/2023\/04\/chantier-v2-e1727685320454.jpg","datePublished":"2025-11-26T10:00:31+00:00","dateModified":"2025-11-26T10:00:32+00:00","breadcrumb":{"@id":"https:\/\/www.modave.be\/index.php\/services_communaux\/tir-de-mine-28-nov-2025\/#breadcrumb"},"inLanguage":"fr-FR","potentialAction":[{"@type":"ReadAction","target":["https:\/\/www.modave.be\/index.php\/services_communaux\/tir-de-mine-28-nov-2025\/"]}]},{"@type":"ImageObject","inLanguage":"fr-FR","@id":"https:\/\/www.modave.be\/index.php\/services_communaux\/tir-de-mine-28-nov-2025\/#primaryimage","url":"https:\/\/www.modave.be\/wp-content\/uploads\/2023\/04\/chantier-v2-e1727685320454.jpg","contentUrl":"https:\/\/www.modave.be\/wp-content\/uploads\/2023\/04\/chantier-v2-e1727685320454.jpg","width":1280,"height":640},{"@type":"BreadcrumbList","@id":"https:\/\/www.modave.be\/index.php\/services_communaux\/tir-de-mine-28-nov-2025\/#breadcrumb","itemListElement":[{"@type":"ListItem","position":1,"name":"Accueil","item":"https:\/\/www.modave.be\/"},{"@type":"ListItem","position":2,"name":"Tir de mine | 28 nov. 2025"}]},{"@type":"WebSite","@id":"https:\/\/www.modave.be\/#website","url":"https:\/\/www.modave.be\/","name":"Commune de Modave","description":"Commune de Modave","publisher":{"@id":"https:\/\/www.modave.be\/#organization"},"potentialAction":[{"@type":"SearchAction","target":{"@type":"EntryPoint","urlTemplate":"https:\/\/www.modave.be\/?s={search_term_string}"},"query-input":{"@type":"PropertyValueSpecification","valueRequired":true,"valueName":"search_term_string"}}],"inLanguage":"fr-FR"},{"@type":"Organization","@id":"https:\/\/www.modave.be\/#organization","name":"Commune de Modave","url":"https:\/\/www.modave.be\/","logo":{"@type":"ImageObject","inLanguage":"fr-FR","@id":"https:\/\/www.modave.be\/#\/schema\/logo\/image\/","url":"https:\/\/www.modave.be\/wp-content\/uploads\/2021\/12\/MODAVE_LOGO_HORIZONTAL_QUADRI_RVB.png","contentUrl":"https:\/\/www.modave.be\/wp-content\/uploads\/2021\/12\/MODAVE_LOGO_HORIZONTAL_QUADRI_RVB.png","width":1200,"height":501,"caption":"Commune de Modave"},"image":{"@id":"https:\/\/www.modave.be\/#\/schema\/logo\/image\/"}}]}},"_links":{"self":[{"href":"https:\/\/www.modave.be\/index.php\/wp-json\/wp\/v2\/services_communaux\/17219","targetHints":{"allow":["GET"]}}],"collection":[{"href":"https:\/\/www.modave.be\/index.php\/wp-json\/wp\/v2\/services_communaux"}],"about":[{"href":"https:\/\/www.modave.be\/index.php\/wp-json\/wp\/v2\/types\/services_communaux"}],"author":[{"embeddable":true,"href":"https:\/\/www.modave.be\/index.php\/wp-json\/wp\/v2\/users\/9"}],"wp:featuredmedia":[{"embeddable":true,"href":"https:\/\/www.modave.be\/index.php\/wp-json\/wp\/v2\/media\/12395"}],"wp:attachment":[{"href":"https:\/\/www.modave.be\/index.php\/wp-json\/wp\/v2\/media?parent=17219"}],"wp:term":[{"taxonomy":"category","embeddable":true,"href":"https:\/\/www.modave.be\/index.php\/wp-json\/wp\/v2\/categories?post=17219"}],"curies":[{"name":"wp","href":"https:\/\/api.w.org\/{rel}","templated":true}]}}

<h2 class="wp-block-heading">Tir de mine | 28 nov. 2025</h2>



<p>Nous vous informons qu’un tir sera réalisé à la carrière Les Biéleux à Modave le <strong>28 novembre entre 12h et 14h</strong>.</p>



<p>Il s’agit d’une opération contrôlée et encadrée par des professionnels.<br>Des détonations pourraient être entendues aux alentours.</p>



<p>N’hésitez pas à en informer votre entourage, et merci pour votre attention.</p>



<figure class="wp-block-image size-full"><img fetchpriority="high" decoding="async" width="1080" height="1080" src="https://www.modave.be/wp-content/uploads/2025/11/Tir-1.jpg" alt="" class="wp-image-17220" srcset="https://www.modave.be/wp-content/uploads/2025/11/Tir-1.jpg 1080w, https://www.modave.be/wp-content/uploads/2025/11/Tir-1-300x300.jpg 300w, https://www.modave.be/wp-content/uploads/2025/11/Tir-1-1024x1024.jpg 1024w, https://www.modave.be/wp-content/uploads/2025/11/Tir-1-150x150.jpg 150w, https://www.modave.be/wp-content/uploads/2025/11/Tir-1-768x768.jpg 768w" sizes="(max-width: 1080px) 100vw, 1080px" /></figure>

<p>Tir de mine | 28 nov. 2025 Nous vous informons qu’un tir sera réalisé à la carrière Les Biéleux à Modave le 28 novembre entre 12h et 14h. Il s’agit d’une opération contrôlée et encadrée par des professionnels.Des détonations pourraient être entendues aux alentours. N’hésitez pas à en informer votre entourage, et merci pour votre&hellip;</p>

<!-- This site is optimized with the Yoast SEO plugin v27.5 - https://yoast.com/product/yoast-seo-wordpress/ -->
<title>Tir de mine | 28 nov. 2025 - Commune de Modave</title>
<meta name="robots" content="index, follow, max-snippet:-1, max-image-preview:large, max-video-preview:-1" />
<link rel="canonical" href="https://www.modave.be/index.php/services_communaux/tir-de-mine-28-nov-2025/" />
<meta property="og:locale" content="fr_FR" />
<meta property="og:type" content="article" />
<meta property="og:title" content="Tir de mine | 28 nov. 2025 - Commune de Modave" />
<meta property="og:description" content="Tir de mine | 28 nov. 2025 Nous vous informons qu’un tir sera réalisé à la carrière Les Biéleux à Modave le 28 novembre entre 12h et 14h. Il s’agit d’une opération contrôlée et encadrée par des professionnels.Des détonations pourraient être entendues aux alentours. N’hésitez pas à en informer votre entourage, et merci pour votre&hellip;" />
<meta property="og:url" content="https://www.modave.be/index.php/services_communaux/tir-de-mine-28-nov-2025/" />
<meta property="og:site_name" content="Commune de Modave" />
<meta property="article:modified_time" content="2025-11-26T10:00:32+00:00" />
<meta property="og:image" content="https://www.modave.be/wp-content/uploads/2023/04/chantier-v2-e1727685320454.jpg" />
	<meta property="og:image:width" content="1280" />
	<meta property="og:image:height" content="640" />
	<meta property="og:image:type" content="image/jpeg" />
<meta name="twitter:card" content="summary_large_image" />
<script type="application/ld+json" class="yoast-schema-graph">{"@context":"https:\/\/schema.org","@graph":[{"@type":"WebPage","@id":"https:\/\/www.modave.be\/index.php\/services_communaux\/tir-de-mine-28-nov-2025\/","url":"https:\/\/www.modave.be\/index.php\/services_communaux\/tir-de-mine-28-nov-2025\/","name":"Tir de mine | 28 nov. 2025 - Commune de Modave","isPartOf":{"@id":"https:\/\/www.modave.be\/#website"},"primaryImageOfPage":{"@id":"https:\/\/www.modave.be\/index.php\/services_communaux\/tir-de-mine-28-nov-2025\/#primaryimage"},"image":{"@id":"https:\/\/www.modave.be\/index.php\/services_communaux\/tir-de-mine-28-nov-2025\/#primaryimage"},"thumbnailUrl":"https:\/\/www.modave.be\/wp-content\/uploads\/2023\/04\/chantier-v2-e1727685320454.jpg","datePublished":"2025-11-26T10:00:31+00:00","dateModified":"2025-11-26T10:00:32+00:00","breadcrumb":{"@id":"https:\/\/www.modave.be\/index.php\/services_communaux\/tir-de-mine-28-nov-2025\/#breadcrumb"},"inLanguage":"fr-FR","potentialAction":[{"@type":"ReadAction","target":["https:\/\/www.modave.be\/index.php\/services_communaux\/tir-de-mine-28-nov-2025\/"]}]},{"@type":"ImageObject","inLanguage":"fr-FR","@id":"https:\/\/www.modave.be\/index.php\/services_communaux\/tir-de-mine-28-nov-2025\/#primaryimage","url":"https:\/\/www.modave.be\/wp-content\/uploads\/2023\/04\/chantier-v2-e1727685320454.jpg","contentUrl":"https:\/\/www.modave.be\/wp-content\/uploads\/2023\/04\/chantier-v2-e1727685320454.jpg","width":1280,"height":640},{"@type":"BreadcrumbList","@id":"https:\/\/www.modave.be\/index.php\/services_communaux\/tir-de-mine-28-nov-2025\/#breadcrumb","itemListElement":[{"@type":"ListItem","position":1,"name":"Accueil","item":"https:\/\/www.modave.be\/"},{"@type":"ListItem","position":2,"name":"Tir de mine | 28 nov. 2025"}]},{"@type":"WebSite","@id":"https:\/\/www.modave.be\/#website","url":"https:\/\/www.modave.be\/","name":"Commune de Modave","description":"Commune de Modave","publisher":{"@id":"https:\/\/www.modave.be\/#organization"},"potentialAction":[{"@type":"SearchAction","target":{"@type":"EntryPoint","urlTemplate":"https:\/\/www.modave.be\/?s={search_term_string}"},"query-input":{"@type":"PropertyValueSpecification","valueRequired":true,"valueName":"search_term_string"}}],"inLanguage":"fr-FR"},{"@type":"Organization","@id":"https:\/\/www.modave.be\/#organization","name":"Commune de Modave","url":"https:\/\/www.modave.be\/","logo":{"@type":"ImageObject","inLanguage":"fr-FR","@id":"https:\/\/www.modave.be\/#\/schema\/logo\/image\/","url":"https:\/\/www.modave.be\/wp-content\/uploads\/2021\/12\/MODAVE_LOGO_HORIZONTAL_QUADRI_RVB.png","contentUrl":"https:\/\/www.modave.be\/wp-content\/uploads\/2021\/12\/MODAVE_LOGO_HORIZONTAL_QUADRI_RVB.png","width":1200,"height":501,"caption":"Commune de Modave"},"image":{"@id":"https:\/\/www.modave.be\/#\/schema\/logo\/image\/"}}]}</script>
<!-- / Yoast SEO plugin. -->

Tir de mine | 28 nov. 2025 Nous vous informons qu’un tir sera réalisé à la carrière Les Biéleux à Modave le 28 novembre entre 12h et 14h. Il s’agit d’une opération contrôlée et encadrée par des professionnels.Des détonations pourraient être entendues aux alentours. N’hésitez pas à en informer votre entourage, et merci pour votre&hellip;
