{"id":17224,"date":"2025-11-28T14:03:55","date_gmt":"2025-11-28T13:03:55","guid":{"rendered":"https:\/\/www.modave.be\/?post_type=services_communaux&#038;p=17224"},"modified":"2025-11-28T14:05:59","modified_gmt":"2025-11-28T13:05:59","slug":"avis-de-tir-a-la-carriere-4-dec-2025","status":"publish","type":"services_communaux","link":"https:\/\/www.modave.be\/index.php\/services_communaux\/avis-de-tir-a-la-carriere-4-dec-2025\/","title":{"rendered":"Avis de tir \u00e0 la carri\u00e8re | 4 d\u00e9c. 2025"},"content":{"rendered":"\n<h2 class=\"wp-block-heading\">Avis de tir \u00e0 la carri\u00e8re | 4 d\u00e9c. 2025<\/h2>\n\n\n\n<p>Un tir aura lieu <strong>ce 4 d\u00e9cembre<\/strong>, <strong>entre 12h et 14h<\/strong>, au sein de la carri\u00e8re Les Bi\u00e9leux \u00e0 Modave.<\/p>\n\n\n\n<p>L\u2019intervention sera enti\u00e8rement s\u00e9curis\u00e9e et r\u00e9alis\u00e9e par une \u00e9quipe sp\u00e9cialis\u00e9e.<br>Des bruits d\u2019explosion pourront \u00eatre entendus dans les environs durant cette plage horaire.<\/p>\n\n\n\n<p>Merci d\u2019en prendre bonne note et de relayer l\u2019information autour de vous.<\/p>\n\n\n\n<figure class=\"wp-block-image size-full\"><img fetchpriority=\"high\" decoding=\"async\" width=\"1080\" height=\"1080\" src=\"https:\/\/www.modave.be\/wp-content\/uploads\/2025\/11\/Tir-2.jpg\" alt=\"\" class=\"wp-image-17226\" srcset=\"https:\/\/www.modave.be\/wp-content\/uploads\/2025\/11\/Tir-2.jpg 1080w, https:\/\/www.modave.be\/wp-content\/uploads\/2025\/11\/Tir-2-300x300.jpg 300w, https:\/\/www.modave.be\/wp-content\/uploads\/2025\/11\/Tir-2-1024x1024.jpg 1024w, https:\/\/www.modave.be\/wp-content\/uploads\/2025\/11\/Tir-2-150x150.jpg 150w, https:\/\/www.modave.be\/wp-content\/uploads\/2025\/11\/Tir-2-768x768.jpg 768w\" sizes=\"(max-width: 1080px) 100vw, 1080px\" \/><\/figure>\n","protected":false},"excerpt":{"rendered":"<p>Avis de tir \u00e0 la carri\u00e8re | 4 d\u00e9c. 2025 Un tir aura lieu ce 4 d\u00e9cembre, entre 12h et 14h, au sein de la carri\u00e8re Les Bi\u00e9leux \u00e0 Modave. L\u2019intervention sera enti\u00e8rement s\u00e9curis\u00e9e et r\u00e9alis\u00e9e par une \u00e9quipe sp\u00e9cialis\u00e9e.Des bruits d\u2019explosion pourront \u00eatre entendus dans les environs durant cette plage horaire. Merci d\u2019en prendre&hellip;<\/p>\n","protected":false},"author":9,"featured_media":12395,"menu_order":1,"template":"","categories":[1],"class_list":["post-17224","services_communaux","type-services_communaux","status-publish","has-post-thumbnail","hentry","category-non-classe","description-off"],"yoast_head":"<!-- This site is optimized with the Yoast SEO plugin v27.5 - https:\/\/yoast.com\/product\/yoast-seo-wordpress\/ -->\n<title>Avis de tir \u00e0 la carri\u00e8re | 4 d\u00e9c. 2025 - Commune de Modave<\/title>\n<meta name=\"robots\" content=\"index, follow, max-snippet:-1, max-image-preview:large, max-video-preview:-1\" \/>\n<link rel=\"canonical\" href=\"https:\/\/www.modave.be\/index.php\/services_communaux\/avis-de-tir-a-la-carriere-4-dec-2025\/\" \/>\n<meta property=\"og:locale\" content=\"fr_FR\" \/>\n<meta property=\"og:type\" content=\"article\" \/>\n<meta property=\"og:title\" content=\"Avis de tir \u00e0 la carri\u00e8re | 4 d\u00e9c. 2025 - Commune de Modave\" \/>\n<meta property=\"og:description\" content=\"Avis de tir \u00e0 la carri\u00e8re | 4 d\u00e9c. 2025 Un tir aura lieu ce 4 d\u00e9cembre, entre 12h et 14h, au sein de la carri\u00e8re Les Bi\u00e9leux \u00e0 Modave. L\u2019intervention sera enti\u00e8rement s\u00e9curis\u00e9e et r\u00e9alis\u00e9e par une \u00e9quipe sp\u00e9cialis\u00e9e.Des bruits d\u2019explosion pourront \u00eatre entendus dans les environs durant cette plage horaire. Merci d\u2019en prendre&hellip;\" \/>\n<meta property=\"og:url\" content=\"https:\/\/www.modave.be\/index.php\/services_communaux\/avis-de-tir-a-la-carriere-4-dec-2025\/\" \/>\n<meta property=\"og:site_name\" content=\"Commune de Modave\" \/>\n<meta property=\"article:modified_time\" content=\"2025-11-28T13:05:59+00:00\" \/>\n<meta property=\"og:image\" content=\"https:\/\/www.modave.be\/wp-content\/uploads\/2023\/04\/chantier-v2-e1727685320454.jpg\" \/>\n\t<meta property=\"og:image:width\" content=\"1280\" \/>\n\t<meta property=\"og:image:height\" content=\"640\" \/>\n\t<meta property=\"og:image:type\" content=\"image\/jpeg\" \/>\n<meta name=\"twitter:card\" content=\"summary_large_image\" \/>\n<script type=\"application\/ld+json\" class=\"yoast-schema-graph\">{\"@context\":\"https:\\\/\\\/schema.org\",\"@graph\":[{\"@type\":\"WebPage\",\"@id\":\"https:\\\/\\\/www.modave.be\\\/index.php\\\/services_communaux\\\/avis-de-tir-a-la-carriere-4-dec-2025\\\/\",\"url\":\"https:\\\/\\\/www.modave.be\\\/index.php\\\/services_communaux\\\/avis-de-tir-a-la-carriere-4-dec-2025\\\/\",\"name\":\"Avis de tir \u00e0 la carri\u00e8re | 4 d\u00e9c. 2025 - Commune de Modave\",\"isPartOf\":{\"@id\":\"https:\\\/\\\/www.modave.be\\\/#website\"},\"primaryImageOfPage\":{\"@id\":\"https:\\\/\\\/www.modave.be\\\/index.php\\\/services_communaux\\\/avis-de-tir-a-la-carriere-4-dec-2025\\\/#primaryimage\"},\"image\":{\"@id\":\"https:\\\/\\\/www.modave.be\\\/index.php\\\/services_communaux\\\/avis-de-tir-a-la-carriere-4-dec-2025\\\/#primaryimage\"},\"thumbnailUrl\":\"https:\\\/\\\/www.modave.be\\\/wp-content\\\/uploads\\\/2023\\\/04\\\/chantier-v2-e1727685320454.jpg\",\"datePublished\":\"2025-11-28T13:03:55+00:00\",\"dateModified\":\"2025-11-28T13:05:59+00:00\",\"breadcrumb\":{\"@id\":\"https:\\\/\\\/www.modave.be\\\/index.php\\\/services_communaux\\\/avis-de-tir-a-la-carriere-4-dec-2025\\\/#breadcrumb\"},\"inLanguage\":\"fr-FR\",\"potentialAction\":[{\"@type\":\"ReadAction\",\"target\":[\"https:\\\/\\\/www.modave.be\\\/index.php\\\/services_communaux\\\/avis-de-tir-a-la-carriere-4-dec-2025\\\/\"]}]},{\"@type\":\"ImageObject\",\"inLanguage\":\"fr-FR\",\"@id\":\"https:\\\/\\\/www.modave.be\\\/index.php\\\/services_communaux\\\/avis-de-tir-a-la-carriere-4-dec-2025\\\/#primaryimage\",\"url\":\"https:\\\/\\\/www.modave.be\\\/wp-content\\\/uploads\\\/2023\\\/04\\\/chantier-v2-e1727685320454.jpg\",\"contentUrl\":\"https:\\\/\\\/www.modave.be\\\/wp-content\\\/uploads\\\/2023\\\/04\\\/chantier-v2-e1727685320454.jpg\",\"width\":1280,\"height\":640},{\"@type\":\"BreadcrumbList\",\"@id\":\"https:\\\/\\\/www.modave.be\\\/index.php\\\/services_communaux\\\/avis-de-tir-a-la-carriere-4-dec-2025\\\/#breadcrumb\",\"itemListElement\":[{\"@type\":\"ListItem\",\"position\":1,\"name\":\"Accueil\",\"item\":\"https:\\\/\\\/www.modave.be\\\/\"},{\"@type\":\"ListItem\",\"position\":2,\"name\":\"Avis de tir \u00e0 la carri\u00e8re | 4 d\u00e9c. 2025\"}]},{\"@type\":\"WebSite\",\"@id\":\"https:\\\/\\\/www.modave.be\\\/#website\",\"url\":\"https:\\\/\\\/www.modave.be\\\/\",\"name\":\"Commune de Modave\",\"description\":\"Commune de Modave\",\"publisher\":{\"@id\":\"https:\\\/\\\/www.modave.be\\\/#organization\"},\"potentialAction\":[{\"@type\":\"SearchAction\",\"target\":{\"@type\":\"EntryPoint\",\"urlTemplate\":\"https:\\\/\\\/www.modave.be\\\/?s={search_term_string}\"},\"query-input\":{\"@type\":\"PropertyValueSpecification\",\"valueRequired\":true,\"valueName\":\"search_term_string\"}}],\"inLanguage\":\"fr-FR\"},{\"@type\":\"Organization\",\"@id\":\"https:\\\/\\\/www.modave.be\\\/#organization\",\"name\":\"Commune de Modave\",\"url\":\"https:\\\/\\\/www.modave.be\\\/\",\"logo\":{\"@type\":\"ImageObject\",\"inLanguage\":\"fr-FR\",\"@id\":\"https:\\\/\\\/www.modave.be\\\/#\\\/schema\\\/logo\\\/image\\\/\",\"url\":\"https:\\\/\\\/www.modave.be\\\/wp-content\\\/uploads\\\/2021\\\/12\\\/MODAVE_LOGO_HORIZONTAL_QUADRI_RVB.png\",\"contentUrl\":\"https:\\\/\\\/www.modave.be\\\/wp-content\\\/uploads\\\/2021\\\/12\\\/MODAVE_LOGO_HORIZONTAL_QUADRI_RVB.png\",\"width\":1200,\"height\":501,\"caption\":\"Commune de Modave\"},\"image\":{\"@id\":\"https:\\\/\\\/www.modave.be\\\/#\\\/schema\\\/logo\\\/image\\\/\"}}]}<\/script>\n<!-- \/ Yoast SEO plugin. -->","yoast_head_json":{"title":"Avis de tir \u00e0 la carri\u00e8re | 4 d\u00e9c. 2025 - Commune de Modave","robots":{"index":"index","follow":"follow","max-snippet":"max-snippet:-1","max-image-preview":"max-image-preview:large","max-video-preview":"max-video-preview:-1"},"canonical":"https:\/\/www.modave.be\/index.php\/services_communaux\/avis-de-tir-a-la-carriere-4-dec-2025\/","og_locale":"fr_FR","og_type":"article","og_title":"Avis de tir \u00e0 la carri\u00e8re | 4 d\u00e9c. 2025 - Commune de Modave","og_description":"Avis de tir \u00e0 la carri\u00e8re | 4 d\u00e9c. 2025 Un tir aura lieu ce 4 d\u00e9cembre, entre 12h et 14h, au sein de la carri\u00e8re Les Bi\u00e9leux \u00e0 Modave. L\u2019intervention sera enti\u00e8rement s\u00e9curis\u00e9e et r\u00e9alis\u00e9e par une \u00e9quipe sp\u00e9cialis\u00e9e.Des bruits d\u2019explosion pourront \u00eatre entendus dans les environs durant cette plage horaire. Merci d\u2019en prendre&hellip;","og_url":"https:\/\/www.modave.be\/index.php\/services_communaux\/avis-de-tir-a-la-carriere-4-dec-2025\/","og_site_name":"Commune de Modave","article_modified_time":"2025-11-28T13:05:59+00:00","og_image":[{"width":1280,"height":640,"url":"https:\/\/www.modave.be\/wp-content\/uploads\/2023\/04\/chantier-v2-e1727685320454.jpg","type":"image\/jpeg"}],"twitter_card":"summary_large_image","schema":{"@context":"https:\/\/schema.org","@graph":[{"@type":"WebPage","@id":"https:\/\/www.modave.be\/index.php\/services_communaux\/avis-de-tir-a-la-carriere-4-dec-2025\/","url":"https:\/\/www.modave.be\/index.php\/services_communaux\/avis-de-tir-a-la-carriere-4-dec-2025\/","name":"Avis de tir \u00e0 la carri\u00e8re | 4 d\u00e9c. 2025 - Commune de Modave","isPartOf":{"@id":"https:\/\/www.modave.be\/#website"},"primaryImageOfPage":{"@id":"https:\/\/www.modave.be\/index.php\/services_communaux\/avis-de-tir-a-la-carriere-4-dec-2025\/#primaryimage"},"image":{"@id":"https:\/\/www.modave.be\/index.php\/services_communaux\/avis-de-tir-a-la-carriere-4-dec-2025\/#primaryimage"},"thumbnailUrl":"https:\/\/www.modave.be\/wp-content\/uploads\/2023\/04\/chantier-v2-e1727685320454.jpg","datePublished":"2025-11-28T13:03:55+00:00","dateModified":"2025-11-28T13:05:59+00:00","breadcrumb":{"@id":"https:\/\/www.modave.be\/index.php\/services_communaux\/avis-de-tir-a-la-carriere-4-dec-2025\/#breadcrumb"},"inLanguage":"fr-FR","potentialAction":[{"@type":"ReadAction","target":["https:\/\/www.modave.be\/index.php\/services_communaux\/avis-de-tir-a-la-carriere-4-dec-2025\/"]}]},{"@type":"ImageObject","inLanguage":"fr-FR","@id":"https:\/\/www.modave.be\/index.php\/services_communaux\/avis-de-tir-a-la-carriere-4-dec-2025\/#primaryimage","url":"https:\/\/www.modave.be\/wp-content\/uploads\/2023\/04\/chantier-v2-e1727685320454.jpg","contentUrl":"https:\/\/www.modave.be\/wp-content\/uploads\/2023\/04\/chantier-v2-e1727685320454.jpg","width":1280,"height":640},{"@type":"BreadcrumbList","@id":"https:\/\/www.modave.be\/index.php\/services_communaux\/avis-de-tir-a-la-carriere-4-dec-2025\/#breadcrumb","itemListElement":[{"@type":"ListItem","position":1,"name":"Accueil","item":"https:\/\/www.modave.be\/"},{"@type":"ListItem","position":2,"name":"Avis de tir \u00e0 la carri\u00e8re | 4 d\u00e9c. 2025"}]},{"@type":"WebSite","@id":"https:\/\/www.modave.be\/#website","url":"https:\/\/www.modave.be\/","name":"Commune de Modave","description":"Commune de Modave","publisher":{"@id":"https:\/\/www.modave.be\/#organization"},"potentialAction":[{"@type":"SearchAction","target":{"@type":"EntryPoint","urlTemplate":"https:\/\/www.modave.be\/?s={search_term_string}"},"query-input":{"@type":"PropertyValueSpecification","valueRequired":true,"valueName":"search_term_string"}}],"inLanguage":"fr-FR"},{"@type":"Organization","@id":"https:\/\/www.modave.be\/#organization","name":"Commune de Modave","url":"https:\/\/www.modave.be\/","logo":{"@type":"ImageObject","inLanguage":"fr-FR","@id":"https:\/\/www.modave.be\/#\/schema\/logo\/image\/","url":"https:\/\/www.modave.be\/wp-content\/uploads\/2021\/12\/MODAVE_LOGO_HORIZONTAL_QUADRI_RVB.png","contentUrl":"https:\/\/www.modave.be\/wp-content\/uploads\/2021\/12\/MODAVE_LOGO_HORIZONTAL_QUADRI_RVB.png","width":1200,"height":501,"caption":"Commune de Modave"},"image":{"@id":"https:\/\/www.modave.be\/#\/schema\/logo\/image\/"}}]}},"_links":{"self":[{"href":"https:\/\/www.modave.be\/index.php\/wp-json\/wp\/v2\/services_communaux\/17224","targetHints":{"allow":["GET"]}}],"collection":[{"href":"https:\/\/www.modave.be\/index.php\/wp-json\/wp\/v2\/services_communaux"}],"about":[{"href":"https:\/\/www.modave.be\/index.php\/wp-json\/wp\/v2\/types\/services_communaux"}],"author":[{"embeddable":true,"href":"https:\/\/www.modave.be\/index.php\/wp-json\/wp\/v2\/users\/9"}],"wp:featuredmedia":[{"embeddable":true,"href":"https:\/\/www.modave.be\/index.php\/wp-json\/wp\/v2\/media\/12395"}],"wp:attachment":[{"href":"https:\/\/www.modave.be\/index.php\/wp-json\/wp\/v2\/media?parent=17224"}],"wp:term":[{"taxonomy":"category","embeddable":true,"href":"https:\/\/www.modave.be\/index.php\/wp-json\/wp\/v2\/categories?post=17224"}],"curies":[{"name":"wp","href":"https:\/\/api.w.org\/{rel}","templated":true}]}}

Avis de tir à la carrière | 4 déc. 2025

<h2 class="wp-block-heading">Avis de tir à la carrière | 4 déc. 2025</h2>



<p>Un tir aura lieu <strong>ce 4 décembre</strong>, <strong>entre 12h et 14h</strong>, au sein de la carrière Les Biéleux à Modave.</p>



<p>L’intervention sera entièrement sécurisée et réalisée par une équipe spécialisée.<br>Des bruits d’explosion pourront être entendus dans les environs durant cette plage horaire.</p>



<p>Merci d’en prendre bonne note et de relayer l’information autour de vous.</p>



<figure class="wp-block-image size-full"><img fetchpriority="high" decoding="async" width="1080" height="1080" src="https://www.modave.be/wp-content/uploads/2025/11/Tir-2.jpg" alt="" class="wp-image-17226" srcset="https://www.modave.be/wp-content/uploads/2025/11/Tir-2.jpg 1080w, https://www.modave.be/wp-content/uploads/2025/11/Tir-2-300x300.jpg 300w, https://www.modave.be/wp-content/uploads/2025/11/Tir-2-1024x1024.jpg 1024w, https://www.modave.be/wp-content/uploads/2025/11/Tir-2-150x150.jpg 150w, https://www.modave.be/wp-content/uploads/2025/11/Tir-2-768x768.jpg 768w" sizes="(max-width: 1080px) 100vw, 1080px" /></figure>

<p>Avis de tir à la carrière | 4 déc. 2025 Un tir aura lieu ce 4 décembre, entre 12h et 14h, au sein de la carrière Les Biéleux à Modave. L’intervention sera entièrement sécurisée et réalisée par une équipe spécialisée.Des bruits d’explosion pourront être entendus dans les environs durant cette plage horaire. Merci d’en prendre&hellip;</p>

<!-- This site is optimized with the Yoast SEO plugin v27.5 - https://yoast.com/product/yoast-seo-wordpress/ -->
<title>Avis de tir à la carrière | 4 déc. 2025 - Commune de Modave</title>
<meta name="robots" content="index, follow, max-snippet:-1, max-image-preview:large, max-video-preview:-1" />
<link rel="canonical" href="https://www.modave.be/index.php/services_communaux/avis-de-tir-a-la-carriere-4-dec-2025/" />
<meta property="og:locale" content="fr_FR" />
<meta property="og:type" content="article" />
<meta property="og:title" content="Avis de tir à la carrière | 4 déc. 2025 - Commune de Modave" />
<meta property="og:description" content="Avis de tir à la carrière | 4 déc. 2025 Un tir aura lieu ce 4 décembre, entre 12h et 14h, au sein de la carrière Les Biéleux à Modave. L’intervention sera entièrement sécurisée et réalisée par une équipe spécialisée.Des bruits d’explosion pourront être entendus dans les environs durant cette plage horaire. Merci d’en prendre&hellip;" />
<meta property="og:url" content="https://www.modave.be/index.php/services_communaux/avis-de-tir-a-la-carriere-4-dec-2025/" />
<meta property="og:site_name" content="Commune de Modave" />
<meta property="article:modified_time" content="2025-11-28T13:05:59+00:00" />
<meta property="og:image" content="https://www.modave.be/wp-content/uploads/2023/04/chantier-v2-e1727685320454.jpg" />
	<meta property="og:image:width" content="1280" />
	<meta property="og:image:height" content="640" />
	<meta property="og:image:type" content="image/jpeg" />
<meta name="twitter:card" content="summary_large_image" />
<script type="application/ld+json" class="yoast-schema-graph">{"@context":"https:\/\/schema.org","@graph":[{"@type":"WebPage","@id":"https:\/\/www.modave.be\/index.php\/services_communaux\/avis-de-tir-a-la-carriere-4-dec-2025\/","url":"https:\/\/www.modave.be\/index.php\/services_communaux\/avis-de-tir-a-la-carriere-4-dec-2025\/","name":"Avis de tir à la carrière | 4 déc. 2025 - Commune de Modave","isPartOf":{"@id":"https:\/\/www.modave.be\/#website"},"primaryImageOfPage":{"@id":"https:\/\/www.modave.be\/index.php\/services_communaux\/avis-de-tir-a-la-carriere-4-dec-2025\/#primaryimage"},"image":{"@id":"https:\/\/www.modave.be\/index.php\/services_communaux\/avis-de-tir-a-la-carriere-4-dec-2025\/#primaryimage"},"thumbnailUrl":"https:\/\/www.modave.be\/wp-content\/uploads\/2023\/04\/chantier-v2-e1727685320454.jpg","datePublished":"2025-11-28T13:03:55+00:00","dateModified":"2025-11-28T13:05:59+00:00","breadcrumb":{"@id":"https:\/\/www.modave.be\/index.php\/services_communaux\/avis-de-tir-a-la-carriere-4-dec-2025\/#breadcrumb"},"inLanguage":"fr-FR","potentialAction":[{"@type":"ReadAction","target":["https:\/\/www.modave.be\/index.php\/services_communaux\/avis-de-tir-a-la-carriere-4-dec-2025\/"]}]},{"@type":"ImageObject","inLanguage":"fr-FR","@id":"https:\/\/www.modave.be\/index.php\/services_communaux\/avis-de-tir-a-la-carriere-4-dec-2025\/#primaryimage","url":"https:\/\/www.modave.be\/wp-content\/uploads\/2023\/04\/chantier-v2-e1727685320454.jpg","contentUrl":"https:\/\/www.modave.be\/wp-content\/uploads\/2023\/04\/chantier-v2-e1727685320454.jpg","width":1280,"height":640},{"@type":"BreadcrumbList","@id":"https:\/\/www.modave.be\/index.php\/services_communaux\/avis-de-tir-a-la-carriere-4-dec-2025\/#breadcrumb","itemListElement":[{"@type":"ListItem","position":1,"name":"Accueil","item":"https:\/\/www.modave.be\/"},{"@type":"ListItem","position":2,"name":"Avis de tir à la carrière | 4 déc. 2025"}]},{"@type":"WebSite","@id":"https:\/\/www.modave.be\/#website","url":"https:\/\/www.modave.be\/","name":"Commune de Modave","description":"Commune de Modave","publisher":{"@id":"https:\/\/www.modave.be\/#organization"},"potentialAction":[{"@type":"SearchAction","target":{"@type":"EntryPoint","urlTemplate":"https:\/\/www.modave.be\/?s={search_term_string}"},"query-input":{"@type":"PropertyValueSpecification","valueRequired":true,"valueName":"search_term_string"}}],"inLanguage":"fr-FR"},{"@type":"Organization","@id":"https:\/\/www.modave.be\/#organization","name":"Commune de Modave","url":"https:\/\/www.modave.be\/","logo":{"@type":"ImageObject","inLanguage":"fr-FR","@id":"https:\/\/www.modave.be\/#\/schema\/logo\/image\/","url":"https:\/\/www.modave.be\/wp-content\/uploads\/2021\/12\/MODAVE_LOGO_HORIZONTAL_QUADRI_RVB.png","contentUrl":"https:\/\/www.modave.be\/wp-content\/uploads\/2021\/12\/MODAVE_LOGO_HORIZONTAL_QUADRI_RVB.png","width":1200,"height":501,"caption":"Commune de Modave"},"image":{"@id":"https:\/\/www.modave.be\/#\/schema\/logo\/image\/"}}]}</script>
<!-- / Yoast SEO plugin. -->

Avis de tir à la carrière | 4 déc. 2025 - Commune de Modave

Avis de tir à la carrière | 4 déc. 2025 Un tir aura lieu ce 4 décembre, entre 12h et 14h, au sein de la carrière Les Biéleux à Modave. L’intervention sera entièrement sécurisée et réalisée par une équipe spécialisée.Des bruits d’explosion pourront être entendus dans les environs durant cette plage horaire. Merci d’en prendre&hellip;
