{"id":17271,"date":"2025-12-02T09:08:43","date_gmt":"2025-12-02T08:08:43","guid":{"rendered":"https:\/\/www.modave.be\/?post_type=services_communaux&#038;p=17271"},"modified":"2025-12-02T09:39:34","modified_gmt":"2025-12-02T08:39:34","slug":"aines-enquete-du-c-c-c-a","status":"publish","type":"services_communaux","link":"https:\/\/www.modave.be\/index.php\/services_communaux\/aines-enquete-du-c-c-c-a\/","title":{"rendered":"A\u00een\u00e9s | Enqu\u00eate du C.C.C.A."},"content":{"rendered":"\n<p>La Commune de Modave et le Conseil Consultatif Communal des A\u00een\u00e9s lancent une large enqu\u00eate destin\u00e9e \u00e0 mieux conna\u00eetre votre quotidien, vos besoins et vos souhaits.<\/p>\n\n\n\n<p>Vous \u00eates nombreux \u00e0 nous faire part, au fil de l\u2019ann\u00e9e, de petites difficult\u00e9s ou de questions importantes : mobilit\u00e9, logement, sant\u00e9, loisirs, informations pratiques\u2026 Gr\u00e2ce \u00e0 ce questionnaire, nous pourrons enfin disposer d\u2019une vision globale et pr\u00e9cise de la situation v\u00e9cue par nos a\u00een\u00e9s.<\/p>\n\n\n\n<blockquote class=\"wp-block-quote is-layout-flow wp-block-quote-is-layout-flow\">\n<p><strong>Votre opinion fait vraiment la diff\u00e9rence<\/strong><\/p>\n<\/blockquote>\n\n\n\n<p>En participant, vous contribuez directement \u00e0 am\u00e9liorer le quotidien de chacun. Les r\u00e9sultats permettront d\u2019adapter les services existants, de cr\u00e9er de nouveaux projets et de renforcer le lien entre les habitants.<\/p>\n\n\n\n<iframe src=\"https:\/\/docs.google.com\/forms\/d\/e\/1FAIpQLSdb7YhKXg_Tykq5_Nk66EqJwBwO7PhvMsSxb4iCgSifqjZF2w\/viewform?embedded=true\" width=\"640\" height=\"9820\" frameborder=\"0\" marginheight=\"0\" marginwidth=\"0\">Chargement\u2026<\/iframe>\n\n\n\n<p>Merci d\u2019avance pour votre participation et pour le temps que vous y consacrez. Votre voix compte, et elle nous aidera \u00e0 construire ensemble une commune encore plus attentive, solidaire et accueillante.<\/p>\n\n\n\n<p><\/p>\n","protected":false},"excerpt":{"rendered":"<p>La Commune de Modave et le Conseil Consultatif Communal des A\u00een\u00e9s lancent une large enqu\u00eate destin\u00e9e \u00e0 mieux conna\u00eetre votre quotidien, vos besoins et vos souhaits. Vous \u00eates nombreux \u00e0 nous faire part, au fil de l\u2019ann\u00e9e, de petites difficult\u00e9s ou de questions importantes : mobilit\u00e9, logement, sant\u00e9, loisirs, informations pratiques\u2026 Gr\u00e2ce \u00e0 ce questionnaire,&hellip;<\/p>\n","protected":false},"author":9,"featured_media":17274,"menu_order":0,"template":"","categories":[167],"class_list":["post-17271","services_communaux","type-services_communaux","status-publish","has-post-thumbnail","hentry","category-ccca","description-off"],"yoast_head":"<!-- This site is optimized with the Yoast SEO plugin v27.5 - https:\/\/yoast.com\/product\/yoast-seo-wordpress\/ -->\n<title>A\u00een\u00e9s | Enqu\u00eate du C.C.C.A. - Commune de Modave<\/title>\n<meta name=\"robots\" content=\"index, follow, max-snippet:-1, max-image-preview:large, max-video-preview:-1\" \/>\n<link rel=\"canonical\" href=\"https:\/\/www.modave.be\/index.php\/services_communaux\/aines-enquete-du-c-c-c-a\/\" \/>\n<meta property=\"og:locale\" content=\"fr_FR\" \/>\n<meta property=\"og:type\" content=\"article\" \/>\n<meta property=\"og:title\" content=\"A\u00een\u00e9s | Enqu\u00eate du C.C.C.A. - Commune de Modave\" \/>\n<meta property=\"og:description\" content=\"La Commune de Modave et le Conseil Consultatif Communal des A\u00een\u00e9s lancent une large enqu\u00eate destin\u00e9e \u00e0 mieux conna\u00eetre votre quotidien, vos besoins et vos souhaits. Vous \u00eates nombreux \u00e0 nous faire part, au fil de l\u2019ann\u00e9e, de petites difficult\u00e9s ou de questions importantes : mobilit\u00e9, logement, sant\u00e9, loisirs, informations pratiques\u2026 Gr\u00e2ce \u00e0 ce questionnaire,&hellip;\" \/>\n<meta property=\"og:url\" content=\"https:\/\/www.modave.be\/index.php\/services_communaux\/aines-enquete-du-c-c-c-a\/\" \/>\n<meta property=\"og:site_name\" content=\"Commune de Modave\" \/>\n<meta property=\"article:modified_time\" content=\"2025-12-02T08:39:34+00:00\" \/>\n<meta property=\"og:image\" content=\"https:\/\/www.modave.be\/wp-content\/uploads\/2025\/12\/Enquete-seniors-scaled-e1764664675138.jpg\" \/>\n\t<meta property=\"og:image:width\" content=\"1940\" \/>\n\t<meta property=\"og:image:height\" content=\"973\" \/>\n\t<meta property=\"og:image:type\" content=\"image\/jpeg\" \/>\n<meta name=\"twitter:card\" content=\"summary_large_image\" \/>\n<meta name=\"twitter:label1\" content=\"Dur\u00e9e de lecture estim\u00e9e\" \/>\n\t<meta name=\"twitter:data1\" content=\"1 minute\" \/>\n<script type=\"application\/ld+json\" class=\"yoast-schema-graph\">{\"@context\":\"https:\\\/\\\/schema.org\",\"@graph\":[{\"@type\":\"WebPage\",\"@id\":\"https:\\\/\\\/www.modave.be\\\/index.php\\\/services_communaux\\\/aines-enquete-du-c-c-c-a\\\/\",\"url\":\"https:\\\/\\\/www.modave.be\\\/index.php\\\/services_communaux\\\/aines-enquete-du-c-c-c-a\\\/\",\"name\":\"A\u00een\u00e9s | Enqu\u00eate du C.C.C.A. - Commune de Modave\",\"isPartOf\":{\"@id\":\"https:\\\/\\\/www.modave.be\\\/#website\"},\"primaryImageOfPage\":{\"@id\":\"https:\\\/\\\/www.modave.be\\\/index.php\\\/services_communaux\\\/aines-enquete-du-c-c-c-a\\\/#primaryimage\"},\"image\":{\"@id\":\"https:\\\/\\\/www.modave.be\\\/index.php\\\/services_communaux\\\/aines-enquete-du-c-c-c-a\\\/#primaryimage\"},\"thumbnailUrl\":\"https:\\\/\\\/www.modave.be\\\/wp-content\\\/uploads\\\/2025\\\/12\\\/Enquete-seniors-scaled-e1764664675138.jpg\",\"datePublished\":\"2025-12-02T08:08:43+00:00\",\"dateModified\":\"2025-12-02T08:39:34+00:00\",\"breadcrumb\":{\"@id\":\"https:\\\/\\\/www.modave.be\\\/index.php\\\/services_communaux\\\/aines-enquete-du-c-c-c-a\\\/#breadcrumb\"},\"inLanguage\":\"fr-FR\",\"potentialAction\":[{\"@type\":\"ReadAction\",\"target\":[\"https:\\\/\\\/www.modave.be\\\/index.php\\\/services_communaux\\\/aines-enquete-du-c-c-c-a\\\/\"]}]},{\"@type\":\"ImageObject\",\"inLanguage\":\"fr-FR\",\"@id\":\"https:\\\/\\\/www.modave.be\\\/index.php\\\/services_communaux\\\/aines-enquete-du-c-c-c-a\\\/#primaryimage\",\"url\":\"https:\\\/\\\/www.modave.be\\\/wp-content\\\/uploads\\\/2025\\\/12\\\/Enquete-seniors-scaled-e1764664675138.jpg\",\"contentUrl\":\"https:\\\/\\\/www.modave.be\\\/wp-content\\\/uploads\\\/2025\\\/12\\\/Enquete-seniors-scaled-e1764664675138.jpg\",\"width\":1940,\"height\":973},{\"@type\":\"BreadcrumbList\",\"@id\":\"https:\\\/\\\/www.modave.be\\\/index.php\\\/services_communaux\\\/aines-enquete-du-c-c-c-a\\\/#breadcrumb\",\"itemListElement\":[{\"@type\":\"ListItem\",\"position\":1,\"name\":\"Accueil\",\"item\":\"https:\\\/\\\/www.modave.be\\\/\"},{\"@type\":\"ListItem\",\"position\":2,\"name\":\"A\u00een\u00e9s | Enqu\u00eate du C.C.C.A.\"}]},{\"@type\":\"WebSite\",\"@id\":\"https:\\\/\\\/www.modave.be\\\/#website\",\"url\":\"https:\\\/\\\/www.modave.be\\\/\",\"name\":\"Commune de Modave\",\"description\":\"Commune de Modave\",\"publisher\":{\"@id\":\"https:\\\/\\\/www.modave.be\\\/#organization\"},\"potentialAction\":[{\"@type\":\"SearchAction\",\"target\":{\"@type\":\"EntryPoint\",\"urlTemplate\":\"https:\\\/\\\/www.modave.be\\\/?s={search_term_string}\"},\"query-input\":{\"@type\":\"PropertyValueSpecification\",\"valueRequired\":true,\"valueName\":\"search_term_string\"}}],\"inLanguage\":\"fr-FR\"},{\"@type\":\"Organization\",\"@id\":\"https:\\\/\\\/www.modave.be\\\/#organization\",\"name\":\"Commune de Modave\",\"url\":\"https:\\\/\\\/www.modave.be\\\/\",\"logo\":{\"@type\":\"ImageObject\",\"inLanguage\":\"fr-FR\",\"@id\":\"https:\\\/\\\/www.modave.be\\\/#\\\/schema\\\/logo\\\/image\\\/\",\"url\":\"https:\\\/\\\/www.modave.be\\\/wp-content\\\/uploads\\\/2021\\\/12\\\/MODAVE_LOGO_HORIZONTAL_QUADRI_RVB.png\",\"contentUrl\":\"https:\\\/\\\/www.modave.be\\\/wp-content\\\/uploads\\\/2021\\\/12\\\/MODAVE_LOGO_HORIZONTAL_QUADRI_RVB.png\",\"width\":1200,\"height\":501,\"caption\":\"Commune de Modave\"},\"image\":{\"@id\":\"https:\\\/\\\/www.modave.be\\\/#\\\/schema\\\/logo\\\/image\\\/\"}}]}<\/script>\n<!-- \/ Yoast SEO plugin. -->","yoast_head_json":{"title":"A\u00een\u00e9s | Enqu\u00eate du C.C.C.A. - Commune de Modave","robots":{"index":"index","follow":"follow","max-snippet":"max-snippet:-1","max-image-preview":"max-image-preview:large","max-video-preview":"max-video-preview:-1"},"canonical":"https:\/\/www.modave.be\/index.php\/services_communaux\/aines-enquete-du-c-c-c-a\/","og_locale":"fr_FR","og_type":"article","og_title":"A\u00een\u00e9s | Enqu\u00eate du C.C.C.A. - Commune de Modave","og_description":"La Commune de Modave et le Conseil Consultatif Communal des A\u00een\u00e9s lancent une large enqu\u00eate destin\u00e9e \u00e0 mieux conna\u00eetre votre quotidien, vos besoins et vos souhaits. Vous \u00eates nombreux \u00e0 nous faire part, au fil de l\u2019ann\u00e9e, de petites difficult\u00e9s ou de questions importantes : mobilit\u00e9, logement, sant\u00e9, loisirs, informations pratiques\u2026 Gr\u00e2ce \u00e0 ce questionnaire,&hellip;","og_url":"https:\/\/www.modave.be\/index.php\/services_communaux\/aines-enquete-du-c-c-c-a\/","og_site_name":"Commune de Modave","article_modified_time":"2025-12-02T08:39:34+00:00","og_image":[{"width":1940,"height":973,"url":"https:\/\/www.modave.be\/wp-content\/uploads\/2025\/12\/Enquete-seniors-scaled-e1764664675138.jpg","type":"image\/jpeg"}],"twitter_card":"summary_large_image","twitter_misc":{"Dur\u00e9e de lecture estim\u00e9e":"1 minute"},"schema":{"@context":"https:\/\/schema.org","@graph":[{"@type":"WebPage","@id":"https:\/\/www.modave.be\/index.php\/services_communaux\/aines-enquete-du-c-c-c-a\/","url":"https:\/\/www.modave.be\/index.php\/services_communaux\/aines-enquete-du-c-c-c-a\/","name":"A\u00een\u00e9s | Enqu\u00eate du C.C.C.A. - Commune de Modave","isPartOf":{"@id":"https:\/\/www.modave.be\/#website"},"primaryImageOfPage":{"@id":"https:\/\/www.modave.be\/index.php\/services_communaux\/aines-enquete-du-c-c-c-a\/#primaryimage"},"image":{"@id":"https:\/\/www.modave.be\/index.php\/services_communaux\/aines-enquete-du-c-c-c-a\/#primaryimage"},"thumbnailUrl":"https:\/\/www.modave.be\/wp-content\/uploads\/2025\/12\/Enquete-seniors-scaled-e1764664675138.jpg","datePublished":"2025-12-02T08:08:43+00:00","dateModified":"2025-12-02T08:39:34+00:00","breadcrumb":{"@id":"https:\/\/www.modave.be\/index.php\/services_communaux\/aines-enquete-du-c-c-c-a\/#breadcrumb"},"inLanguage":"fr-FR","potentialAction":[{"@type":"ReadAction","target":["https:\/\/www.modave.be\/index.php\/services_communaux\/aines-enquete-du-c-c-c-a\/"]}]},{"@type":"ImageObject","inLanguage":"fr-FR","@id":"https:\/\/www.modave.be\/index.php\/services_communaux\/aines-enquete-du-c-c-c-a\/#primaryimage","url":"https:\/\/www.modave.be\/wp-content\/uploads\/2025\/12\/Enquete-seniors-scaled-e1764664675138.jpg","contentUrl":"https:\/\/www.modave.be\/wp-content\/uploads\/2025\/12\/Enquete-seniors-scaled-e1764664675138.jpg","width":1940,"height":973},{"@type":"BreadcrumbList","@id":"https:\/\/www.modave.be\/index.php\/services_communaux\/aines-enquete-du-c-c-c-a\/#breadcrumb","itemListElement":[{"@type":"ListItem","position":1,"name":"Accueil","item":"https:\/\/www.modave.be\/"},{"@type":"ListItem","position":2,"name":"A\u00een\u00e9s | Enqu\u00eate du C.C.C.A."}]},{"@type":"WebSite","@id":"https:\/\/www.modave.be\/#website","url":"https:\/\/www.modave.be\/","name":"Commune de Modave","description":"Commune de Modave","publisher":{"@id":"https:\/\/www.modave.be\/#organization"},"potentialAction":[{"@type":"SearchAction","target":{"@type":"EntryPoint","urlTemplate":"https:\/\/www.modave.be\/?s={search_term_string}"},"query-input":{"@type":"PropertyValueSpecification","valueRequired":true,"valueName":"search_term_string"}}],"inLanguage":"fr-FR"},{"@type":"Organization","@id":"https:\/\/www.modave.be\/#organization","name":"Commune de Modave","url":"https:\/\/www.modave.be\/","logo":{"@type":"ImageObject","inLanguage":"fr-FR","@id":"https:\/\/www.modave.be\/#\/schema\/logo\/image\/","url":"https:\/\/www.modave.be\/wp-content\/uploads\/2021\/12\/MODAVE_LOGO_HORIZONTAL_QUADRI_RVB.png","contentUrl":"https:\/\/www.modave.be\/wp-content\/uploads\/2021\/12\/MODAVE_LOGO_HORIZONTAL_QUADRI_RVB.png","width":1200,"height":501,"caption":"Commune de Modave"},"image":{"@id":"https:\/\/www.modave.be\/#\/schema\/logo\/image\/"}}]}},"_links":{"self":[{"href":"https:\/\/www.modave.be\/index.php\/wp-json\/wp\/v2\/services_communaux\/17271","targetHints":{"allow":["GET"]}}],"collection":[{"href":"https:\/\/www.modave.be\/index.php\/wp-json\/wp\/v2\/services_communaux"}],"about":[{"href":"https:\/\/www.modave.be\/index.php\/wp-json\/wp\/v2\/types\/services_communaux"}],"author":[{"embeddable":true,"href":"https:\/\/www.modave.be\/index.php\/wp-json\/wp\/v2\/users\/9"}],"wp:featuredmedia":[{"embeddable":true,"href":"https:\/\/www.modave.be\/index.php\/wp-json\/wp\/v2\/media\/17274"}],"wp:attachment":[{"href":"https:\/\/www.modave.be\/index.php\/wp-json\/wp\/v2\/media?parent=17271"}],"wp:term":[{"taxonomy":"category","embeddable":true,"href":"https:\/\/www.modave.be\/index.php\/wp-json\/wp\/v2\/categories?post=17271"}],"curies":[{"name":"wp","href":"https:\/\/api.w.org\/{rel}","templated":true}]}}

Aînés | Enquête du C.C.C.A.

<p>La Commune de Modave et le Conseil Consultatif Communal des Aînés lancent une large enquête destinée à mieux connaître votre quotidien, vos besoins et vos souhaits.</p>



<p>Vous êtes nombreux à nous faire part, au fil de l’année, de petites difficultés ou de questions importantes : mobilité, logement, santé, loisirs, informations pratiques… Grâce à ce questionnaire, nous pourrons enfin disposer d’une vision globale et précise de la situation vécue par nos aînés.</p>



<blockquote class="wp-block-quote is-layout-flow wp-block-quote-is-layout-flow">
<p><strong>Votre opinion fait vraiment la différence</strong></p>
</blockquote>



<p>En participant, vous contribuez directement à améliorer le quotidien de chacun. Les résultats permettront d’adapter les services existants, de créer de nouveaux projets et de renforcer le lien entre les habitants.</p>



<iframe src="https://docs.google.com/forms/d/e/1FAIpQLSdb7YhKXg_Tykq5_Nk66EqJwBwO7PhvMsSxb4iCgSifqjZF2w/viewform?embedded=true" width="640" height="9820" frameborder="0" marginheight="0" marginwidth="0">Chargement…</iframe>



<p>Merci d’avance pour votre participation et pour le temps que vous y consacrez. Votre voix compte, et elle nous aidera à construire ensemble une commune encore plus attentive, solidaire et accueillante.</p>



<p></p>

<p>La Commune de Modave et le Conseil Consultatif Communal des Aînés lancent une large enquête destinée à mieux connaître votre quotidien, vos besoins et vos souhaits. Vous êtes nombreux à nous faire part, au fil de l’année, de petites difficultés ou de questions importantes : mobilité, logement, santé, loisirs, informations pratiques… Grâce à ce questionnaire,&hellip;</p>

<!-- This site is optimized with the Yoast SEO plugin v27.5 - https://yoast.com/product/yoast-seo-wordpress/ -->
<title>Aînés | Enquête du C.C.C.A. - Commune de Modave</title>
<meta name="robots" content="index, follow, max-snippet:-1, max-image-preview:large, max-video-preview:-1" />
<link rel="canonical" href="https://www.modave.be/index.php/services_communaux/aines-enquete-du-c-c-c-a/" />
<meta property="og:locale" content="fr_FR" />
<meta property="og:type" content="article" />
<meta property="og:title" content="Aînés | Enquête du C.C.C.A. - Commune de Modave" />
<meta property="og:description" content="La Commune de Modave et le Conseil Consultatif Communal des Aînés lancent une large enquête destinée à mieux connaître votre quotidien, vos besoins et vos souhaits. Vous êtes nombreux à nous faire part, au fil de l’année, de petites difficultés ou de questions importantes : mobilité, logement, santé, loisirs, informations pratiques… Grâce à ce questionnaire,&hellip;" />
<meta property="og:url" content="https://www.modave.be/index.php/services_communaux/aines-enquete-du-c-c-c-a/" />
<meta property="og:site_name" content="Commune de Modave" />
<meta property="article:modified_time" content="2025-12-02T08:39:34+00:00" />
<meta property="og:image" content="https://www.modave.be/wp-content/uploads/2025/12/Enquete-seniors-scaled-e1764664675138.jpg" />
	<meta property="og:image:width" content="1940" />
	<meta property="og:image:height" content="973" />
	<meta property="og:image:type" content="image/jpeg" />
<meta name="twitter:card" content="summary_large_image" />
<meta name="twitter:label1" content="Durée de lecture estimée" />
	<meta name="twitter:data1" content="1 minute" />
<script type="application/ld+json" class="yoast-schema-graph">{"@context":"https:\/\/schema.org","@graph":[{"@type":"WebPage","@id":"https:\/\/www.modave.be\/index.php\/services_communaux\/aines-enquete-du-c-c-c-a\/","url":"https:\/\/www.modave.be\/index.php\/services_communaux\/aines-enquete-du-c-c-c-a\/","name":"Aînés | Enquête du C.C.C.A. - Commune de Modave","isPartOf":{"@id":"https:\/\/www.modave.be\/#website"},"primaryImageOfPage":{"@id":"https:\/\/www.modave.be\/index.php\/services_communaux\/aines-enquete-du-c-c-c-a\/#primaryimage"},"image":{"@id":"https:\/\/www.modave.be\/index.php\/services_communaux\/aines-enquete-du-c-c-c-a\/#primaryimage"},"thumbnailUrl":"https:\/\/www.modave.be\/wp-content\/uploads\/2025\/12\/Enquete-seniors-scaled-e1764664675138.jpg","datePublished":"2025-12-02T08:08:43+00:00","dateModified":"2025-12-02T08:39:34+00:00","breadcrumb":{"@id":"https:\/\/www.modave.be\/index.php\/services_communaux\/aines-enquete-du-c-c-c-a\/#breadcrumb"},"inLanguage":"fr-FR","potentialAction":[{"@type":"ReadAction","target":["https:\/\/www.modave.be\/index.php\/services_communaux\/aines-enquete-du-c-c-c-a\/"]}]},{"@type":"ImageObject","inLanguage":"fr-FR","@id":"https:\/\/www.modave.be\/index.php\/services_communaux\/aines-enquete-du-c-c-c-a\/#primaryimage","url":"https:\/\/www.modave.be\/wp-content\/uploads\/2025\/12\/Enquete-seniors-scaled-e1764664675138.jpg","contentUrl":"https:\/\/www.modave.be\/wp-content\/uploads\/2025\/12\/Enquete-seniors-scaled-e1764664675138.jpg","width":1940,"height":973},{"@type":"BreadcrumbList","@id":"https:\/\/www.modave.be\/index.php\/services_communaux\/aines-enquete-du-c-c-c-a\/#breadcrumb","itemListElement":[{"@type":"ListItem","position":1,"name":"Accueil","item":"https:\/\/www.modave.be\/"},{"@type":"ListItem","position":2,"name":"Aînés | Enquête du C.C.C.A."}]},{"@type":"WebSite","@id":"https:\/\/www.modave.be\/#website","url":"https:\/\/www.modave.be\/","name":"Commune de Modave","description":"Commune de Modave","publisher":{"@id":"https:\/\/www.modave.be\/#organization"},"potentialAction":[{"@type":"SearchAction","target":{"@type":"EntryPoint","urlTemplate":"https:\/\/www.modave.be\/?s={search_term_string}"},"query-input":{"@type":"PropertyValueSpecification","valueRequired":true,"valueName":"search_term_string"}}],"inLanguage":"fr-FR"},{"@type":"Organization","@id":"https:\/\/www.modave.be\/#organization","name":"Commune de Modave","url":"https:\/\/www.modave.be\/","logo":{"@type":"ImageObject","inLanguage":"fr-FR","@id":"https:\/\/www.modave.be\/#\/schema\/logo\/image\/","url":"https:\/\/www.modave.be\/wp-content\/uploads\/2021\/12\/MODAVE_LOGO_HORIZONTAL_QUADRI_RVB.png","contentUrl":"https:\/\/www.modave.be\/wp-content\/uploads\/2021\/12\/MODAVE_LOGO_HORIZONTAL_QUADRI_RVB.png","width":1200,"height":501,"caption":"Commune de Modave"},"image":{"@id":"https:\/\/www.modave.be\/#\/schema\/logo\/image\/"}}]}</script>
<!-- / Yoast SEO plugin. -->

Aînés | Enquête du C.C.C.A. - Commune de Modave

La Commune de Modave et le Conseil Consultatif Communal des Aînés lancent une large enquête destinée à mieux connaître votre quotidien, vos besoins et vos souhaits. Vous êtes nombreux à nous faire part, au fil de l’année, de petites difficultés ou de questions importantes : mobilité, logement, santé, loisirs, informations pratiques… Grâce à ce questionnaire,&hellip;
