{"id":17289,"date":"2025-12-03T09:40:46","date_gmt":"2025-12-03T08:40:46","guid":{"rendered":"https:\/\/www.modave.be\/?post_type=services_communaux&#038;p=17289"},"modified":"2025-12-03T09:42:48","modified_gmt":"2025-12-03T08:42:48","slug":"invitation-conseil-dadministration-public-dintradel","status":"publish","type":"services_communaux","link":"https:\/\/www.modave.be\/index.php\/services_communaux\/invitation-conseil-dadministration-public-dintradel\/","title":{"rendered":"Invitation | Conseil d\u2019administration public d\u2019Intradel"},"content":{"rendered":"\n<blockquote class=\"wp-block-quote is-layout-flow wp-block-quote-is-layout-flow\">\n<p>Intradel organise sa s\u00e9ance publique annuelle de Conseil d\u2019administration le jeudi 18 d\u00e9cembre 2025, de 8h30 \u00e0 10h, au si\u00e8ge de l\u2019intercommunale (Pr\u00e9 Wigy 20, 4040 Herstal)<\/p>\n<\/blockquote>\n\n\n\n<p><strong>Participation gratuite, mais inscription souhait\u00e9e<\/strong> :<\/p>\n\n\n\n<ul class=\"wp-block-list\">\n<li>Par email : <a>info@intradel.be<\/a> (objet : <em>CA public \u2013 Nom \u2013 Pr\u00e9nom \u2013 Commune<\/em>)<\/li>\n\n\n\n<li>Par t\u00e9l\u00e9phone : 04 240 74 74<\/li>\n<\/ul>\n\n\n\n<div data-wp-interactive=\"core\/file\" class=\"wp-block-file\"><object data-wp-bind--hidden=\"!state.hasPdfPreview\" hidden class=\"wp-block-file__embed\" data=\"https:\/\/www.modave.be\/wp-content\/uploads\/2025\/12\/2025.12.18-CA-public-du-18-decembre-2025-DG-Invitation.pdf\" type=\"application\/pdf\" style=\"width:100%;height:600px\" aria-label=\"Contenu embarqu\u00e9 2025.12.18 - CA  public du 18 d\u00e9cembre  2025 - DG - Invitation.\"><\/object><a id=\"wp-block-file--media-05469cf8-b7f8-4829-9156-2f61f63792f2\" href=\"https:\/\/www.modave.be\/wp-content\/uploads\/2025\/12\/2025.12.18-CA-public-du-18-decembre-2025-DG-Invitation.pdf\">2025.12.18 &#8211; CA  public du 18 d\u00e9cembre  2025 &#8211; DG &#8211; Invitation<\/a><a href=\"https:\/\/www.modave.be\/wp-content\/uploads\/2025\/12\/2025.12.18-CA-public-du-18-decembre-2025-DG-Invitation.pdf\" class=\"wp-block-file__button wp-element-button\" download aria-describedby=\"wp-block-file--media-05469cf8-b7f8-4829-9156-2f61f63792f2\">T\u00e9l\u00e9charger<\/a><\/div>\n","protected":false},"excerpt":{"rendered":"<p>Intradel organise sa s\u00e9ance publique annuelle de Conseil d\u2019administration le jeudi 18 d\u00e9cembre 2025, de 8h30 \u00e0 10h, au si\u00e8ge de l\u2019intercommunale (Pr\u00e9 Wigy 20, 4040 Herstal) Participation gratuite, mais inscription souhait\u00e9e :<\/p>\n","protected":false},"author":9,"featured_media":15071,"menu_order":0,"template":"","categories":[224],"class_list":["post-17289","services_communaux","type-services_communaux","status-publish","has-post-thumbnail","hentry","category-intradel","description-off"],"yoast_head":"<!-- This site is optimized with the Yoast SEO plugin v27.5 - https:\/\/yoast.com\/product\/yoast-seo-wordpress\/ -->\n<title>Invitation | Conseil d\u2019administration public d\u2019Intradel - Commune de Modave<\/title>\n<meta name=\"robots\" content=\"index, follow, max-snippet:-1, max-image-preview:large, max-video-preview:-1\" \/>\n<link rel=\"canonical\" href=\"https:\/\/www.modave.be\/index.php\/services_communaux\/invitation-conseil-dadministration-public-dintradel\/\" \/>\n<meta property=\"og:locale\" content=\"fr_FR\" \/>\n<meta property=\"og:type\" content=\"article\" \/>\n<meta property=\"og:title\" content=\"Invitation | Conseil d\u2019administration public d\u2019Intradel - Commune de Modave\" \/>\n<meta property=\"og:description\" content=\"Intradel organise sa s\u00e9ance publique annuelle de Conseil d\u2019administration le jeudi 18 d\u00e9cembre 2025, de 8h30 \u00e0 10h, au si\u00e8ge de l\u2019intercommunale (Pr\u00e9 Wigy 20, 4040 Herstal) Participation gratuite, mais inscription souhait\u00e9e :\" \/>\n<meta property=\"og:url\" content=\"https:\/\/www.modave.be\/index.php\/services_communaux\/invitation-conseil-dadministration-public-dintradel\/\" \/>\n<meta property=\"og:site_name\" content=\"Commune de Modave\" \/>\n<meta property=\"article:modified_time\" content=\"2025-12-03T08:42:48+00:00\" \/>\n<meta property=\"og:image\" content=\"https:\/\/www.modave.be\/wp-content\/uploads\/2025\/02\/info-formulaire-collectes-site-internet-FB-01-1-e1740388405345.jpg\" \/>\n\t<meta property=\"og:image:width\" content=\"1492\" \/>\n\t<meta property=\"og:image:height\" content=\"746\" \/>\n\t<meta property=\"og:image:type\" content=\"image\/jpeg\" \/>\n<meta name=\"twitter:card\" content=\"summary_large_image\" \/>\n<script type=\"application\/ld+json\" class=\"yoast-schema-graph\">{\"@context\":\"https:\\\/\\\/schema.org\",\"@graph\":[{\"@type\":\"WebPage\",\"@id\":\"https:\\\/\\\/www.modave.be\\\/index.php\\\/services_communaux\\\/invitation-conseil-dadministration-public-dintradel\\\/\",\"url\":\"https:\\\/\\\/www.modave.be\\\/index.php\\\/services_communaux\\\/invitation-conseil-dadministration-public-dintradel\\\/\",\"name\":\"Invitation | Conseil d\u2019administration public d\u2019Intradel - Commune de Modave\",\"isPartOf\":{\"@id\":\"https:\\\/\\\/www.modave.be\\\/#website\"},\"primaryImageOfPage\":{\"@id\":\"https:\\\/\\\/www.modave.be\\\/index.php\\\/services_communaux\\\/invitation-conseil-dadministration-public-dintradel\\\/#primaryimage\"},\"image\":{\"@id\":\"https:\\\/\\\/www.modave.be\\\/index.php\\\/services_communaux\\\/invitation-conseil-dadministration-public-dintradel\\\/#primaryimage\"},\"thumbnailUrl\":\"https:\\\/\\\/www.modave.be\\\/wp-content\\\/uploads\\\/2025\\\/02\\\/info-formulaire-collectes-site-internet-FB-01-1-e1740388405345.jpg\",\"datePublished\":\"2025-12-03T08:40:46+00:00\",\"dateModified\":\"2025-12-03T08:42:48+00:00\",\"breadcrumb\":{\"@id\":\"https:\\\/\\\/www.modave.be\\\/index.php\\\/services_communaux\\\/invitation-conseil-dadministration-public-dintradel\\\/#breadcrumb\"},\"inLanguage\":\"fr-FR\",\"potentialAction\":[{\"@type\":\"ReadAction\",\"target\":[\"https:\\\/\\\/www.modave.be\\\/index.php\\\/services_communaux\\\/invitation-conseil-dadministration-public-dintradel\\\/\"]}]},{\"@type\":\"ImageObject\",\"inLanguage\":\"fr-FR\",\"@id\":\"https:\\\/\\\/www.modave.be\\\/index.php\\\/services_communaux\\\/invitation-conseil-dadministration-public-dintradel\\\/#primaryimage\",\"url\":\"https:\\\/\\\/www.modave.be\\\/wp-content\\\/uploads\\\/2025\\\/02\\\/info-formulaire-collectes-site-internet-FB-01-1-e1740388405345.jpg\",\"contentUrl\":\"https:\\\/\\\/www.modave.be\\\/wp-content\\\/uploads\\\/2025\\\/02\\\/info-formulaire-collectes-site-internet-FB-01-1-e1740388405345.jpg\",\"width\":1492,\"height\":746},{\"@type\":\"BreadcrumbList\",\"@id\":\"https:\\\/\\\/www.modave.be\\\/index.php\\\/services_communaux\\\/invitation-conseil-dadministration-public-dintradel\\\/#breadcrumb\",\"itemListElement\":[{\"@type\":\"ListItem\",\"position\":1,\"name\":\"Accueil\",\"item\":\"https:\\\/\\\/www.modave.be\\\/\"},{\"@type\":\"ListItem\",\"position\":2,\"name\":\"Invitation | Conseil d\u2019administration public d\u2019Intradel\"}]},{\"@type\":\"WebSite\",\"@id\":\"https:\\\/\\\/www.modave.be\\\/#website\",\"url\":\"https:\\\/\\\/www.modave.be\\\/\",\"name\":\"Commune de Modave\",\"description\":\"Commune de Modave\",\"publisher\":{\"@id\":\"https:\\\/\\\/www.modave.be\\\/#organization\"},\"potentialAction\":[{\"@type\":\"SearchAction\",\"target\":{\"@type\":\"EntryPoint\",\"urlTemplate\":\"https:\\\/\\\/www.modave.be\\\/?s={search_term_string}\"},\"query-input\":{\"@type\":\"PropertyValueSpecification\",\"valueRequired\":true,\"valueName\":\"search_term_string\"}}],\"inLanguage\":\"fr-FR\"},{\"@type\":\"Organization\",\"@id\":\"https:\\\/\\\/www.modave.be\\\/#organization\",\"name\":\"Commune de Modave\",\"url\":\"https:\\\/\\\/www.modave.be\\\/\",\"logo\":{\"@type\":\"ImageObject\",\"inLanguage\":\"fr-FR\",\"@id\":\"https:\\\/\\\/www.modave.be\\\/#\\\/schema\\\/logo\\\/image\\\/\",\"url\":\"https:\\\/\\\/www.modave.be\\\/wp-content\\\/uploads\\\/2021\\\/12\\\/MODAVE_LOGO_HORIZONTAL_QUADRI_RVB.png\",\"contentUrl\":\"https:\\\/\\\/www.modave.be\\\/wp-content\\\/uploads\\\/2021\\\/12\\\/MODAVE_LOGO_HORIZONTAL_QUADRI_RVB.png\",\"width\":1200,\"height\":501,\"caption\":\"Commune de Modave\"},\"image\":{\"@id\":\"https:\\\/\\\/www.modave.be\\\/#\\\/schema\\\/logo\\\/image\\\/\"}}]}<\/script>\n<!-- \/ Yoast SEO plugin. -->","yoast_head_json":{"title":"Invitation | Conseil d\u2019administration public d\u2019Intradel - Commune de Modave","robots":{"index":"index","follow":"follow","max-snippet":"max-snippet:-1","max-image-preview":"max-image-preview:large","max-video-preview":"max-video-preview:-1"},"canonical":"https:\/\/www.modave.be\/index.php\/services_communaux\/invitation-conseil-dadministration-public-dintradel\/","og_locale":"fr_FR","og_type":"article","og_title":"Invitation | Conseil d\u2019administration public d\u2019Intradel - Commune de Modave","og_description":"Intradel organise sa s\u00e9ance publique annuelle de Conseil d\u2019administration le jeudi 18 d\u00e9cembre 2025, de 8h30 \u00e0 10h, au si\u00e8ge de l\u2019intercommunale (Pr\u00e9 Wigy 20, 4040 Herstal) Participation gratuite, mais inscription souhait\u00e9e :","og_url":"https:\/\/www.modave.be\/index.php\/services_communaux\/invitation-conseil-dadministration-public-dintradel\/","og_site_name":"Commune de Modave","article_modified_time":"2025-12-03T08:42:48+00:00","og_image":[{"width":1492,"height":746,"url":"https:\/\/www.modave.be\/wp-content\/uploads\/2025\/02\/info-formulaire-collectes-site-internet-FB-01-1-e1740388405345.jpg","type":"image\/jpeg"}],"twitter_card":"summary_large_image","schema":{"@context":"https:\/\/schema.org","@graph":[{"@type":"WebPage","@id":"https:\/\/www.modave.be\/index.php\/services_communaux\/invitation-conseil-dadministration-public-dintradel\/","url":"https:\/\/www.modave.be\/index.php\/services_communaux\/invitation-conseil-dadministration-public-dintradel\/","name":"Invitation | Conseil d\u2019administration public d\u2019Intradel - Commune de Modave","isPartOf":{"@id":"https:\/\/www.modave.be\/#website"},"primaryImageOfPage":{"@id":"https:\/\/www.modave.be\/index.php\/services_communaux\/invitation-conseil-dadministration-public-dintradel\/#primaryimage"},"image":{"@id":"https:\/\/www.modave.be\/index.php\/services_communaux\/invitation-conseil-dadministration-public-dintradel\/#primaryimage"},"thumbnailUrl":"https:\/\/www.modave.be\/wp-content\/uploads\/2025\/02\/info-formulaire-collectes-site-internet-FB-01-1-e1740388405345.jpg","datePublished":"2025-12-03T08:40:46+00:00","dateModified":"2025-12-03T08:42:48+00:00","breadcrumb":{"@id":"https:\/\/www.modave.be\/index.php\/services_communaux\/invitation-conseil-dadministration-public-dintradel\/#breadcrumb"},"inLanguage":"fr-FR","potentialAction":[{"@type":"ReadAction","target":["https:\/\/www.modave.be\/index.php\/services_communaux\/invitation-conseil-dadministration-public-dintradel\/"]}]},{"@type":"ImageObject","inLanguage":"fr-FR","@id":"https:\/\/www.modave.be\/index.php\/services_communaux\/invitation-conseil-dadministration-public-dintradel\/#primaryimage","url":"https:\/\/www.modave.be\/wp-content\/uploads\/2025\/02\/info-formulaire-collectes-site-internet-FB-01-1-e1740388405345.jpg","contentUrl":"https:\/\/www.modave.be\/wp-content\/uploads\/2025\/02\/info-formulaire-collectes-site-internet-FB-01-1-e1740388405345.jpg","width":1492,"height":746},{"@type":"BreadcrumbList","@id":"https:\/\/www.modave.be\/index.php\/services_communaux\/invitation-conseil-dadministration-public-dintradel\/#breadcrumb","itemListElement":[{"@type":"ListItem","position":1,"name":"Accueil","item":"https:\/\/www.modave.be\/"},{"@type":"ListItem","position":2,"name":"Invitation | Conseil d\u2019administration public d\u2019Intradel"}]},{"@type":"WebSite","@id":"https:\/\/www.modave.be\/#website","url":"https:\/\/www.modave.be\/","name":"Commune de Modave","description":"Commune de Modave","publisher":{"@id":"https:\/\/www.modave.be\/#organization"},"potentialAction":[{"@type":"SearchAction","target":{"@type":"EntryPoint","urlTemplate":"https:\/\/www.modave.be\/?s={search_term_string}"},"query-input":{"@type":"PropertyValueSpecification","valueRequired":true,"valueName":"search_term_string"}}],"inLanguage":"fr-FR"},{"@type":"Organization","@id":"https:\/\/www.modave.be\/#organization","name":"Commune de Modave","url":"https:\/\/www.modave.be\/","logo":{"@type":"ImageObject","inLanguage":"fr-FR","@id":"https:\/\/www.modave.be\/#\/schema\/logo\/image\/","url":"https:\/\/www.modave.be\/wp-content\/uploads\/2021\/12\/MODAVE_LOGO_HORIZONTAL_QUADRI_RVB.png","contentUrl":"https:\/\/www.modave.be\/wp-content\/uploads\/2021\/12\/MODAVE_LOGO_HORIZONTAL_QUADRI_RVB.png","width":1200,"height":501,"caption":"Commune de Modave"},"image":{"@id":"https:\/\/www.modave.be\/#\/schema\/logo\/image\/"}}]}},"_links":{"self":[{"href":"https:\/\/www.modave.be\/index.php\/wp-json\/wp\/v2\/services_communaux\/17289","targetHints":{"allow":["GET"]}}],"collection":[{"href":"https:\/\/www.modave.be\/index.php\/wp-json\/wp\/v2\/services_communaux"}],"about":[{"href":"https:\/\/www.modave.be\/index.php\/wp-json\/wp\/v2\/types\/services_communaux"}],"author":[{"embeddable":true,"href":"https:\/\/www.modave.be\/index.php\/wp-json\/wp\/v2\/users\/9"}],"wp:featuredmedia":[{"embeddable":true,"href":"https:\/\/www.modave.be\/index.php\/wp-json\/wp\/v2\/media\/15071"}],"wp:attachment":[{"href":"https:\/\/www.modave.be\/index.php\/wp-json\/wp\/v2\/media?parent=17289"}],"wp:term":[{"taxonomy":"category","embeddable":true,"href":"https:\/\/www.modave.be\/index.php\/wp-json\/wp\/v2\/categories?post=17289"}],"curies":[{"name":"wp","href":"https:\/\/api.w.org\/{rel}","templated":true}]}}

<blockquote class="wp-block-quote is-layout-flow wp-block-quote-is-layout-flow">
<p>Intradel organise sa séance publique annuelle de Conseil d’administration le jeudi 18 décembre 2025, de 8h30 à 10h, au siège de l’intercommunale (Pré Wigy 20, 4040 Herstal)</p>
</blockquote>



<p><strong>Participation gratuite, mais inscription souhaitée</strong> :</p>



<ul class="wp-block-list">
<li>Par email : <a>info@intradel.be</a> (objet : <em>CA public – Nom – Prénom – Commune</em>)</li>



<li>Par téléphone : 04 240 74 74</li>
</ul>



<div data-wp-interactive="core/file" class="wp-block-file"><object data-wp-bind--hidden="!state.hasPdfPreview" hidden class="wp-block-file__embed" data="https://www.modave.be/wp-content/uploads/2025/12/2025.12.18-CA-public-du-18-decembre-2025-DG-Invitation.pdf" type="application/pdf" style="width:100%;height:600px" aria-label="Contenu embarqué 2025.12.18 - CA  public du 18 décembre  2025 - DG - Invitation."></object><a id="wp-block-file--media-05469cf8-b7f8-4829-9156-2f61f63792f2" href="https://www.modave.be/wp-content/uploads/2025/12/2025.12.18-CA-public-du-18-decembre-2025-DG-Invitation.pdf">2025.12.18 &#8211; CA  public du 18 décembre  2025 &#8211; DG &#8211; Invitation</a><a href="https://www.modave.be/wp-content/uploads/2025/12/2025.12.18-CA-public-du-18-decembre-2025-DG-Invitation.pdf" class="wp-block-file__button wp-element-button" download aria-describedby="wp-block-file--media-05469cf8-b7f8-4829-9156-2f61f63792f2">Télécharger</a></div>

<p>Intradel organise sa séance publique annuelle de Conseil d’administration le jeudi 18 décembre 2025, de 8h30 à 10h, au siège de l’intercommunale (Pré Wigy 20, 4040 Herstal) Participation gratuite, mais inscription souhaitée :</p>

<!-- This site is optimized with the Yoast SEO plugin v27.5 - https://yoast.com/product/yoast-seo-wordpress/ -->
<title>Invitation | Conseil d’administration public d’Intradel - Commune de Modave</title>
<meta name="robots" content="index, follow, max-snippet:-1, max-image-preview:large, max-video-preview:-1" />
<link rel="canonical" href="https://www.modave.be/index.php/services_communaux/invitation-conseil-dadministration-public-dintradel/" />
<meta property="og:locale" content="fr_FR" />
<meta property="og:type" content="article" />
<meta property="og:title" content="Invitation | Conseil d’administration public d’Intradel - Commune de Modave" />
<meta property="og:description" content="Intradel organise sa séance publique annuelle de Conseil d’administration le jeudi 18 décembre 2025, de 8h30 à 10h, au siège de l’intercommunale (Pré Wigy 20, 4040 Herstal) Participation gratuite, mais inscription souhaitée :" />
<meta property="og:url" content="https://www.modave.be/index.php/services_communaux/invitation-conseil-dadministration-public-dintradel/" />
<meta property="og:site_name" content="Commune de Modave" />
<meta property="article:modified_time" content="2025-12-03T08:42:48+00:00" />
<meta property="og:image" content="https://www.modave.be/wp-content/uploads/2025/02/info-formulaire-collectes-site-internet-FB-01-1-e1740388405345.jpg" />
	<meta property="og:image:width" content="1492" />
	<meta property="og:image:height" content="746" />
	<meta property="og:image:type" content="image/jpeg" />
<meta name="twitter:card" content="summary_large_image" />
<script type="application/ld+json" class="yoast-schema-graph">{"@context":"https:\/\/schema.org","@graph":[{"@type":"WebPage","@id":"https:\/\/www.modave.be\/index.php\/services_communaux\/invitation-conseil-dadministration-public-dintradel\/","url":"https:\/\/www.modave.be\/index.php\/services_communaux\/invitation-conseil-dadministration-public-dintradel\/","name":"Invitation | Conseil d’administration public d’Intradel - Commune de Modave","isPartOf":{"@id":"https:\/\/www.modave.be\/#website"},"primaryImageOfPage":{"@id":"https:\/\/www.modave.be\/index.php\/services_communaux\/invitation-conseil-dadministration-public-dintradel\/#primaryimage"},"image":{"@id":"https:\/\/www.modave.be\/index.php\/services_communaux\/invitation-conseil-dadministration-public-dintradel\/#primaryimage"},"thumbnailUrl":"https:\/\/www.modave.be\/wp-content\/uploads\/2025\/02\/info-formulaire-collectes-site-internet-FB-01-1-e1740388405345.jpg","datePublished":"2025-12-03T08:40:46+00:00","dateModified":"2025-12-03T08:42:48+00:00","breadcrumb":{"@id":"https:\/\/www.modave.be\/index.php\/services_communaux\/invitation-conseil-dadministration-public-dintradel\/#breadcrumb"},"inLanguage":"fr-FR","potentialAction":[{"@type":"ReadAction","target":["https:\/\/www.modave.be\/index.php\/services_communaux\/invitation-conseil-dadministration-public-dintradel\/"]}]},{"@type":"ImageObject","inLanguage":"fr-FR","@id":"https:\/\/www.modave.be\/index.php\/services_communaux\/invitation-conseil-dadministration-public-dintradel\/#primaryimage","url":"https:\/\/www.modave.be\/wp-content\/uploads\/2025\/02\/info-formulaire-collectes-site-internet-FB-01-1-e1740388405345.jpg","contentUrl":"https:\/\/www.modave.be\/wp-content\/uploads\/2025\/02\/info-formulaire-collectes-site-internet-FB-01-1-e1740388405345.jpg","width":1492,"height":746},{"@type":"BreadcrumbList","@id":"https:\/\/www.modave.be\/index.php\/services_communaux\/invitation-conseil-dadministration-public-dintradel\/#breadcrumb","itemListElement":[{"@type":"ListItem","position":1,"name":"Accueil","item":"https:\/\/www.modave.be\/"},{"@type":"ListItem","position":2,"name":"Invitation | Conseil d’administration public d’Intradel"}]},{"@type":"WebSite","@id":"https:\/\/www.modave.be\/#website","url":"https:\/\/www.modave.be\/","name":"Commune de Modave","description":"Commune de Modave","publisher":{"@id":"https:\/\/www.modave.be\/#organization"},"potentialAction":[{"@type":"SearchAction","target":{"@type":"EntryPoint","urlTemplate":"https:\/\/www.modave.be\/?s={search_term_string}"},"query-input":{"@type":"PropertyValueSpecification","valueRequired":true,"valueName":"search_term_string"}}],"inLanguage":"fr-FR"},{"@type":"Organization","@id":"https:\/\/www.modave.be\/#organization","name":"Commune de Modave","url":"https:\/\/www.modave.be\/","logo":{"@type":"ImageObject","inLanguage":"fr-FR","@id":"https:\/\/www.modave.be\/#\/schema\/logo\/image\/","url":"https:\/\/www.modave.be\/wp-content\/uploads\/2021\/12\/MODAVE_LOGO_HORIZONTAL_QUADRI_RVB.png","contentUrl":"https:\/\/www.modave.be\/wp-content\/uploads\/2021\/12\/MODAVE_LOGO_HORIZONTAL_QUADRI_RVB.png","width":1200,"height":501,"caption":"Commune de Modave"},"image":{"@id":"https:\/\/www.modave.be\/#\/schema\/logo\/image\/"}}]}</script>
<!-- / Yoast SEO plugin. -->

Intradel organise sa séance publique annuelle de Conseil d’administration le jeudi 18 décembre 2025, de 8h30 à 10h, au siège de l’intercommunale (Pré Wigy 20, 4040 Herstal) Participation gratuite, mais inscription souhaitée :
