{"id":17566,"date":"2026-01-07T12:27:42","date_gmt":"2026-01-07T11:27:42","guid":{"rendered":"https:\/\/www.modave.be\/?post_type=services_communaux&#038;p=17566"},"modified":"2026-01-07T12:27:43","modified_gmt":"2026-01-07T11:27:43","slug":"deneigement-retour-sur-les-interventions-recentes-2","status":"publish","type":"services_communaux","link":"https:\/\/www.modave.be\/index.php\/services_communaux\/deneigement-retour-sur-les-interventions-recentes-2\/","title":{"rendered":"D\u00e9neigement | Retour sur les interventions r\u00e9centes"},"content":{"rendered":"\n<h4 class=\"wp-block-heading\">D\u00e9neigement | Point sur les interventions<\/h4>\n\n\n\n<p>Quand la neige s\u2019invite au petit matin, les \u00e9quipes sont d\u00e9j\u00e0 \u00e0 l\u2019\u0153uvre.<\/p>\n\n\n\n<p>Cette nuit, entre 4h et 8h, l\u2019ensemble des voiries a \u00e9t\u00e9 sal\u00e9 par notre partenaire.<br>Depuis ce matin, les services communaux poursuivent le travail \u00e0 Modave, avec le tracteur, pour saler et d\u00e9gager les axes principaux.<br>Selon l\u2019\u00e9volution de la m\u00e9t\u00e9o, une nouvelle intervention pourrait avoir lieu d\u00e8s 16h sur l\u2019ensemble du r\u00e9seau.<\/p>\n\n\n\n<blockquote class=\"wp-block-quote is-layout-flow wp-block-quote-is-layout-flow\">\n<p>Merci pour votre patience et aux \u00e9quipes sur le terrain qui travaillent dans des conditions difficiles. Adaptez votre conduite aux conditions hivernales et, en pr\u00e9sence du camion ou du tracteur, \u00e9vitez tout d\u00e9passement.<\/p>\n<\/blockquote>\n","protected":false},"excerpt":{"rendered":"<p>D\u00e9neigement | Point sur les interventions Quand la neige s\u2019invite au petit matin, les \u00e9quipes sont d\u00e9j\u00e0 \u00e0 l\u2019\u0153uvre. Cette nuit, entre 4h et 8h, l\u2019ensemble des voiries a \u00e9t\u00e9 sal\u00e9 par notre partenaire.Depuis ce matin, les services communaux poursuivent le travail \u00e0 Modave, avec le tracteur, pour saler et d\u00e9gager les axes principaux.Selon l\u2019\u00e9volution&hellip;<\/p>\n","protected":false},"author":9,"featured_media":17567,"menu_order":0,"template":"","categories":[208],"class_list":["post-17566","services_communaux","type-services_communaux","status-publish","has-post-thumbnail","hentry","category-travaux","description-off"],"yoast_head":"<!-- This site is optimized with the Yoast SEO plugin v27.4 - https:\/\/yoast.com\/product\/yoast-seo-wordpress\/ -->\n<title>D\u00e9neigement | Retour sur les interventions r\u00e9centes - Commune de Modave<\/title>\n<meta name=\"robots\" content=\"index, follow, max-snippet:-1, max-image-preview:large, max-video-preview:-1\" \/>\n<link rel=\"canonical\" href=\"https:\/\/www.modave.be\/index.php\/services_communaux\/deneigement-retour-sur-les-interventions-recentes-2\/\" \/>\n<meta property=\"og:locale\" content=\"fr_FR\" \/>\n<meta property=\"og:type\" content=\"article\" \/>\n<meta property=\"og:title\" content=\"D\u00e9neigement | Retour sur les interventions r\u00e9centes - Commune de Modave\" \/>\n<meta property=\"og:description\" content=\"D\u00e9neigement | Point sur les interventions Quand la neige s\u2019invite au petit matin, les \u00e9quipes sont d\u00e9j\u00e0 \u00e0 l\u2019\u0153uvre. Cette nuit, entre 4h et 8h, l\u2019ensemble des voiries a \u00e9t\u00e9 sal\u00e9 par notre partenaire.Depuis ce matin, les services communaux poursuivent le travail \u00e0 Modave, avec le tracteur, pour saler et d\u00e9gager les axes principaux.Selon l\u2019\u00e9volution&hellip;\" \/>\n<meta property=\"og:url\" content=\"https:\/\/www.modave.be\/index.php\/services_communaux\/deneigement-retour-sur-les-interventions-recentes-2\/\" \/>\n<meta property=\"og:site_name\" content=\"Commune de Modave\" \/>\n<meta property=\"article:modified_time\" content=\"2026-01-07T11:27:43+00:00\" \/>\n<meta property=\"og:image\" content=\"https:\/\/www.modave.be\/wp-content\/uploads\/2026\/01\/Salage-e1767785202366.jpg\" \/>\n\t<meta property=\"og:image:width\" content=\"1080\" \/>\n\t<meta property=\"og:image:height\" content=\"540\" \/>\n\t<meta property=\"og:image:type\" content=\"image\/jpeg\" \/>\n<meta name=\"twitter:card\" content=\"summary_large_image\" \/>\n<meta name=\"twitter:label1\" content=\"Dur\u00e9e de lecture estim\u00e9e\" \/>\n\t<meta name=\"twitter:data1\" content=\"1 minute\" \/>\n<script type=\"application\/ld+json\" class=\"yoast-schema-graph\">{\"@context\":\"https:\\\/\\\/schema.org\",\"@graph\":[{\"@type\":\"WebPage\",\"@id\":\"https:\\\/\\\/www.modave.be\\\/index.php\\\/services_communaux\\\/deneigement-retour-sur-les-interventions-recentes-2\\\/\",\"url\":\"https:\\\/\\\/www.modave.be\\\/index.php\\\/services_communaux\\\/deneigement-retour-sur-les-interventions-recentes-2\\\/\",\"name\":\"D\u00e9neigement | Retour sur les interventions r\u00e9centes - Commune de Modave\",\"isPartOf\":{\"@id\":\"https:\\\/\\\/www.modave.be\\\/#website\"},\"primaryImageOfPage\":{\"@id\":\"https:\\\/\\\/www.modave.be\\\/index.php\\\/services_communaux\\\/deneigement-retour-sur-les-interventions-recentes-2\\\/#primaryimage\"},\"image\":{\"@id\":\"https:\\\/\\\/www.modave.be\\\/index.php\\\/services_communaux\\\/deneigement-retour-sur-les-interventions-recentes-2\\\/#primaryimage\"},\"thumbnailUrl\":\"https:\\\/\\\/www.modave.be\\\/wp-content\\\/uploads\\\/2026\\\/01\\\/Salage-e1767785202366.jpg\",\"datePublished\":\"2026-01-07T11:27:42+00:00\",\"dateModified\":\"2026-01-07T11:27:43+00:00\",\"breadcrumb\":{\"@id\":\"https:\\\/\\\/www.modave.be\\\/index.php\\\/services_communaux\\\/deneigement-retour-sur-les-interventions-recentes-2\\\/#breadcrumb\"},\"inLanguage\":\"fr-FR\",\"potentialAction\":[{\"@type\":\"ReadAction\",\"target\":[\"https:\\\/\\\/www.modave.be\\\/index.php\\\/services_communaux\\\/deneigement-retour-sur-les-interventions-recentes-2\\\/\"]}]},{\"@type\":\"ImageObject\",\"inLanguage\":\"fr-FR\",\"@id\":\"https:\\\/\\\/www.modave.be\\\/index.php\\\/services_communaux\\\/deneigement-retour-sur-les-interventions-recentes-2\\\/#primaryimage\",\"url\":\"https:\\\/\\\/www.modave.be\\\/wp-content\\\/uploads\\\/2026\\\/01\\\/Salage-e1767785202366.jpg\",\"contentUrl\":\"https:\\\/\\\/www.modave.be\\\/wp-content\\\/uploads\\\/2026\\\/01\\\/Salage-e1767785202366.jpg\",\"width\":1080,\"height\":540},{\"@type\":\"BreadcrumbList\",\"@id\":\"https:\\\/\\\/www.modave.be\\\/index.php\\\/services_communaux\\\/deneigement-retour-sur-les-interventions-recentes-2\\\/#breadcrumb\",\"itemListElement\":[{\"@type\":\"ListItem\",\"position\":1,\"name\":\"Accueil\",\"item\":\"https:\\\/\\\/www.modave.be\\\/\"},{\"@type\":\"ListItem\",\"position\":2,\"name\":\"D\u00e9neigement | Retour sur les interventions r\u00e9centes\"}]},{\"@type\":\"WebSite\",\"@id\":\"https:\\\/\\\/www.modave.be\\\/#website\",\"url\":\"https:\\\/\\\/www.modave.be\\\/\",\"name\":\"Commune de Modave\",\"description\":\"Commune de Modave\",\"publisher\":{\"@id\":\"https:\\\/\\\/www.modave.be\\\/#organization\"},\"potentialAction\":[{\"@type\":\"SearchAction\",\"target\":{\"@type\":\"EntryPoint\",\"urlTemplate\":\"https:\\\/\\\/www.modave.be\\\/?s={search_term_string}\"},\"query-input\":{\"@type\":\"PropertyValueSpecification\",\"valueRequired\":true,\"valueName\":\"search_term_string\"}}],\"inLanguage\":\"fr-FR\"},{\"@type\":\"Organization\",\"@id\":\"https:\\\/\\\/www.modave.be\\\/#organization\",\"name\":\"Commune de Modave\",\"url\":\"https:\\\/\\\/www.modave.be\\\/\",\"logo\":{\"@type\":\"ImageObject\",\"inLanguage\":\"fr-FR\",\"@id\":\"https:\\\/\\\/www.modave.be\\\/#\\\/schema\\\/logo\\\/image\\\/\",\"url\":\"https:\\\/\\\/www.modave.be\\\/wp-content\\\/uploads\\\/2021\\\/12\\\/MODAVE_LOGO_HORIZONTAL_QUADRI_RVB.png\",\"contentUrl\":\"https:\\\/\\\/www.modave.be\\\/wp-content\\\/uploads\\\/2021\\\/12\\\/MODAVE_LOGO_HORIZONTAL_QUADRI_RVB.png\",\"width\":1200,\"height\":501,\"caption\":\"Commune de Modave\"},\"image\":{\"@id\":\"https:\\\/\\\/www.modave.be\\\/#\\\/schema\\\/logo\\\/image\\\/\"}}]}<\/script>\n<!-- \/ Yoast SEO plugin. -->","yoast_head_json":{"title":"D\u00e9neigement | Retour sur les interventions r\u00e9centes - Commune de Modave","robots":{"index":"index","follow":"follow","max-snippet":"max-snippet:-1","max-image-preview":"max-image-preview:large","max-video-preview":"max-video-preview:-1"},"canonical":"https:\/\/www.modave.be\/index.php\/services_communaux\/deneigement-retour-sur-les-interventions-recentes-2\/","og_locale":"fr_FR","og_type":"article","og_title":"D\u00e9neigement | Retour sur les interventions r\u00e9centes - Commune de Modave","og_description":"D\u00e9neigement | Point sur les interventions Quand la neige s\u2019invite au petit matin, les \u00e9quipes sont d\u00e9j\u00e0 \u00e0 l\u2019\u0153uvre. Cette nuit, entre 4h et 8h, l\u2019ensemble des voiries a \u00e9t\u00e9 sal\u00e9 par notre partenaire.Depuis ce matin, les services communaux poursuivent le travail \u00e0 Modave, avec le tracteur, pour saler et d\u00e9gager les axes principaux.Selon l\u2019\u00e9volution&hellip;","og_url":"https:\/\/www.modave.be\/index.php\/services_communaux\/deneigement-retour-sur-les-interventions-recentes-2\/","og_site_name":"Commune de Modave","article_modified_time":"2026-01-07T11:27:43+00:00","og_image":[{"width":1080,"height":540,"url":"https:\/\/www.modave.be\/wp-content\/uploads\/2026\/01\/Salage-e1767785202366.jpg","type":"image\/jpeg"}],"twitter_card":"summary_large_image","twitter_misc":{"Dur\u00e9e de lecture estim\u00e9e":"1 minute"},"schema":{"@context":"https:\/\/schema.org","@graph":[{"@type":"WebPage","@id":"https:\/\/www.modave.be\/index.php\/services_communaux\/deneigement-retour-sur-les-interventions-recentes-2\/","url":"https:\/\/www.modave.be\/index.php\/services_communaux\/deneigement-retour-sur-les-interventions-recentes-2\/","name":"D\u00e9neigement | Retour sur les interventions r\u00e9centes - Commune de Modave","isPartOf":{"@id":"https:\/\/www.modave.be\/#website"},"primaryImageOfPage":{"@id":"https:\/\/www.modave.be\/index.php\/services_communaux\/deneigement-retour-sur-les-interventions-recentes-2\/#primaryimage"},"image":{"@id":"https:\/\/www.modave.be\/index.php\/services_communaux\/deneigement-retour-sur-les-interventions-recentes-2\/#primaryimage"},"thumbnailUrl":"https:\/\/www.modave.be\/wp-content\/uploads\/2026\/01\/Salage-e1767785202366.jpg","datePublished":"2026-01-07T11:27:42+00:00","dateModified":"2026-01-07T11:27:43+00:00","breadcrumb":{"@id":"https:\/\/www.modave.be\/index.php\/services_communaux\/deneigement-retour-sur-les-interventions-recentes-2\/#breadcrumb"},"inLanguage":"fr-FR","potentialAction":[{"@type":"ReadAction","target":["https:\/\/www.modave.be\/index.php\/services_communaux\/deneigement-retour-sur-les-interventions-recentes-2\/"]}]},{"@type":"ImageObject","inLanguage":"fr-FR","@id":"https:\/\/www.modave.be\/index.php\/services_communaux\/deneigement-retour-sur-les-interventions-recentes-2\/#primaryimage","url":"https:\/\/www.modave.be\/wp-content\/uploads\/2026\/01\/Salage-e1767785202366.jpg","contentUrl":"https:\/\/www.modave.be\/wp-content\/uploads\/2026\/01\/Salage-e1767785202366.jpg","width":1080,"height":540},{"@type":"BreadcrumbList","@id":"https:\/\/www.modave.be\/index.php\/services_communaux\/deneigement-retour-sur-les-interventions-recentes-2\/#breadcrumb","itemListElement":[{"@type":"ListItem","position":1,"name":"Accueil","item":"https:\/\/www.modave.be\/"},{"@type":"ListItem","position":2,"name":"D\u00e9neigement | Retour sur les interventions r\u00e9centes"}]},{"@type":"WebSite","@id":"https:\/\/www.modave.be\/#website","url":"https:\/\/www.modave.be\/","name":"Commune de Modave","description":"Commune de Modave","publisher":{"@id":"https:\/\/www.modave.be\/#organization"},"potentialAction":[{"@type":"SearchAction","target":{"@type":"EntryPoint","urlTemplate":"https:\/\/www.modave.be\/?s={search_term_string}"},"query-input":{"@type":"PropertyValueSpecification","valueRequired":true,"valueName":"search_term_string"}}],"inLanguage":"fr-FR"},{"@type":"Organization","@id":"https:\/\/www.modave.be\/#organization","name":"Commune de Modave","url":"https:\/\/www.modave.be\/","logo":{"@type":"ImageObject","inLanguage":"fr-FR","@id":"https:\/\/www.modave.be\/#\/schema\/logo\/image\/","url":"https:\/\/www.modave.be\/wp-content\/uploads\/2021\/12\/MODAVE_LOGO_HORIZONTAL_QUADRI_RVB.png","contentUrl":"https:\/\/www.modave.be\/wp-content\/uploads\/2021\/12\/MODAVE_LOGO_HORIZONTAL_QUADRI_RVB.png","width":1200,"height":501,"caption":"Commune de Modave"},"image":{"@id":"https:\/\/www.modave.be\/#\/schema\/logo\/image\/"}}]}},"_links":{"self":[{"href":"https:\/\/www.modave.be\/index.php\/wp-json\/wp\/v2\/services_communaux\/17566","targetHints":{"allow":["GET"]}}],"collection":[{"href":"https:\/\/www.modave.be\/index.php\/wp-json\/wp\/v2\/services_communaux"}],"about":[{"href":"https:\/\/www.modave.be\/index.php\/wp-json\/wp\/v2\/types\/services_communaux"}],"author":[{"embeddable":true,"href":"https:\/\/www.modave.be\/index.php\/wp-json\/wp\/v2\/users\/9"}],"wp:featuredmedia":[{"embeddable":true,"href":"https:\/\/www.modave.be\/index.php\/wp-json\/wp\/v2\/media\/17567"}],"wp:attachment":[{"href":"https:\/\/www.modave.be\/index.php\/wp-json\/wp\/v2\/media?parent=17566"}],"wp:term":[{"taxonomy":"category","embeddable":true,"href":"https:\/\/www.modave.be\/index.php\/wp-json\/wp\/v2\/categories?post=17566"}],"curies":[{"name":"wp","href":"https:\/\/api.w.org\/{rel}","templated":true}]}}

Déneigement | Retour sur les interventions récentes

<h4 class="wp-block-heading">Déneigement | Point sur les interventions</h4>



<p>Quand la neige s’invite au petit matin, les équipes sont déjà à l’œuvre.</p>



<p>Cette nuit, entre 4h et 8h, l’ensemble des voiries a été salé par notre partenaire.<br>Depuis ce matin, les services communaux poursuivent le travail à Modave, avec le tracteur, pour saler et dégager les axes principaux.<br>Selon l’évolution de la météo, une nouvelle intervention pourrait avoir lieu dès 16h sur l’ensemble du réseau.</p>



<blockquote class="wp-block-quote is-layout-flow wp-block-quote-is-layout-flow">
<p>Merci pour votre patience et aux équipes sur le terrain qui travaillent dans des conditions difficiles. Adaptez votre conduite aux conditions hivernales et, en présence du camion ou du tracteur, évitez tout dépassement.</p>
</blockquote>

<p>Déneigement | Point sur les interventions Quand la neige s’invite au petit matin, les équipes sont déjà à l’œuvre. Cette nuit, entre 4h et 8h, l’ensemble des voiries a été salé par notre partenaire.Depuis ce matin, les services communaux poursuivent le travail à Modave, avec le tracteur, pour saler et dégager les axes principaux.Selon l’évolution&hellip;</p>

<!-- This site is optimized with the Yoast SEO plugin v27.4 - https://yoast.com/product/yoast-seo-wordpress/ -->
<title>Déneigement | Retour sur les interventions récentes - Commune de Modave</title>
<meta name="robots" content="index, follow, max-snippet:-1, max-image-preview:large, max-video-preview:-1" />
<link rel="canonical" href="https://www.modave.be/index.php/services_communaux/deneigement-retour-sur-les-interventions-recentes-2/" />
<meta property="og:locale" content="fr_FR" />
<meta property="og:type" content="article" />
<meta property="og:title" content="Déneigement | Retour sur les interventions récentes - Commune de Modave" />
<meta property="og:description" content="Déneigement | Point sur les interventions Quand la neige s’invite au petit matin, les équipes sont déjà à l’œuvre. Cette nuit, entre 4h et 8h, l’ensemble des voiries a été salé par notre partenaire.Depuis ce matin, les services communaux poursuivent le travail à Modave, avec le tracteur, pour saler et dégager les axes principaux.Selon l’évolution&hellip;" />
<meta property="og:url" content="https://www.modave.be/index.php/services_communaux/deneigement-retour-sur-les-interventions-recentes-2/" />
<meta property="og:site_name" content="Commune de Modave" />
<meta property="article:modified_time" content="2026-01-07T11:27:43+00:00" />
<meta property="og:image" content="https://www.modave.be/wp-content/uploads/2026/01/Salage-e1767785202366.jpg" />
	<meta property="og:image:width" content="1080" />
	<meta property="og:image:height" content="540" />
	<meta property="og:image:type" content="image/jpeg" />
<meta name="twitter:card" content="summary_large_image" />
<meta name="twitter:label1" content="Durée de lecture estimée" />
	<meta name="twitter:data1" content="1 minute" />
<script type="application/ld+json" class="yoast-schema-graph">{"@context":"https:\/\/schema.org","@graph":[{"@type":"WebPage","@id":"https:\/\/www.modave.be\/index.php\/services_communaux\/deneigement-retour-sur-les-interventions-recentes-2\/","url":"https:\/\/www.modave.be\/index.php\/services_communaux\/deneigement-retour-sur-les-interventions-recentes-2\/","name":"Déneigement | Retour sur les interventions récentes - Commune de Modave","isPartOf":{"@id":"https:\/\/www.modave.be\/#website"},"primaryImageOfPage":{"@id":"https:\/\/www.modave.be\/index.php\/services_communaux\/deneigement-retour-sur-les-interventions-recentes-2\/#primaryimage"},"image":{"@id":"https:\/\/www.modave.be\/index.php\/services_communaux\/deneigement-retour-sur-les-interventions-recentes-2\/#primaryimage"},"thumbnailUrl":"https:\/\/www.modave.be\/wp-content\/uploads\/2026\/01\/Salage-e1767785202366.jpg","datePublished":"2026-01-07T11:27:42+00:00","dateModified":"2026-01-07T11:27:43+00:00","breadcrumb":{"@id":"https:\/\/www.modave.be\/index.php\/services_communaux\/deneigement-retour-sur-les-interventions-recentes-2\/#breadcrumb"},"inLanguage":"fr-FR","potentialAction":[{"@type":"ReadAction","target":["https:\/\/www.modave.be\/index.php\/services_communaux\/deneigement-retour-sur-les-interventions-recentes-2\/"]}]},{"@type":"ImageObject","inLanguage":"fr-FR","@id":"https:\/\/www.modave.be\/index.php\/services_communaux\/deneigement-retour-sur-les-interventions-recentes-2\/#primaryimage","url":"https:\/\/www.modave.be\/wp-content\/uploads\/2026\/01\/Salage-e1767785202366.jpg","contentUrl":"https:\/\/www.modave.be\/wp-content\/uploads\/2026\/01\/Salage-e1767785202366.jpg","width":1080,"height":540},{"@type":"BreadcrumbList","@id":"https:\/\/www.modave.be\/index.php\/services_communaux\/deneigement-retour-sur-les-interventions-recentes-2\/#breadcrumb","itemListElement":[{"@type":"ListItem","position":1,"name":"Accueil","item":"https:\/\/www.modave.be\/"},{"@type":"ListItem","position":2,"name":"Déneigement | Retour sur les interventions récentes"}]},{"@type":"WebSite","@id":"https:\/\/www.modave.be\/#website","url":"https:\/\/www.modave.be\/","name":"Commune de Modave","description":"Commune de Modave","publisher":{"@id":"https:\/\/www.modave.be\/#organization"},"potentialAction":[{"@type":"SearchAction","target":{"@type":"EntryPoint","urlTemplate":"https:\/\/www.modave.be\/?s={search_term_string}"},"query-input":{"@type":"PropertyValueSpecification","valueRequired":true,"valueName":"search_term_string"}}],"inLanguage":"fr-FR"},{"@type":"Organization","@id":"https:\/\/www.modave.be\/#organization","name":"Commune de Modave","url":"https:\/\/www.modave.be\/","logo":{"@type":"ImageObject","inLanguage":"fr-FR","@id":"https:\/\/www.modave.be\/#\/schema\/logo\/image\/","url":"https:\/\/www.modave.be\/wp-content\/uploads\/2021\/12\/MODAVE_LOGO_HORIZONTAL_QUADRI_RVB.png","contentUrl":"https:\/\/www.modave.be\/wp-content\/uploads\/2021\/12\/MODAVE_LOGO_HORIZONTAL_QUADRI_RVB.png","width":1200,"height":501,"caption":"Commune de Modave"},"image":{"@id":"https:\/\/www.modave.be\/#\/schema\/logo\/image\/"}}]}</script>
<!-- / Yoast SEO plugin. -->

Déneigement | Retour sur les interventions récentes - Commune de Modave

Déneigement | Point sur les interventions Quand la neige s’invite au petit matin, les équipes sont déjà à l’œuvre. Cette nuit, entre 4h et 8h, l’ensemble des voiries a été salé par notre partenaire.Depuis ce matin, les services communaux poursuivent le travail à Modave, avec le tracteur, pour saler et dégager les axes principaux.Selon l’évolution&hellip;
