{"id":17579,"date":"2026-01-08T11:06:46","date_gmt":"2026-01-08T10:06:46","guid":{"rendered":"https:\/\/www.modave.be\/?post_type=services_communaux&#038;p=17579"},"modified":"2026-01-08T11:09:30","modified_gmt":"2026-01-08T10:09:30","slug":"travaux-rue-des-3-barrieres","status":"publish","type":"services_communaux","link":"https:\/\/www.modave.be\/index.php\/services_communaux\/travaux-rue-des-3-barrieres\/","title":{"rendered":"Travaux | Rue des 3 barri\u00e8res"},"content":{"rendered":"\n<h2 class=\"wp-block-heading\">Travaux | Rue des 3 barri\u00e8res<\/h2>\n\n\n\n<p><em>\u00c0 la suite d\u2019un poteau \u00e9lectrique accident\u00e9, des travaux seront r\u00e9alis\u00e9s rue des 3 Barri\u00e8res \u00e0 Vierset.<\/em><\/p>\n\n\n\n<blockquote class=\"wp-block-quote is-layout-flow wp-block-quote-is-layout-flow\">\n<p><strong>Entre le 12 et le 23 janvier 2026<\/strong><br><strong>De 7h \u00e0 18h<\/strong><\/p>\n<\/blockquote>\n\n\n\n<p>Durant cette p\u00e9riode, la circulation sera maintenue gr\u00e2ce \u00e0 une <strong>signalisation temporaire avec feux tricolores<\/strong>.<br>La vitesse sera limit\u00e9e \u00e0 <strong>30 km\/h<\/strong> et le <strong>stationnement sera temporairement interdit<\/strong> \u00e0 hauteur du chantier.<\/p>\n\n\n\n<p>Ces mesures visent avant tout \u00e0 <strong>garantir la s\u00e9curit\u00e9 de tous<\/strong>, tout en permettant la poursuite des d\u00e9placements dans les meilleures conditions possibles.<\/p>\n\n\n\n<p>Merci pour votre <strong>compr\u00e9hension<\/strong>, votre <strong>prudence<\/strong> et votre <strong>patience<\/strong> durant cette intervention n\u00e9cessaire.<\/p>\n\n\n\n<div data-wp-interactive=\"core\/file\" class=\"wp-block-file\"><object data-wp-bind--hidden=\"!state.hasPdfPreview\" hidden class=\"wp-block-file__embed\" data=\"https:\/\/www.modave.be\/wp-content\/uploads\/2026\/01\/20260107153503633.pdf\" type=\"application\/pdf\" style=\"width:100%;height:600px\" aria-label=\"Contenu embarqu\u00e9 20260107153503633.\"><\/object><a id=\"wp-block-file--media-8335b5a2-8552-4c32-8ce6-b96ac7207ef6\" href=\"https:\/\/www.modave.be\/wp-content\/uploads\/2026\/01\/20260107153503633.pdf\">20260107153503633<\/a><a href=\"https:\/\/www.modave.be\/wp-content\/uploads\/2026\/01\/20260107153503633.pdf\" class=\"wp-block-file__button wp-element-button\" download aria-describedby=\"wp-block-file--media-8335b5a2-8552-4c32-8ce6-b96ac7207ef6\">T\u00e9l\u00e9charger<\/a><\/div>\n\n\n\n<p><\/p>\n","protected":false},"excerpt":{"rendered":"<p>Travaux | Rue des 3 barri\u00e8res \u00c0 la suite d\u2019un poteau \u00e9lectrique accident\u00e9, des travaux seront r\u00e9alis\u00e9s rue des 3 Barri\u00e8res \u00e0 Vierset. Entre le 12 et le 23 janvier 2026De 7h \u00e0 18h Durant cette p\u00e9riode, la circulation sera maintenue gr\u00e2ce \u00e0 une signalisation temporaire avec feux tricolores.La vitesse sera limit\u00e9e \u00e0 30 km\/h&hellip;<\/p>\n","protected":false},"author":9,"featured_media":13078,"menu_order":0,"template":"","categories":[208],"class_list":["post-17579","services_communaux","type-services_communaux","status-publish","has-post-thumbnail","hentry","category-travaux","description-off"],"yoast_head":"<!-- This site is optimized with the Yoast SEO plugin v27.4 - https:\/\/yoast.com\/product\/yoast-seo-wordpress\/ -->\n<title>Travaux | Rue des 3 barri\u00e8res - Commune de Modave<\/title>\n<meta name=\"robots\" content=\"index, follow, max-snippet:-1, max-image-preview:large, max-video-preview:-1\" \/>\n<link rel=\"canonical\" href=\"https:\/\/www.modave.be\/index.php\/services_communaux\/travaux-rue-des-3-barrieres\/\" \/>\n<meta property=\"og:locale\" content=\"fr_FR\" \/>\n<meta property=\"og:type\" content=\"article\" \/>\n<meta property=\"og:title\" content=\"Travaux | Rue des 3 barri\u00e8res - Commune de Modave\" \/>\n<meta property=\"og:description\" content=\"Travaux | Rue des 3 barri\u00e8res \u00c0 la suite d\u2019un poteau \u00e9lectrique accident\u00e9, des travaux seront r\u00e9alis\u00e9s rue des 3 Barri\u00e8res \u00e0 Vierset. Entre le 12 et le 23 janvier 2026De 7h \u00e0 18h Durant cette p\u00e9riode, la circulation sera maintenue gr\u00e2ce \u00e0 une signalisation temporaire avec feux tricolores.La vitesse sera limit\u00e9e \u00e0 30 km\/h&hellip;\" \/>\n<meta property=\"og:url\" content=\"https:\/\/www.modave.be\/index.php\/services_communaux\/travaux-rue-des-3-barrieres\/\" \/>\n<meta property=\"og:site_name\" content=\"Commune de Modave\" \/>\n<meta property=\"article:modified_time\" content=\"2026-01-08T10:09:30+00:00\" \/>\n<meta property=\"og:image\" content=\"https:\/\/www.modave.be\/wp-content\/uploads\/2024\/05\/Cone-de-signalisation-e1759828940222.jpg\" \/>\n\t<meta property=\"og:image:width\" content=\"1497\" \/>\n\t<meta property=\"og:image:height\" content=\"748\" \/>\n\t<meta property=\"og:image:type\" content=\"image\/jpeg\" \/>\n<meta name=\"twitter:card\" content=\"summary_large_image\" \/>\n<meta name=\"twitter:label1\" content=\"Dur\u00e9e de lecture estim\u00e9e\" \/>\n\t<meta name=\"twitter:data1\" content=\"1 minute\" \/>\n<script type=\"application\/ld+json\" class=\"yoast-schema-graph\">{\"@context\":\"https:\\\/\\\/schema.org\",\"@graph\":[{\"@type\":\"WebPage\",\"@id\":\"https:\\\/\\\/www.modave.be\\\/index.php\\\/services_communaux\\\/travaux-rue-des-3-barrieres\\\/\",\"url\":\"https:\\\/\\\/www.modave.be\\\/index.php\\\/services_communaux\\\/travaux-rue-des-3-barrieres\\\/\",\"name\":\"Travaux | Rue des 3 barri\u00e8res - Commune de Modave\",\"isPartOf\":{\"@id\":\"https:\\\/\\\/www.modave.be\\\/#website\"},\"primaryImageOfPage\":{\"@id\":\"https:\\\/\\\/www.modave.be\\\/index.php\\\/services_communaux\\\/travaux-rue-des-3-barrieres\\\/#primaryimage\"},\"image\":{\"@id\":\"https:\\\/\\\/www.modave.be\\\/index.php\\\/services_communaux\\\/travaux-rue-des-3-barrieres\\\/#primaryimage\"},\"thumbnailUrl\":\"https:\\\/\\\/www.modave.be\\\/wp-content\\\/uploads\\\/2024\\\/05\\\/Cone-de-signalisation-e1759828940222.jpg\",\"datePublished\":\"2026-01-08T10:06:46+00:00\",\"dateModified\":\"2026-01-08T10:09:30+00:00\",\"breadcrumb\":{\"@id\":\"https:\\\/\\\/www.modave.be\\\/index.php\\\/services_communaux\\\/travaux-rue-des-3-barrieres\\\/#breadcrumb\"},\"inLanguage\":\"fr-FR\",\"potentialAction\":[{\"@type\":\"ReadAction\",\"target\":[\"https:\\\/\\\/www.modave.be\\\/index.php\\\/services_communaux\\\/travaux-rue-des-3-barrieres\\\/\"]}]},{\"@type\":\"ImageObject\",\"inLanguage\":\"fr-FR\",\"@id\":\"https:\\\/\\\/www.modave.be\\\/index.php\\\/services_communaux\\\/travaux-rue-des-3-barrieres\\\/#primaryimage\",\"url\":\"https:\\\/\\\/www.modave.be\\\/wp-content\\\/uploads\\\/2024\\\/05\\\/Cone-de-signalisation-e1759828940222.jpg\",\"contentUrl\":\"https:\\\/\\\/www.modave.be\\\/wp-content\\\/uploads\\\/2024\\\/05\\\/Cone-de-signalisation-e1759828940222.jpg\",\"width\":1497,\"height\":748},{\"@type\":\"BreadcrumbList\",\"@id\":\"https:\\\/\\\/www.modave.be\\\/index.php\\\/services_communaux\\\/travaux-rue-des-3-barrieres\\\/#breadcrumb\",\"itemListElement\":[{\"@type\":\"ListItem\",\"position\":1,\"name\":\"Accueil\",\"item\":\"https:\\\/\\\/www.modave.be\\\/\"},{\"@type\":\"ListItem\",\"position\":2,\"name\":\"Travaux | Rue des 3 barri\u00e8res\"}]},{\"@type\":\"WebSite\",\"@id\":\"https:\\\/\\\/www.modave.be\\\/#website\",\"url\":\"https:\\\/\\\/www.modave.be\\\/\",\"name\":\"Commune de Modave\",\"description\":\"Commune de Modave\",\"publisher\":{\"@id\":\"https:\\\/\\\/www.modave.be\\\/#organization\"},\"potentialAction\":[{\"@type\":\"SearchAction\",\"target\":{\"@type\":\"EntryPoint\",\"urlTemplate\":\"https:\\\/\\\/www.modave.be\\\/?s={search_term_string}\"},\"query-input\":{\"@type\":\"PropertyValueSpecification\",\"valueRequired\":true,\"valueName\":\"search_term_string\"}}],\"inLanguage\":\"fr-FR\"},{\"@type\":\"Organization\",\"@id\":\"https:\\\/\\\/www.modave.be\\\/#organization\",\"name\":\"Commune de Modave\",\"url\":\"https:\\\/\\\/www.modave.be\\\/\",\"logo\":{\"@type\":\"ImageObject\",\"inLanguage\":\"fr-FR\",\"@id\":\"https:\\\/\\\/www.modave.be\\\/#\\\/schema\\\/logo\\\/image\\\/\",\"url\":\"https:\\\/\\\/www.modave.be\\\/wp-content\\\/uploads\\\/2021\\\/12\\\/MODAVE_LOGO_HORIZONTAL_QUADRI_RVB.png\",\"contentUrl\":\"https:\\\/\\\/www.modave.be\\\/wp-content\\\/uploads\\\/2021\\\/12\\\/MODAVE_LOGO_HORIZONTAL_QUADRI_RVB.png\",\"width\":1200,\"height\":501,\"caption\":\"Commune de Modave\"},\"image\":{\"@id\":\"https:\\\/\\\/www.modave.be\\\/#\\\/schema\\\/logo\\\/image\\\/\"}}]}<\/script>\n<!-- \/ Yoast SEO plugin. -->","yoast_head_json":{"title":"Travaux | Rue des 3 barri\u00e8res - Commune de Modave","robots":{"index":"index","follow":"follow","max-snippet":"max-snippet:-1","max-image-preview":"max-image-preview:large","max-video-preview":"max-video-preview:-1"},"canonical":"https:\/\/www.modave.be\/index.php\/services_communaux\/travaux-rue-des-3-barrieres\/","og_locale":"fr_FR","og_type":"article","og_title":"Travaux | Rue des 3 barri\u00e8res - Commune de Modave","og_description":"Travaux | Rue des 3 barri\u00e8res \u00c0 la suite d\u2019un poteau \u00e9lectrique accident\u00e9, des travaux seront r\u00e9alis\u00e9s rue des 3 Barri\u00e8res \u00e0 Vierset. Entre le 12 et le 23 janvier 2026De 7h \u00e0 18h Durant cette p\u00e9riode, la circulation sera maintenue gr\u00e2ce \u00e0 une signalisation temporaire avec feux tricolores.La vitesse sera limit\u00e9e \u00e0 30 km\/h&hellip;","og_url":"https:\/\/www.modave.be\/index.php\/services_communaux\/travaux-rue-des-3-barrieres\/","og_site_name":"Commune de Modave","article_modified_time":"2026-01-08T10:09:30+00:00","og_image":[{"width":1497,"height":748,"url":"https:\/\/www.modave.be\/wp-content\/uploads\/2024\/05\/Cone-de-signalisation-e1759828940222.jpg","type":"image\/jpeg"}],"twitter_card":"summary_large_image","twitter_misc":{"Dur\u00e9e de lecture estim\u00e9e":"1 minute"},"schema":{"@context":"https:\/\/schema.org","@graph":[{"@type":"WebPage","@id":"https:\/\/www.modave.be\/index.php\/services_communaux\/travaux-rue-des-3-barrieres\/","url":"https:\/\/www.modave.be\/index.php\/services_communaux\/travaux-rue-des-3-barrieres\/","name":"Travaux | Rue des 3 barri\u00e8res - Commune de Modave","isPartOf":{"@id":"https:\/\/www.modave.be\/#website"},"primaryImageOfPage":{"@id":"https:\/\/www.modave.be\/index.php\/services_communaux\/travaux-rue-des-3-barrieres\/#primaryimage"},"image":{"@id":"https:\/\/www.modave.be\/index.php\/services_communaux\/travaux-rue-des-3-barrieres\/#primaryimage"},"thumbnailUrl":"https:\/\/www.modave.be\/wp-content\/uploads\/2024\/05\/Cone-de-signalisation-e1759828940222.jpg","datePublished":"2026-01-08T10:06:46+00:00","dateModified":"2026-01-08T10:09:30+00:00","breadcrumb":{"@id":"https:\/\/www.modave.be\/index.php\/services_communaux\/travaux-rue-des-3-barrieres\/#breadcrumb"},"inLanguage":"fr-FR","potentialAction":[{"@type":"ReadAction","target":["https:\/\/www.modave.be\/index.php\/services_communaux\/travaux-rue-des-3-barrieres\/"]}]},{"@type":"ImageObject","inLanguage":"fr-FR","@id":"https:\/\/www.modave.be\/index.php\/services_communaux\/travaux-rue-des-3-barrieres\/#primaryimage","url":"https:\/\/www.modave.be\/wp-content\/uploads\/2024\/05\/Cone-de-signalisation-e1759828940222.jpg","contentUrl":"https:\/\/www.modave.be\/wp-content\/uploads\/2024\/05\/Cone-de-signalisation-e1759828940222.jpg","width":1497,"height":748},{"@type":"BreadcrumbList","@id":"https:\/\/www.modave.be\/index.php\/services_communaux\/travaux-rue-des-3-barrieres\/#breadcrumb","itemListElement":[{"@type":"ListItem","position":1,"name":"Accueil","item":"https:\/\/www.modave.be\/"},{"@type":"ListItem","position":2,"name":"Travaux | Rue des 3 barri\u00e8res"}]},{"@type":"WebSite","@id":"https:\/\/www.modave.be\/#website","url":"https:\/\/www.modave.be\/","name":"Commune de Modave","description":"Commune de Modave","publisher":{"@id":"https:\/\/www.modave.be\/#organization"},"potentialAction":[{"@type":"SearchAction","target":{"@type":"EntryPoint","urlTemplate":"https:\/\/www.modave.be\/?s={search_term_string}"},"query-input":{"@type":"PropertyValueSpecification","valueRequired":true,"valueName":"search_term_string"}}],"inLanguage":"fr-FR"},{"@type":"Organization","@id":"https:\/\/www.modave.be\/#organization","name":"Commune de Modave","url":"https:\/\/www.modave.be\/","logo":{"@type":"ImageObject","inLanguage":"fr-FR","@id":"https:\/\/www.modave.be\/#\/schema\/logo\/image\/","url":"https:\/\/www.modave.be\/wp-content\/uploads\/2021\/12\/MODAVE_LOGO_HORIZONTAL_QUADRI_RVB.png","contentUrl":"https:\/\/www.modave.be\/wp-content\/uploads\/2021\/12\/MODAVE_LOGO_HORIZONTAL_QUADRI_RVB.png","width":1200,"height":501,"caption":"Commune de Modave"},"image":{"@id":"https:\/\/www.modave.be\/#\/schema\/logo\/image\/"}}]}},"_links":{"self":[{"href":"https:\/\/www.modave.be\/index.php\/wp-json\/wp\/v2\/services_communaux\/17579","targetHints":{"allow":["GET"]}}],"collection":[{"href":"https:\/\/www.modave.be\/index.php\/wp-json\/wp\/v2\/services_communaux"}],"about":[{"href":"https:\/\/www.modave.be\/index.php\/wp-json\/wp\/v2\/types\/services_communaux"}],"author":[{"embeddable":true,"href":"https:\/\/www.modave.be\/index.php\/wp-json\/wp\/v2\/users\/9"}],"wp:featuredmedia":[{"embeddable":true,"href":"https:\/\/www.modave.be\/index.php\/wp-json\/wp\/v2\/media\/13078"}],"wp:attachment":[{"href":"https:\/\/www.modave.be\/index.php\/wp-json\/wp\/v2\/media?parent=17579"}],"wp:term":[{"taxonomy":"category","embeddable":true,"href":"https:\/\/www.modave.be\/index.php\/wp-json\/wp\/v2\/categories?post=17579"}],"curies":[{"name":"wp","href":"https:\/\/api.w.org\/{rel}","templated":true}]}}

Travaux | Rue des 3 barrières

<h2 class="wp-block-heading">Travaux | Rue des 3 barrières</h2>



<p><em>À la suite d’un poteau électrique accidenté, des travaux seront réalisés rue des 3 Barrières à Vierset.</em></p>



<blockquote class="wp-block-quote is-layout-flow wp-block-quote-is-layout-flow">
<p><strong>Entre le 12 et le 23 janvier 2026</strong><br><strong>De 7h à 18h</strong></p>
</blockquote>



<p>Durant cette période, la circulation sera maintenue grâce à une <strong>signalisation temporaire avec feux tricolores</strong>.<br>La vitesse sera limitée à <strong>30 km/h</strong> et le <strong>stationnement sera temporairement interdit</strong> à hauteur du chantier.</p>



<p>Ces mesures visent avant tout à <strong>garantir la sécurité de tous</strong>, tout en permettant la poursuite des déplacements dans les meilleures conditions possibles.</p>



<p>Merci pour votre <strong>compréhension</strong>, votre <strong>prudence</strong> et votre <strong>patience</strong> durant cette intervention nécessaire.</p>



<div data-wp-interactive="core/file" class="wp-block-file"><object data-wp-bind--hidden="!state.hasPdfPreview" hidden class="wp-block-file__embed" data="https://www.modave.be/wp-content/uploads/2026/01/20260107153503633.pdf" type="application/pdf" style="width:100%;height:600px" aria-label="Contenu embarqué 20260107153503633."></object><a id="wp-block-file--media-8335b5a2-8552-4c32-8ce6-b96ac7207ef6" href="https://www.modave.be/wp-content/uploads/2026/01/20260107153503633.pdf">20260107153503633</a><a href="https://www.modave.be/wp-content/uploads/2026/01/20260107153503633.pdf" class="wp-block-file__button wp-element-button" download aria-describedby="wp-block-file--media-8335b5a2-8552-4c32-8ce6-b96ac7207ef6">Télécharger</a></div>



<p></p>

<p>Travaux | Rue des 3 barrières À la suite d’un poteau électrique accidenté, des travaux seront réalisés rue des 3 Barrières à Vierset. Entre le 12 et le 23 janvier 2026De 7h à 18h Durant cette période, la circulation sera maintenue grâce à une signalisation temporaire avec feux tricolores.La vitesse sera limitée à 30 km/h&hellip;</p>

<!-- This site is optimized with the Yoast SEO plugin v27.4 - https://yoast.com/product/yoast-seo-wordpress/ -->
<title>Travaux | Rue des 3 barrières - Commune de Modave</title>
<meta name="robots" content="index, follow, max-snippet:-1, max-image-preview:large, max-video-preview:-1" />
<link rel="canonical" href="https://www.modave.be/index.php/services_communaux/travaux-rue-des-3-barrieres/" />
<meta property="og:locale" content="fr_FR" />
<meta property="og:type" content="article" />
<meta property="og:title" content="Travaux | Rue des 3 barrières - Commune de Modave" />
<meta property="og:description" content="Travaux | Rue des 3 barrières À la suite d’un poteau électrique accidenté, des travaux seront réalisés rue des 3 Barrières à Vierset. Entre le 12 et le 23 janvier 2026De 7h à 18h Durant cette période, la circulation sera maintenue grâce à une signalisation temporaire avec feux tricolores.La vitesse sera limitée à 30 km/h&hellip;" />
<meta property="og:url" content="https://www.modave.be/index.php/services_communaux/travaux-rue-des-3-barrieres/" />
<meta property="og:site_name" content="Commune de Modave" />
<meta property="article:modified_time" content="2026-01-08T10:09:30+00:00" />
<meta property="og:image" content="https://www.modave.be/wp-content/uploads/2024/05/Cone-de-signalisation-e1759828940222.jpg" />
	<meta property="og:image:width" content="1497" />
	<meta property="og:image:height" content="748" />
	<meta property="og:image:type" content="image/jpeg" />
<meta name="twitter:card" content="summary_large_image" />
<meta name="twitter:label1" content="Durée de lecture estimée" />
	<meta name="twitter:data1" content="1 minute" />
<script type="application/ld+json" class="yoast-schema-graph">{"@context":"https:\/\/schema.org","@graph":[{"@type":"WebPage","@id":"https:\/\/www.modave.be\/index.php\/services_communaux\/travaux-rue-des-3-barrieres\/","url":"https:\/\/www.modave.be\/index.php\/services_communaux\/travaux-rue-des-3-barrieres\/","name":"Travaux | Rue des 3 barrières - Commune de Modave","isPartOf":{"@id":"https:\/\/www.modave.be\/#website"},"primaryImageOfPage":{"@id":"https:\/\/www.modave.be\/index.php\/services_communaux\/travaux-rue-des-3-barrieres\/#primaryimage"},"image":{"@id":"https:\/\/www.modave.be\/index.php\/services_communaux\/travaux-rue-des-3-barrieres\/#primaryimage"},"thumbnailUrl":"https:\/\/www.modave.be\/wp-content\/uploads\/2024\/05\/Cone-de-signalisation-e1759828940222.jpg","datePublished":"2026-01-08T10:06:46+00:00","dateModified":"2026-01-08T10:09:30+00:00","breadcrumb":{"@id":"https:\/\/www.modave.be\/index.php\/services_communaux\/travaux-rue-des-3-barrieres\/#breadcrumb"},"inLanguage":"fr-FR","potentialAction":[{"@type":"ReadAction","target":["https:\/\/www.modave.be\/index.php\/services_communaux\/travaux-rue-des-3-barrieres\/"]}]},{"@type":"ImageObject","inLanguage":"fr-FR","@id":"https:\/\/www.modave.be\/index.php\/services_communaux\/travaux-rue-des-3-barrieres\/#primaryimage","url":"https:\/\/www.modave.be\/wp-content\/uploads\/2024\/05\/Cone-de-signalisation-e1759828940222.jpg","contentUrl":"https:\/\/www.modave.be\/wp-content\/uploads\/2024\/05\/Cone-de-signalisation-e1759828940222.jpg","width":1497,"height":748},{"@type":"BreadcrumbList","@id":"https:\/\/www.modave.be\/index.php\/services_communaux\/travaux-rue-des-3-barrieres\/#breadcrumb","itemListElement":[{"@type":"ListItem","position":1,"name":"Accueil","item":"https:\/\/www.modave.be\/"},{"@type":"ListItem","position":2,"name":"Travaux | Rue des 3 barrières"}]},{"@type":"WebSite","@id":"https:\/\/www.modave.be\/#website","url":"https:\/\/www.modave.be\/","name":"Commune de Modave","description":"Commune de Modave","publisher":{"@id":"https:\/\/www.modave.be\/#organization"},"potentialAction":[{"@type":"SearchAction","target":{"@type":"EntryPoint","urlTemplate":"https:\/\/www.modave.be\/?s={search_term_string}"},"query-input":{"@type":"PropertyValueSpecification","valueRequired":true,"valueName":"search_term_string"}}],"inLanguage":"fr-FR"},{"@type":"Organization","@id":"https:\/\/www.modave.be\/#organization","name":"Commune de Modave","url":"https:\/\/www.modave.be\/","logo":{"@type":"ImageObject","inLanguage":"fr-FR","@id":"https:\/\/www.modave.be\/#\/schema\/logo\/image\/","url":"https:\/\/www.modave.be\/wp-content\/uploads\/2021\/12\/MODAVE_LOGO_HORIZONTAL_QUADRI_RVB.png","contentUrl":"https:\/\/www.modave.be\/wp-content\/uploads\/2021\/12\/MODAVE_LOGO_HORIZONTAL_QUADRI_RVB.png","width":1200,"height":501,"caption":"Commune de Modave"},"image":{"@id":"https:\/\/www.modave.be\/#\/schema\/logo\/image\/"}}]}</script>
<!-- / Yoast SEO plugin. -->

Travaux | Rue des 3 barrières - Commune de Modave

Travaux | Rue des 3 barrières À la suite d’un poteau électrique accidenté, des travaux seront réalisés rue des 3 Barrières à Vierset. Entre le 12 et le 23 janvier 2026De 7h à 18h Durant cette période, la circulation sera maintenue grâce à une signalisation temporaire avec feux tricolores.La vitesse sera limitée à 30 km/h&hellip;
