{"id":17582,"date":"2026-01-08T14:52:18","date_gmt":"2026-01-08T13:52:18","guid":{"rendered":"https:\/\/www.modave.be\/?post_type=services_communaux&#038;p=17582"},"modified":"2026-01-08T14:54:20","modified_gmt":"2026-01-08T13:54:20","slug":"deneigement-point-sur-les-interventions","status":"publish","type":"services_communaux","link":"https:\/\/www.modave.be\/index.php\/services_communaux\/deneigement-point-sur-les-interventions\/","title":{"rendered":"D\u00e9neigement | Point sur les interventions"},"content":{"rendered":"\n<h4 class=\"wp-block-heading\">D\u00e9neigement | Point sur les interventions<\/h4>\n\n\n\n<p><em>Hier, la journ\u00e9e a commenc\u00e9 bien avant le lever du jour et s\u2019est termin\u00e9e tard le soir.<\/em><\/p>\n\n\n\n<p>Le dispositif de d\u00e9neigement a \u00e9t\u00e9 actif de 4h \u00e0 22h15, avec :<\/p>\n\n\n\n<ul class=\"wp-block-list\">\n<li>2 tracteurs de 4h \u00e0 8h et de 16h \u00e0 22h15<\/li>\n\n\n\n<li>1 tracteur de 10h30 \u00e0 16h<\/li>\n\n\n\n<li>D\u00e9neigement des acc\u00e8s aux b\u00e2timents communaux entre 12h30 et 16h<\/li>\n<\/ul>\n\n\n\n<blockquote class=\"wp-block-quote is-layout-flow wp-block-quote-is-layout-flow\">\n<p>Certains endroits ont peut-\u00eatre \u00e9t\u00e9 oubli\u00e9s. Il est toujours possible de contacter le service Travaux (085\/51.30.35). Un tracteur est par ailleurs reparti ce matin.<\/p>\n<\/blockquote>\n\n\n\n<p>\u00c0 venir : les pr\u00e9visions annoncent une situation compliqu\u00e9e entre vendredi soir et samedi, avec de la neige attendue toute la journ\u00e9e. Restons vigilants et prudents lors de nos d\u00e9placements.<\/p>\n","protected":false},"excerpt":{"rendered":"<p>D\u00e9neigement | Point sur les interventions Hier, la journ\u00e9e a commenc\u00e9 bien avant le lever du jour et s\u2019est termin\u00e9e tard le soir. Le dispositif de d\u00e9neigement a \u00e9t\u00e9 actif de 4h \u00e0 22h15, avec : Certains endroits ont peut-\u00eatre \u00e9t\u00e9 oubli\u00e9s. Il est toujours possible de contacter le service Travaux (085\/51.30.35). Un tracteur est&hellip;<\/p>\n","protected":false},"author":9,"featured_media":17583,"menu_order":0,"template":"","categories":[208],"class_list":["post-17582","services_communaux","type-services_communaux","status-publish","has-post-thumbnail","hentry","category-travaux","description-off"],"yoast_head":"<!-- This site is optimized with the Yoast SEO plugin v27.4 - https:\/\/yoast.com\/product\/yoast-seo-wordpress\/ -->\n<title>D\u00e9neigement | Point sur les interventions - Commune de Modave<\/title>\n<meta name=\"robots\" content=\"index, follow, max-snippet:-1, max-image-preview:large, max-video-preview:-1\" \/>\n<link rel=\"canonical\" href=\"https:\/\/www.modave.be\/index.php\/services_communaux\/deneigement-point-sur-les-interventions\/\" \/>\n<meta property=\"og:locale\" content=\"fr_FR\" \/>\n<meta property=\"og:type\" content=\"article\" \/>\n<meta property=\"og:title\" content=\"D\u00e9neigement | Point sur les interventions - Commune de Modave\" \/>\n<meta property=\"og:description\" content=\"D\u00e9neigement | Point sur les interventions Hier, la journ\u00e9e a commenc\u00e9 bien avant le lever du jour et s\u2019est termin\u00e9e tard le soir. Le dispositif de d\u00e9neigement a \u00e9t\u00e9 actif de 4h \u00e0 22h15, avec : Certains endroits ont peut-\u00eatre \u00e9t\u00e9 oubli\u00e9s. Il est toujours possible de contacter le service Travaux (085\/51.30.35). Un tracteur est&hellip;\" \/>\n<meta property=\"og:url\" content=\"https:\/\/www.modave.be\/index.php\/services_communaux\/deneigement-point-sur-les-interventions\/\" \/>\n<meta property=\"og:site_name\" content=\"Commune de Modave\" \/>\n<meta property=\"article:modified_time\" content=\"2026-01-08T13:54:20+00:00\" \/>\n<meta property=\"og:image\" content=\"https:\/\/www.modave.be\/wp-content\/uploads\/2026\/01\/Neige-e1767880243353.jpg\" \/>\n\t<meta property=\"og:image:width\" content=\"1080\" \/>\n\t<meta property=\"og:image:height\" content=\"540\" \/>\n\t<meta property=\"og:image:type\" content=\"image\/jpeg\" \/>\n<meta name=\"twitter:card\" content=\"summary_large_image\" \/>\n<meta name=\"twitter:label1\" content=\"Dur\u00e9e de lecture estim\u00e9e\" \/>\n\t<meta name=\"twitter:data1\" content=\"1 minute\" \/>\n<script type=\"application\/ld+json\" class=\"yoast-schema-graph\">{\"@context\":\"https:\\\/\\\/schema.org\",\"@graph\":[{\"@type\":\"WebPage\",\"@id\":\"https:\\\/\\\/www.modave.be\\\/index.php\\\/services_communaux\\\/deneigement-point-sur-les-interventions\\\/\",\"url\":\"https:\\\/\\\/www.modave.be\\\/index.php\\\/services_communaux\\\/deneigement-point-sur-les-interventions\\\/\",\"name\":\"D\u00e9neigement | Point sur les interventions - Commune de Modave\",\"isPartOf\":{\"@id\":\"https:\\\/\\\/www.modave.be\\\/#website\"},\"primaryImageOfPage\":{\"@id\":\"https:\\\/\\\/www.modave.be\\\/index.php\\\/services_communaux\\\/deneigement-point-sur-les-interventions\\\/#primaryimage\"},\"image\":{\"@id\":\"https:\\\/\\\/www.modave.be\\\/index.php\\\/services_communaux\\\/deneigement-point-sur-les-interventions\\\/#primaryimage\"},\"thumbnailUrl\":\"https:\\\/\\\/www.modave.be\\\/wp-content\\\/uploads\\\/2026\\\/01\\\/Neige-e1767880243353.jpg\",\"datePublished\":\"2026-01-08T13:52:18+00:00\",\"dateModified\":\"2026-01-08T13:54:20+00:00\",\"breadcrumb\":{\"@id\":\"https:\\\/\\\/www.modave.be\\\/index.php\\\/services_communaux\\\/deneigement-point-sur-les-interventions\\\/#breadcrumb\"},\"inLanguage\":\"fr-FR\",\"potentialAction\":[{\"@type\":\"ReadAction\",\"target\":[\"https:\\\/\\\/www.modave.be\\\/index.php\\\/services_communaux\\\/deneigement-point-sur-les-interventions\\\/\"]}]},{\"@type\":\"ImageObject\",\"inLanguage\":\"fr-FR\",\"@id\":\"https:\\\/\\\/www.modave.be\\\/index.php\\\/services_communaux\\\/deneigement-point-sur-les-interventions\\\/#primaryimage\",\"url\":\"https:\\\/\\\/www.modave.be\\\/wp-content\\\/uploads\\\/2026\\\/01\\\/Neige-e1767880243353.jpg\",\"contentUrl\":\"https:\\\/\\\/www.modave.be\\\/wp-content\\\/uploads\\\/2026\\\/01\\\/Neige-e1767880243353.jpg\",\"width\":1080,\"height\":540},{\"@type\":\"BreadcrumbList\",\"@id\":\"https:\\\/\\\/www.modave.be\\\/index.php\\\/services_communaux\\\/deneigement-point-sur-les-interventions\\\/#breadcrumb\",\"itemListElement\":[{\"@type\":\"ListItem\",\"position\":1,\"name\":\"Accueil\",\"item\":\"https:\\\/\\\/www.modave.be\\\/\"},{\"@type\":\"ListItem\",\"position\":2,\"name\":\"D\u00e9neigement | Point sur les interventions\"}]},{\"@type\":\"WebSite\",\"@id\":\"https:\\\/\\\/www.modave.be\\\/#website\",\"url\":\"https:\\\/\\\/www.modave.be\\\/\",\"name\":\"Commune de Modave\",\"description\":\"Commune de Modave\",\"publisher\":{\"@id\":\"https:\\\/\\\/www.modave.be\\\/#organization\"},\"potentialAction\":[{\"@type\":\"SearchAction\",\"target\":{\"@type\":\"EntryPoint\",\"urlTemplate\":\"https:\\\/\\\/www.modave.be\\\/?s={search_term_string}\"},\"query-input\":{\"@type\":\"PropertyValueSpecification\",\"valueRequired\":true,\"valueName\":\"search_term_string\"}}],\"inLanguage\":\"fr-FR\"},{\"@type\":\"Organization\",\"@id\":\"https:\\\/\\\/www.modave.be\\\/#organization\",\"name\":\"Commune de Modave\",\"url\":\"https:\\\/\\\/www.modave.be\\\/\",\"logo\":{\"@type\":\"ImageObject\",\"inLanguage\":\"fr-FR\",\"@id\":\"https:\\\/\\\/www.modave.be\\\/#\\\/schema\\\/logo\\\/image\\\/\",\"url\":\"https:\\\/\\\/www.modave.be\\\/wp-content\\\/uploads\\\/2021\\\/12\\\/MODAVE_LOGO_HORIZONTAL_QUADRI_RVB.png\",\"contentUrl\":\"https:\\\/\\\/www.modave.be\\\/wp-content\\\/uploads\\\/2021\\\/12\\\/MODAVE_LOGO_HORIZONTAL_QUADRI_RVB.png\",\"width\":1200,\"height\":501,\"caption\":\"Commune de Modave\"},\"image\":{\"@id\":\"https:\\\/\\\/www.modave.be\\\/#\\\/schema\\\/logo\\\/image\\\/\"}}]}<\/script>\n<!-- \/ Yoast SEO plugin. -->","yoast_head_json":{"title":"D\u00e9neigement | Point sur les interventions - Commune de Modave","robots":{"index":"index","follow":"follow","max-snippet":"max-snippet:-1","max-image-preview":"max-image-preview:large","max-video-preview":"max-video-preview:-1"},"canonical":"https:\/\/www.modave.be\/index.php\/services_communaux\/deneigement-point-sur-les-interventions\/","og_locale":"fr_FR","og_type":"article","og_title":"D\u00e9neigement | Point sur les interventions - Commune de Modave","og_description":"D\u00e9neigement | Point sur les interventions Hier, la journ\u00e9e a commenc\u00e9 bien avant le lever du jour et s\u2019est termin\u00e9e tard le soir. Le dispositif de d\u00e9neigement a \u00e9t\u00e9 actif de 4h \u00e0 22h15, avec : Certains endroits ont peut-\u00eatre \u00e9t\u00e9 oubli\u00e9s. Il est toujours possible de contacter le service Travaux (085\/51.30.35). Un tracteur est&hellip;","og_url":"https:\/\/www.modave.be\/index.php\/services_communaux\/deneigement-point-sur-les-interventions\/","og_site_name":"Commune de Modave","article_modified_time":"2026-01-08T13:54:20+00:00","og_image":[{"width":1080,"height":540,"url":"https:\/\/www.modave.be\/wp-content\/uploads\/2026\/01\/Neige-e1767880243353.jpg","type":"image\/jpeg"}],"twitter_card":"summary_large_image","twitter_misc":{"Dur\u00e9e de lecture estim\u00e9e":"1 minute"},"schema":{"@context":"https:\/\/schema.org","@graph":[{"@type":"WebPage","@id":"https:\/\/www.modave.be\/index.php\/services_communaux\/deneigement-point-sur-les-interventions\/","url":"https:\/\/www.modave.be\/index.php\/services_communaux\/deneigement-point-sur-les-interventions\/","name":"D\u00e9neigement | Point sur les interventions - Commune de Modave","isPartOf":{"@id":"https:\/\/www.modave.be\/#website"},"primaryImageOfPage":{"@id":"https:\/\/www.modave.be\/index.php\/services_communaux\/deneigement-point-sur-les-interventions\/#primaryimage"},"image":{"@id":"https:\/\/www.modave.be\/index.php\/services_communaux\/deneigement-point-sur-les-interventions\/#primaryimage"},"thumbnailUrl":"https:\/\/www.modave.be\/wp-content\/uploads\/2026\/01\/Neige-e1767880243353.jpg","datePublished":"2026-01-08T13:52:18+00:00","dateModified":"2026-01-08T13:54:20+00:00","breadcrumb":{"@id":"https:\/\/www.modave.be\/index.php\/services_communaux\/deneigement-point-sur-les-interventions\/#breadcrumb"},"inLanguage":"fr-FR","potentialAction":[{"@type":"ReadAction","target":["https:\/\/www.modave.be\/index.php\/services_communaux\/deneigement-point-sur-les-interventions\/"]}]},{"@type":"ImageObject","inLanguage":"fr-FR","@id":"https:\/\/www.modave.be\/index.php\/services_communaux\/deneigement-point-sur-les-interventions\/#primaryimage","url":"https:\/\/www.modave.be\/wp-content\/uploads\/2026\/01\/Neige-e1767880243353.jpg","contentUrl":"https:\/\/www.modave.be\/wp-content\/uploads\/2026\/01\/Neige-e1767880243353.jpg","width":1080,"height":540},{"@type":"BreadcrumbList","@id":"https:\/\/www.modave.be\/index.php\/services_communaux\/deneigement-point-sur-les-interventions\/#breadcrumb","itemListElement":[{"@type":"ListItem","position":1,"name":"Accueil","item":"https:\/\/www.modave.be\/"},{"@type":"ListItem","position":2,"name":"D\u00e9neigement | Point sur les interventions"}]},{"@type":"WebSite","@id":"https:\/\/www.modave.be\/#website","url":"https:\/\/www.modave.be\/","name":"Commune de Modave","description":"Commune de Modave","publisher":{"@id":"https:\/\/www.modave.be\/#organization"},"potentialAction":[{"@type":"SearchAction","target":{"@type":"EntryPoint","urlTemplate":"https:\/\/www.modave.be\/?s={search_term_string}"},"query-input":{"@type":"PropertyValueSpecification","valueRequired":true,"valueName":"search_term_string"}}],"inLanguage":"fr-FR"},{"@type":"Organization","@id":"https:\/\/www.modave.be\/#organization","name":"Commune de Modave","url":"https:\/\/www.modave.be\/","logo":{"@type":"ImageObject","inLanguage":"fr-FR","@id":"https:\/\/www.modave.be\/#\/schema\/logo\/image\/","url":"https:\/\/www.modave.be\/wp-content\/uploads\/2021\/12\/MODAVE_LOGO_HORIZONTAL_QUADRI_RVB.png","contentUrl":"https:\/\/www.modave.be\/wp-content\/uploads\/2021\/12\/MODAVE_LOGO_HORIZONTAL_QUADRI_RVB.png","width":1200,"height":501,"caption":"Commune de Modave"},"image":{"@id":"https:\/\/www.modave.be\/#\/schema\/logo\/image\/"}}]}},"_links":{"self":[{"href":"https:\/\/www.modave.be\/index.php\/wp-json\/wp\/v2\/services_communaux\/17582","targetHints":{"allow":["GET"]}}],"collection":[{"href":"https:\/\/www.modave.be\/index.php\/wp-json\/wp\/v2\/services_communaux"}],"about":[{"href":"https:\/\/www.modave.be\/index.php\/wp-json\/wp\/v2\/types\/services_communaux"}],"author":[{"embeddable":true,"href":"https:\/\/www.modave.be\/index.php\/wp-json\/wp\/v2\/users\/9"}],"wp:featuredmedia":[{"embeddable":true,"href":"https:\/\/www.modave.be\/index.php\/wp-json\/wp\/v2\/media\/17583"}],"wp:attachment":[{"href":"https:\/\/www.modave.be\/index.php\/wp-json\/wp\/v2\/media?parent=17582"}],"wp:term":[{"taxonomy":"category","embeddable":true,"href":"https:\/\/www.modave.be\/index.php\/wp-json\/wp\/v2\/categories?post=17582"}],"curies":[{"name":"wp","href":"https:\/\/api.w.org\/{rel}","templated":true}]}}

Déneigement | Point sur les interventions

<h4 class="wp-block-heading">Déneigement | Point sur les interventions</h4>



<p><em>Hier, la journée a commencé bien avant le lever du jour et s’est terminée tard le soir.</em></p>



<p>Le dispositif de déneigement a été actif de 4h à 22h15, avec :</p>



<ul class="wp-block-list">
<li>2 tracteurs de 4h à 8h et de 16h à 22h15</li>



<li>1 tracteur de 10h30 à 16h</li>



<li>Déneigement des accès aux bâtiments communaux entre 12h30 et 16h</li>
</ul>



<blockquote class="wp-block-quote is-layout-flow wp-block-quote-is-layout-flow">
<p>Certains endroits ont peut-être été oubliés. Il est toujours possible de contacter le service Travaux (085/51.30.35). Un tracteur est par ailleurs reparti ce matin.</p>
</blockquote>



<p>À venir : les prévisions annoncent une situation compliquée entre vendredi soir et samedi, avec de la neige attendue toute la journée. Restons vigilants et prudents lors de nos déplacements.</p>

<p>Déneigement | Point sur les interventions Hier, la journée a commencé bien avant le lever du jour et s’est terminée tard le soir. Le dispositif de déneigement a été actif de 4h à 22h15, avec : Certains endroits ont peut-être été oubliés. Il est toujours possible de contacter le service Travaux (085/51.30.35). Un tracteur est&hellip;</p>

<!-- This site is optimized with the Yoast SEO plugin v27.4 - https://yoast.com/product/yoast-seo-wordpress/ -->
<title>Déneigement | Point sur les interventions - Commune de Modave</title>
<meta name="robots" content="index, follow, max-snippet:-1, max-image-preview:large, max-video-preview:-1" />
<link rel="canonical" href="https://www.modave.be/index.php/services_communaux/deneigement-point-sur-les-interventions/" />
<meta property="og:locale" content="fr_FR" />
<meta property="og:type" content="article" />
<meta property="og:title" content="Déneigement | Point sur les interventions - Commune de Modave" />
<meta property="og:description" content="Déneigement | Point sur les interventions Hier, la journée a commencé bien avant le lever du jour et s’est terminée tard le soir. Le dispositif de déneigement a été actif de 4h à 22h15, avec : Certains endroits ont peut-être été oubliés. Il est toujours possible de contacter le service Travaux (085/51.30.35). Un tracteur est&hellip;" />
<meta property="og:url" content="https://www.modave.be/index.php/services_communaux/deneigement-point-sur-les-interventions/" />
<meta property="og:site_name" content="Commune de Modave" />
<meta property="article:modified_time" content="2026-01-08T13:54:20+00:00" />
<meta property="og:image" content="https://www.modave.be/wp-content/uploads/2026/01/Neige-e1767880243353.jpg" />
	<meta property="og:image:width" content="1080" />
	<meta property="og:image:height" content="540" />
	<meta property="og:image:type" content="image/jpeg" />
<meta name="twitter:card" content="summary_large_image" />
<meta name="twitter:label1" content="Durée de lecture estimée" />
	<meta name="twitter:data1" content="1 minute" />
<script type="application/ld+json" class="yoast-schema-graph">{"@context":"https:\/\/schema.org","@graph":[{"@type":"WebPage","@id":"https:\/\/www.modave.be\/index.php\/services_communaux\/deneigement-point-sur-les-interventions\/","url":"https:\/\/www.modave.be\/index.php\/services_communaux\/deneigement-point-sur-les-interventions\/","name":"Déneigement | Point sur les interventions - Commune de Modave","isPartOf":{"@id":"https:\/\/www.modave.be\/#website"},"primaryImageOfPage":{"@id":"https:\/\/www.modave.be\/index.php\/services_communaux\/deneigement-point-sur-les-interventions\/#primaryimage"},"image":{"@id":"https:\/\/www.modave.be\/index.php\/services_communaux\/deneigement-point-sur-les-interventions\/#primaryimage"},"thumbnailUrl":"https:\/\/www.modave.be\/wp-content\/uploads\/2026\/01\/Neige-e1767880243353.jpg","datePublished":"2026-01-08T13:52:18+00:00","dateModified":"2026-01-08T13:54:20+00:00","breadcrumb":{"@id":"https:\/\/www.modave.be\/index.php\/services_communaux\/deneigement-point-sur-les-interventions\/#breadcrumb"},"inLanguage":"fr-FR","potentialAction":[{"@type":"ReadAction","target":["https:\/\/www.modave.be\/index.php\/services_communaux\/deneigement-point-sur-les-interventions\/"]}]},{"@type":"ImageObject","inLanguage":"fr-FR","@id":"https:\/\/www.modave.be\/index.php\/services_communaux\/deneigement-point-sur-les-interventions\/#primaryimage","url":"https:\/\/www.modave.be\/wp-content\/uploads\/2026\/01\/Neige-e1767880243353.jpg","contentUrl":"https:\/\/www.modave.be\/wp-content\/uploads\/2026\/01\/Neige-e1767880243353.jpg","width":1080,"height":540},{"@type":"BreadcrumbList","@id":"https:\/\/www.modave.be\/index.php\/services_communaux\/deneigement-point-sur-les-interventions\/#breadcrumb","itemListElement":[{"@type":"ListItem","position":1,"name":"Accueil","item":"https:\/\/www.modave.be\/"},{"@type":"ListItem","position":2,"name":"Déneigement | Point sur les interventions"}]},{"@type":"WebSite","@id":"https:\/\/www.modave.be\/#website","url":"https:\/\/www.modave.be\/","name":"Commune de Modave","description":"Commune de Modave","publisher":{"@id":"https:\/\/www.modave.be\/#organization"},"potentialAction":[{"@type":"SearchAction","target":{"@type":"EntryPoint","urlTemplate":"https:\/\/www.modave.be\/?s={search_term_string}"},"query-input":{"@type":"PropertyValueSpecification","valueRequired":true,"valueName":"search_term_string"}}],"inLanguage":"fr-FR"},{"@type":"Organization","@id":"https:\/\/www.modave.be\/#organization","name":"Commune de Modave","url":"https:\/\/www.modave.be\/","logo":{"@type":"ImageObject","inLanguage":"fr-FR","@id":"https:\/\/www.modave.be\/#\/schema\/logo\/image\/","url":"https:\/\/www.modave.be\/wp-content\/uploads\/2021\/12\/MODAVE_LOGO_HORIZONTAL_QUADRI_RVB.png","contentUrl":"https:\/\/www.modave.be\/wp-content\/uploads\/2021\/12\/MODAVE_LOGO_HORIZONTAL_QUADRI_RVB.png","width":1200,"height":501,"caption":"Commune de Modave"},"image":{"@id":"https:\/\/www.modave.be\/#\/schema\/logo\/image\/"}}]}</script>
<!-- / Yoast SEO plugin. -->

Déneigement | Point sur les interventions - Commune de Modave

Déneigement | Point sur les interventions Hier, la journée a commencé bien avant le lever du jour et s’est terminée tard le soir. Le dispositif de déneigement a été actif de 4h à 22h15, avec : Certains endroits ont peut-être été oubliés. Il est toujours possible de contacter le service Travaux (085/51.30.35). Un tracteur est&hellip;
