{"id":17586,"date":"2026-01-09T12:07:42","date_gmt":"2026-01-09T11:07:42","guid":{"rendered":"https:\/\/www.modave.be\/?post_type=services_communaux&#038;p=17586"},"modified":"2026-01-09T12:07:43","modified_gmt":"2026-01-09T11:07:43","slug":"stages-2026-inscriptions-ouvertes","status":"publish","type":"services_communaux","link":"https:\/\/www.modave.be\/index.php\/services_communaux\/stages-2026-inscriptions-ouvertes\/","title":{"rendered":"Stages 2026 | Inscriptions ouvertes"},"content":{"rendered":"\n<p><em>Les inscriptions aux stages de f\u00e9vrier et de mai 2026 sont ouvertes, avec une attention renforc\u00e9e cette ann\u00e9e pour l\u2019accueil des enfants \u00e0 besoins sp\u00e9cifiques gr\u00e2ce au renfort d\u2019animateurs sp\u00e9cialis\u00e9s.<\/em><\/p>\n\n\n\n<p>Besoin d\u2019aide ? Fran\u00e7ois Perniaux est joignable au <strong>085\/41.02.20 (ext. 5)<\/strong>.<\/p>\n\n\n\n<p>Stages propos\u00e9s<br>F\u00e9vrier 2026 \u2013 Sport Attitude (16 au 20\/02)<br>Mai 2026 \u2013 La Voie de l\u2019Effort (04 au 08\/05)<\/p>\n\n\n\n<blockquote class=\"wp-block-quote is-layout-flow wp-block-quote-is-layout-flow\">\n<p><strong>Inscriptions :<\/strong><br>Elles se font via ce lien : <a href=\"https:\/\/docs.google.com\/forms\/d\/e\/1FAIpQLScJ5B1iYm3hiHD-Qb_SQsL8CYYG71bxCOLtQ2wnLXoZtdsvJw\/viewform?usp=header\">Formulaire d&rsquo;inscription<\/a>.<br>Le formulaire est \u00e9galement disponible ci-dessous.<\/p>\n<\/blockquote>\n\n\n\n<p><strong>Attention<\/strong><\/p>\n\n\n\n<ul class=\"wp-block-list\">\n<li>Attendez la confirmation d\u2019inscription de l\u2019agent traitant avant de proc\u00e9der au paiement.<\/li>\n\n\n\n<li>Le paiement est \u00e0 effectuer dans les 3 jours apr\u00e8s r\u00e9ception de cette confirmation.<\/li>\n\n\n\n<li>Toute annulation doit \u00eatre signal\u00e9e par \u00e9crit (<a>jeunesse@modave.be<\/a>) au plus tard une semaine avant le d\u00e9but du stage.<\/li>\n<\/ul>\n\n\n\n<iframe src=\"https:\/\/docs.google.com\/forms\/d\/e\/1FAIpQLScJ5B1iYm3hiHD-Qb_SQsL8CYYG71bxCOLtQ2wnLXoZtdsvJw\/viewform?usp=header\/viewform?embedded=true\" width=\"640\" height=\"4151\" frameborder=\"0\" marginheight=\"0\" marginwidth=\"0\">Chargement\u2026<\/iframe>\n\n\n\n<p><\/p>\n\n\n\n<p><\/p>\n","protected":false},"excerpt":{"rendered":"<p>Les inscriptions aux stages de f\u00e9vrier et de mai 2026 sont ouvertes, avec une attention renforc\u00e9e cette ann\u00e9e pour l\u2019accueil des enfants \u00e0 besoins sp\u00e9cifiques gr\u00e2ce au renfort d\u2019animateurs sp\u00e9cialis\u00e9s. Besoin d\u2019aide ? Fran\u00e7ois Perniaux est joignable au 085\/41.02.20 (ext. 5). Stages propos\u00e9sF\u00e9vrier 2026 \u2013 Sport Attitude (16 au 20\/02)Mai 2026 \u2013 La Voie de&hellip;<\/p>\n","protected":false},"author":9,"featured_media":17587,"menu_order":0,"template":"","categories":[202],"class_list":["post-17586","services_communaux","type-services_communaux","status-publish","has-post-thumbnail","hentry","category-jeunesse_temps_libre","description-off"],"yoast_head":"<!-- This site is optimized with the Yoast SEO plugin v27.4 - https:\/\/yoast.com\/product\/yoast-seo-wordpress\/ -->\n<title>Stages 2026 | Inscriptions ouvertes - Commune de Modave<\/title>\n<meta name=\"robots\" content=\"index, follow, max-snippet:-1, max-image-preview:large, max-video-preview:-1\" \/>\n<link rel=\"canonical\" href=\"https:\/\/www.modave.be\/index.php\/services_communaux\/stages-2026-inscriptions-ouvertes\/\" \/>\n<meta property=\"og:locale\" content=\"fr_FR\" \/>\n<meta property=\"og:type\" content=\"article\" \/>\n<meta property=\"og:title\" content=\"Stages 2026 | Inscriptions ouvertes - Commune de Modave\" \/>\n<meta property=\"og:description\" content=\"Les inscriptions aux stages de f\u00e9vrier et de mai 2026 sont ouvertes, avec une attention renforc\u00e9e cette ann\u00e9e pour l\u2019accueil des enfants \u00e0 besoins sp\u00e9cifiques gr\u00e2ce au renfort d\u2019animateurs sp\u00e9cialis\u00e9s. Besoin d\u2019aide ? Fran\u00e7ois Perniaux est joignable au 085\/41.02.20 (ext. 5). Stages propos\u00e9sF\u00e9vrier 2026 \u2013 Sport Attitude (16 au 20\/02)Mai 2026 \u2013 La Voie de&hellip;\" \/>\n<meta property=\"og:url\" content=\"https:\/\/www.modave.be\/index.php\/services_communaux\/stages-2026-inscriptions-ouvertes\/\" \/>\n<meta property=\"og:site_name\" content=\"Commune de Modave\" \/>\n<meta property=\"article:modified_time\" content=\"2026-01-09T11:07:43+00:00\" \/>\n<meta property=\"og:image\" content=\"https:\/\/www.modave.be\/wp-content\/uploads\/2026\/01\/bandeau-stage-e1767947795302.jpg\" \/>\n\t<meta property=\"og:image:width\" content=\"1080\" \/>\n\t<meta property=\"og:image:height\" content=\"540\" \/>\n\t<meta property=\"og:image:type\" content=\"image\/jpeg\" \/>\n<meta name=\"twitter:card\" content=\"summary_large_image\" \/>\n<meta name=\"twitter:label1\" content=\"Dur\u00e9e de lecture estim\u00e9e\" \/>\n\t<meta name=\"twitter:data1\" content=\"1 minute\" \/>\n<script type=\"application\/ld+json\" class=\"yoast-schema-graph\">{\"@context\":\"https:\\\/\\\/schema.org\",\"@graph\":[{\"@type\":\"WebPage\",\"@id\":\"https:\\\/\\\/www.modave.be\\\/index.php\\\/services_communaux\\\/stages-2026-inscriptions-ouvertes\\\/\",\"url\":\"https:\\\/\\\/www.modave.be\\\/index.php\\\/services_communaux\\\/stages-2026-inscriptions-ouvertes\\\/\",\"name\":\"Stages 2026 | Inscriptions ouvertes - Commune de Modave\",\"isPartOf\":{\"@id\":\"https:\\\/\\\/www.modave.be\\\/#website\"},\"primaryImageOfPage\":{\"@id\":\"https:\\\/\\\/www.modave.be\\\/index.php\\\/services_communaux\\\/stages-2026-inscriptions-ouvertes\\\/#primaryimage\"},\"image\":{\"@id\":\"https:\\\/\\\/www.modave.be\\\/index.php\\\/services_communaux\\\/stages-2026-inscriptions-ouvertes\\\/#primaryimage\"},\"thumbnailUrl\":\"https:\\\/\\\/www.modave.be\\\/wp-content\\\/uploads\\\/2026\\\/01\\\/bandeau-stage-e1767947795302.jpg\",\"datePublished\":\"2026-01-09T11:07:42+00:00\",\"dateModified\":\"2026-01-09T11:07:43+00:00\",\"breadcrumb\":{\"@id\":\"https:\\\/\\\/www.modave.be\\\/index.php\\\/services_communaux\\\/stages-2026-inscriptions-ouvertes\\\/#breadcrumb\"},\"inLanguage\":\"fr-FR\",\"potentialAction\":[{\"@type\":\"ReadAction\",\"target\":[\"https:\\\/\\\/www.modave.be\\\/index.php\\\/services_communaux\\\/stages-2026-inscriptions-ouvertes\\\/\"]}]},{\"@type\":\"ImageObject\",\"inLanguage\":\"fr-FR\",\"@id\":\"https:\\\/\\\/www.modave.be\\\/index.php\\\/services_communaux\\\/stages-2026-inscriptions-ouvertes\\\/#primaryimage\",\"url\":\"https:\\\/\\\/www.modave.be\\\/wp-content\\\/uploads\\\/2026\\\/01\\\/bandeau-stage-e1767947795302.jpg\",\"contentUrl\":\"https:\\\/\\\/www.modave.be\\\/wp-content\\\/uploads\\\/2026\\\/01\\\/bandeau-stage-e1767947795302.jpg\",\"width\":1080,\"height\":540},{\"@type\":\"BreadcrumbList\",\"@id\":\"https:\\\/\\\/www.modave.be\\\/index.php\\\/services_communaux\\\/stages-2026-inscriptions-ouvertes\\\/#breadcrumb\",\"itemListElement\":[{\"@type\":\"ListItem\",\"position\":1,\"name\":\"Accueil\",\"item\":\"https:\\\/\\\/www.modave.be\\\/\"},{\"@type\":\"ListItem\",\"position\":2,\"name\":\"Stages 2026 | Inscriptions ouvertes\"}]},{\"@type\":\"WebSite\",\"@id\":\"https:\\\/\\\/www.modave.be\\\/#website\",\"url\":\"https:\\\/\\\/www.modave.be\\\/\",\"name\":\"Commune de Modave\",\"description\":\"Commune de Modave\",\"publisher\":{\"@id\":\"https:\\\/\\\/www.modave.be\\\/#organization\"},\"potentialAction\":[{\"@type\":\"SearchAction\",\"target\":{\"@type\":\"EntryPoint\",\"urlTemplate\":\"https:\\\/\\\/www.modave.be\\\/?s={search_term_string}\"},\"query-input\":{\"@type\":\"PropertyValueSpecification\",\"valueRequired\":true,\"valueName\":\"search_term_string\"}}],\"inLanguage\":\"fr-FR\"},{\"@type\":\"Organization\",\"@id\":\"https:\\\/\\\/www.modave.be\\\/#organization\",\"name\":\"Commune de Modave\",\"url\":\"https:\\\/\\\/www.modave.be\\\/\",\"logo\":{\"@type\":\"ImageObject\",\"inLanguage\":\"fr-FR\",\"@id\":\"https:\\\/\\\/www.modave.be\\\/#\\\/schema\\\/logo\\\/image\\\/\",\"url\":\"https:\\\/\\\/www.modave.be\\\/wp-content\\\/uploads\\\/2021\\\/12\\\/MODAVE_LOGO_HORIZONTAL_QUADRI_RVB.png\",\"contentUrl\":\"https:\\\/\\\/www.modave.be\\\/wp-content\\\/uploads\\\/2021\\\/12\\\/MODAVE_LOGO_HORIZONTAL_QUADRI_RVB.png\",\"width\":1200,\"height\":501,\"caption\":\"Commune de Modave\"},\"image\":{\"@id\":\"https:\\\/\\\/www.modave.be\\\/#\\\/schema\\\/logo\\\/image\\\/\"}}]}<\/script>\n<!-- \/ Yoast SEO plugin. -->","yoast_head_json":{"title":"Stages 2026 | Inscriptions ouvertes - Commune de Modave","robots":{"index":"index","follow":"follow","max-snippet":"max-snippet:-1","max-image-preview":"max-image-preview:large","max-video-preview":"max-video-preview:-1"},"canonical":"https:\/\/www.modave.be\/index.php\/services_communaux\/stages-2026-inscriptions-ouvertes\/","og_locale":"fr_FR","og_type":"article","og_title":"Stages 2026 | Inscriptions ouvertes - Commune de Modave","og_description":"Les inscriptions aux stages de f\u00e9vrier et de mai 2026 sont ouvertes, avec une attention renforc\u00e9e cette ann\u00e9e pour l\u2019accueil des enfants \u00e0 besoins sp\u00e9cifiques gr\u00e2ce au renfort d\u2019animateurs sp\u00e9cialis\u00e9s. Besoin d\u2019aide ? Fran\u00e7ois Perniaux est joignable au 085\/41.02.20 (ext. 5). Stages propos\u00e9sF\u00e9vrier 2026 \u2013 Sport Attitude (16 au 20\/02)Mai 2026 \u2013 La Voie de&hellip;","og_url":"https:\/\/www.modave.be\/index.php\/services_communaux\/stages-2026-inscriptions-ouvertes\/","og_site_name":"Commune de Modave","article_modified_time":"2026-01-09T11:07:43+00:00","og_image":[{"width":1080,"height":540,"url":"https:\/\/www.modave.be\/wp-content\/uploads\/2026\/01\/bandeau-stage-e1767947795302.jpg","type":"image\/jpeg"}],"twitter_card":"summary_large_image","twitter_misc":{"Dur\u00e9e de lecture estim\u00e9e":"1 minute"},"schema":{"@context":"https:\/\/schema.org","@graph":[{"@type":"WebPage","@id":"https:\/\/www.modave.be\/index.php\/services_communaux\/stages-2026-inscriptions-ouvertes\/","url":"https:\/\/www.modave.be\/index.php\/services_communaux\/stages-2026-inscriptions-ouvertes\/","name":"Stages 2026 | Inscriptions ouvertes - Commune de Modave","isPartOf":{"@id":"https:\/\/www.modave.be\/#website"},"primaryImageOfPage":{"@id":"https:\/\/www.modave.be\/index.php\/services_communaux\/stages-2026-inscriptions-ouvertes\/#primaryimage"},"image":{"@id":"https:\/\/www.modave.be\/index.php\/services_communaux\/stages-2026-inscriptions-ouvertes\/#primaryimage"},"thumbnailUrl":"https:\/\/www.modave.be\/wp-content\/uploads\/2026\/01\/bandeau-stage-e1767947795302.jpg","datePublished":"2026-01-09T11:07:42+00:00","dateModified":"2026-01-09T11:07:43+00:00","breadcrumb":{"@id":"https:\/\/www.modave.be\/index.php\/services_communaux\/stages-2026-inscriptions-ouvertes\/#breadcrumb"},"inLanguage":"fr-FR","potentialAction":[{"@type":"ReadAction","target":["https:\/\/www.modave.be\/index.php\/services_communaux\/stages-2026-inscriptions-ouvertes\/"]}]},{"@type":"ImageObject","inLanguage":"fr-FR","@id":"https:\/\/www.modave.be\/index.php\/services_communaux\/stages-2026-inscriptions-ouvertes\/#primaryimage","url":"https:\/\/www.modave.be\/wp-content\/uploads\/2026\/01\/bandeau-stage-e1767947795302.jpg","contentUrl":"https:\/\/www.modave.be\/wp-content\/uploads\/2026\/01\/bandeau-stage-e1767947795302.jpg","width":1080,"height":540},{"@type":"BreadcrumbList","@id":"https:\/\/www.modave.be\/index.php\/services_communaux\/stages-2026-inscriptions-ouvertes\/#breadcrumb","itemListElement":[{"@type":"ListItem","position":1,"name":"Accueil","item":"https:\/\/www.modave.be\/"},{"@type":"ListItem","position":2,"name":"Stages 2026 | Inscriptions ouvertes"}]},{"@type":"WebSite","@id":"https:\/\/www.modave.be\/#website","url":"https:\/\/www.modave.be\/","name":"Commune de Modave","description":"Commune de Modave","publisher":{"@id":"https:\/\/www.modave.be\/#organization"},"potentialAction":[{"@type":"SearchAction","target":{"@type":"EntryPoint","urlTemplate":"https:\/\/www.modave.be\/?s={search_term_string}"},"query-input":{"@type":"PropertyValueSpecification","valueRequired":true,"valueName":"search_term_string"}}],"inLanguage":"fr-FR"},{"@type":"Organization","@id":"https:\/\/www.modave.be\/#organization","name":"Commune de Modave","url":"https:\/\/www.modave.be\/","logo":{"@type":"ImageObject","inLanguage":"fr-FR","@id":"https:\/\/www.modave.be\/#\/schema\/logo\/image\/","url":"https:\/\/www.modave.be\/wp-content\/uploads\/2021\/12\/MODAVE_LOGO_HORIZONTAL_QUADRI_RVB.png","contentUrl":"https:\/\/www.modave.be\/wp-content\/uploads\/2021\/12\/MODAVE_LOGO_HORIZONTAL_QUADRI_RVB.png","width":1200,"height":501,"caption":"Commune de Modave"},"image":{"@id":"https:\/\/www.modave.be\/#\/schema\/logo\/image\/"}}]}},"_links":{"self":[{"href":"https:\/\/www.modave.be\/index.php\/wp-json\/wp\/v2\/services_communaux\/17586","targetHints":{"allow":["GET"]}}],"collection":[{"href":"https:\/\/www.modave.be\/index.php\/wp-json\/wp\/v2\/services_communaux"}],"about":[{"href":"https:\/\/www.modave.be\/index.php\/wp-json\/wp\/v2\/types\/services_communaux"}],"author":[{"embeddable":true,"href":"https:\/\/www.modave.be\/index.php\/wp-json\/wp\/v2\/users\/9"}],"wp:featuredmedia":[{"embeddable":true,"href":"https:\/\/www.modave.be\/index.php\/wp-json\/wp\/v2\/media\/17587"}],"wp:attachment":[{"href":"https:\/\/www.modave.be\/index.php\/wp-json\/wp\/v2\/media?parent=17586"}],"wp:term":[{"taxonomy":"category","embeddable":true,"href":"https:\/\/www.modave.be\/index.php\/wp-json\/wp\/v2\/categories?post=17586"}],"curies":[{"name":"wp","href":"https:\/\/api.w.org\/{rel}","templated":true}]}}

<p><em>Les inscriptions aux stages de février et de mai 2026 sont ouvertes, avec une attention renforcée cette année pour l’accueil des enfants à besoins spécifiques grâce au renfort d’animateurs spécialisés.</em></p>



<p>Besoin d’aide ? François Perniaux est joignable au <strong>085/41.02.20 (ext. 5)</strong>.</p>



<p>Stages proposés<br>Février 2026 – Sport Attitude (16 au 20/02)<br>Mai 2026 – La Voie de l’Effort (04 au 08/05)</p>



<blockquote class="wp-block-quote is-layout-flow wp-block-quote-is-layout-flow">
<p><strong>Inscriptions :</strong><br>Elles se font via ce lien : <a href="https://docs.google.com/forms/d/e/1FAIpQLScJ5B1iYm3hiHD-Qb_SQsL8CYYG71bxCOLtQ2wnLXoZtdsvJw/viewform?usp=header">Formulaire d&rsquo;inscription</a>.<br>Le formulaire est également disponible ci-dessous.</p>
</blockquote>



<p><strong>Attention</strong></p>



<ul class="wp-block-list">
<li>Attendez la confirmation d’inscription de l’agent traitant avant de procéder au paiement.</li>



<li>Le paiement est à effectuer dans les 3 jours après réception de cette confirmation.</li>



<li>Toute annulation doit être signalée par écrit (<a>jeunesse@modave.be</a>) au plus tard une semaine avant le début du stage.</li>
</ul>



<iframe src="https://docs.google.com/forms/d/e/1FAIpQLScJ5B1iYm3hiHD-Qb_SQsL8CYYG71bxCOLtQ2wnLXoZtdsvJw/viewform?usp=header/viewform?embedded=true" width="640" height="4151" frameborder="0" marginheight="0" marginwidth="0">Chargement…</iframe>



<p></p>



<p></p>

<p>Les inscriptions aux stages de février et de mai 2026 sont ouvertes, avec une attention renforcée cette année pour l’accueil des enfants à besoins spécifiques grâce au renfort d’animateurs spécialisés. Besoin d’aide ? François Perniaux est joignable au 085/41.02.20 (ext. 5). Stages proposésFévrier 2026 – Sport Attitude (16 au 20/02)Mai 2026 – La Voie de&hellip;</p>

<!-- This site is optimized with the Yoast SEO plugin v27.4 - https://yoast.com/product/yoast-seo-wordpress/ -->
<title>Stages 2026 | Inscriptions ouvertes - Commune de Modave</title>
<meta name="robots" content="index, follow, max-snippet:-1, max-image-preview:large, max-video-preview:-1" />
<link rel="canonical" href="https://www.modave.be/index.php/services_communaux/stages-2026-inscriptions-ouvertes/" />
<meta property="og:locale" content="fr_FR" />
<meta property="og:type" content="article" />
<meta property="og:title" content="Stages 2026 | Inscriptions ouvertes - Commune de Modave" />
<meta property="og:description" content="Les inscriptions aux stages de février et de mai 2026 sont ouvertes, avec une attention renforcée cette année pour l’accueil des enfants à besoins spécifiques grâce au renfort d’animateurs spécialisés. Besoin d’aide ? François Perniaux est joignable au 085/41.02.20 (ext. 5). Stages proposésFévrier 2026 – Sport Attitude (16 au 20/02)Mai 2026 – La Voie de&hellip;" />
<meta property="og:url" content="https://www.modave.be/index.php/services_communaux/stages-2026-inscriptions-ouvertes/" />
<meta property="og:site_name" content="Commune de Modave" />
<meta property="article:modified_time" content="2026-01-09T11:07:43+00:00" />
<meta property="og:image" content="https://www.modave.be/wp-content/uploads/2026/01/bandeau-stage-e1767947795302.jpg" />
	<meta property="og:image:width" content="1080" />
	<meta property="og:image:height" content="540" />
	<meta property="og:image:type" content="image/jpeg" />
<meta name="twitter:card" content="summary_large_image" />
<meta name="twitter:label1" content="Durée de lecture estimée" />
	<meta name="twitter:data1" content="1 minute" />
<script type="application/ld+json" class="yoast-schema-graph">{"@context":"https:\/\/schema.org","@graph":[{"@type":"WebPage","@id":"https:\/\/www.modave.be\/index.php\/services_communaux\/stages-2026-inscriptions-ouvertes\/","url":"https:\/\/www.modave.be\/index.php\/services_communaux\/stages-2026-inscriptions-ouvertes\/","name":"Stages 2026 | Inscriptions ouvertes - Commune de Modave","isPartOf":{"@id":"https:\/\/www.modave.be\/#website"},"primaryImageOfPage":{"@id":"https:\/\/www.modave.be\/index.php\/services_communaux\/stages-2026-inscriptions-ouvertes\/#primaryimage"},"image":{"@id":"https:\/\/www.modave.be\/index.php\/services_communaux\/stages-2026-inscriptions-ouvertes\/#primaryimage"},"thumbnailUrl":"https:\/\/www.modave.be\/wp-content\/uploads\/2026\/01\/bandeau-stage-e1767947795302.jpg","datePublished":"2026-01-09T11:07:42+00:00","dateModified":"2026-01-09T11:07:43+00:00","breadcrumb":{"@id":"https:\/\/www.modave.be\/index.php\/services_communaux\/stages-2026-inscriptions-ouvertes\/#breadcrumb"},"inLanguage":"fr-FR","potentialAction":[{"@type":"ReadAction","target":["https:\/\/www.modave.be\/index.php\/services_communaux\/stages-2026-inscriptions-ouvertes\/"]}]},{"@type":"ImageObject","inLanguage":"fr-FR","@id":"https:\/\/www.modave.be\/index.php\/services_communaux\/stages-2026-inscriptions-ouvertes\/#primaryimage","url":"https:\/\/www.modave.be\/wp-content\/uploads\/2026\/01\/bandeau-stage-e1767947795302.jpg","contentUrl":"https:\/\/www.modave.be\/wp-content\/uploads\/2026\/01\/bandeau-stage-e1767947795302.jpg","width":1080,"height":540},{"@type":"BreadcrumbList","@id":"https:\/\/www.modave.be\/index.php\/services_communaux\/stages-2026-inscriptions-ouvertes\/#breadcrumb","itemListElement":[{"@type":"ListItem","position":1,"name":"Accueil","item":"https:\/\/www.modave.be\/"},{"@type":"ListItem","position":2,"name":"Stages 2026 | Inscriptions ouvertes"}]},{"@type":"WebSite","@id":"https:\/\/www.modave.be\/#website","url":"https:\/\/www.modave.be\/","name":"Commune de Modave","description":"Commune de Modave","publisher":{"@id":"https:\/\/www.modave.be\/#organization"},"potentialAction":[{"@type":"SearchAction","target":{"@type":"EntryPoint","urlTemplate":"https:\/\/www.modave.be\/?s={search_term_string}"},"query-input":{"@type":"PropertyValueSpecification","valueRequired":true,"valueName":"search_term_string"}}],"inLanguage":"fr-FR"},{"@type":"Organization","@id":"https:\/\/www.modave.be\/#organization","name":"Commune de Modave","url":"https:\/\/www.modave.be\/","logo":{"@type":"ImageObject","inLanguage":"fr-FR","@id":"https:\/\/www.modave.be\/#\/schema\/logo\/image\/","url":"https:\/\/www.modave.be\/wp-content\/uploads\/2021\/12\/MODAVE_LOGO_HORIZONTAL_QUADRI_RVB.png","contentUrl":"https:\/\/www.modave.be\/wp-content\/uploads\/2021\/12\/MODAVE_LOGO_HORIZONTAL_QUADRI_RVB.png","width":1200,"height":501,"caption":"Commune de Modave"},"image":{"@id":"https:\/\/www.modave.be\/#\/schema\/logo\/image\/"}}]}</script>
<!-- / Yoast SEO plugin. -->

Les inscriptions aux stages de février et de mai 2026 sont ouvertes, avec une attention renforcée cette année pour l’accueil des enfants à besoins spécifiques grâce au renfort d’animateurs spécialisés. Besoin d’aide ? François Perniaux est joignable au 085/41.02.20 (ext. 5). Stages proposésFévrier 2026 – Sport Attitude (16 au 20/02)Mai 2026 – La Voie de&hellip;
