{"id":17602,"date":"2026-01-09T14:15:00","date_gmt":"2026-01-09T13:15:00","guid":{"rendered":"https:\/\/www.modave.be\/?post_type=services_communaux&#038;p=17602"},"modified":"2026-01-09T15:04:37","modified_gmt":"2026-01-09T14:04:37","slug":"rappel-collecte-des-sapins-de-noel-2","status":"publish","type":"services_communaux","link":"https:\/\/www.modave.be\/index.php\/services_communaux\/rappel-collecte-des-sapins-de-noel-2\/","title":{"rendered":"Mise-\u00e0-jour | Collecte des sapins de No\u00ebl"},"content":{"rendered":"\n<p>Malgr\u00e9 les vents violents actuellement en cours, les \u00e9quipes sont \u00e0 pied d\u2019\u0153uvre et font le maximum pour assurer la collecte.<\/p>\n\n\n\n<p><strong>Si, en raison de la m\u00e9t\u00e9o, votre sapin n\u2019a pas pu \u00eatre collect\u00e9 avant 14h30, la tourn\u00e9e sera compl\u00e9t\u00e9e ce lundi.<\/strong><\/p>\n\n\n\n<blockquote class=\"wp-block-quote is-layout-flow wp-block-quote-is-layout-flow\">\n<p>Par ailleurs, si votre sapin pr\u00e9sente un risque pour la circulation (chauss\u00e9e, trottoir, visibilit\u00e9) au vu des conditions m\u00e9t\u00e9orologiques, nous vous invitons \u00e0 le mettre temporairement de c\u00f4t\u00e9 et \u00e0 le ressortir lundi.<\/p>\n<\/blockquote>\n\n\n\n<p>Merci pour votre compr\u00e9hension et votre prudence lors de vos d\u00e9placements.<\/p>\n\n\n\n<p><\/p>\n","protected":false},"excerpt":{"rendered":"<p>Malgr\u00e9 les vents violents actuellement en cours, les \u00e9quipes sont \u00e0 pied d\u2019\u0153uvre et font le maximum pour assurer la collecte. Si, en raison de la m\u00e9t\u00e9o, votre sapin n\u2019a pas pu \u00eatre collect\u00e9 avant 14h30, la tourn\u00e9e sera compl\u00e9t\u00e9e ce lundi. Par ailleurs, si votre sapin pr\u00e9sente un risque pour la circulation (chauss\u00e9e, trottoir,&hellip;<\/p>\n","protected":false},"author":9,"featured_media":17542,"menu_order":0,"template":"","categories":[224],"class_list":["post-17602","services_communaux","type-services_communaux","status-publish","has-post-thumbnail","hentry","category-intradel","description-off"],"yoast_head":"<!-- This site is optimized with the Yoast SEO plugin v27.4 - https:\/\/yoast.com\/product\/yoast-seo-wordpress\/ -->\n<title>Mise-\u00e0-jour | Collecte des sapins de No\u00ebl - Commune de Modave<\/title>\n<meta name=\"robots\" content=\"index, follow, max-snippet:-1, max-image-preview:large, max-video-preview:-1\" \/>\n<link rel=\"canonical\" href=\"https:\/\/www.modave.be\/index.php\/services_communaux\/rappel-collecte-des-sapins-de-noel-2\/\" \/>\n<meta property=\"og:locale\" content=\"fr_FR\" \/>\n<meta property=\"og:type\" content=\"article\" \/>\n<meta property=\"og:title\" content=\"Mise-\u00e0-jour | Collecte des sapins de No\u00ebl - Commune de Modave\" \/>\n<meta property=\"og:description\" content=\"Malgr\u00e9 les vents violents actuellement en cours, les \u00e9quipes sont \u00e0 pied d\u2019\u0153uvre et font le maximum pour assurer la collecte. Si, en raison de la m\u00e9t\u00e9o, votre sapin n\u2019a pas pu \u00eatre collect\u00e9 avant 14h30, la tourn\u00e9e sera compl\u00e9t\u00e9e ce lundi. Par ailleurs, si votre sapin pr\u00e9sente un risque pour la circulation (chauss\u00e9e, trottoir,&hellip;\" \/>\n<meta property=\"og:url\" content=\"https:\/\/www.modave.be\/index.php\/services_communaux\/rappel-collecte-des-sapins-de-noel-2\/\" \/>\n<meta property=\"og:site_name\" content=\"Commune de Modave\" \/>\n<meta property=\"article:modified_time\" content=\"2026-01-09T14:04:37+00:00\" \/>\n<meta property=\"og:image\" content=\"https:\/\/www.modave.be\/wp-content\/uploads\/2026\/01\/Sapins-e1767626548436.jpg\" \/>\n\t<meta property=\"og:image:width\" content=\"1080\" \/>\n\t<meta property=\"og:image:height\" content=\"540\" \/>\n\t<meta property=\"og:image:type\" content=\"image\/jpeg\" \/>\n<meta name=\"twitter:card\" content=\"summary_large_image\" \/>\n<script type=\"application\/ld+json\" class=\"yoast-schema-graph\">{\"@context\":\"https:\\\/\\\/schema.org\",\"@graph\":[{\"@type\":\"WebPage\",\"@id\":\"https:\\\/\\\/www.modave.be\\\/index.php\\\/services_communaux\\\/rappel-collecte-des-sapins-de-noel-2\\\/\",\"url\":\"https:\\\/\\\/www.modave.be\\\/index.php\\\/services_communaux\\\/rappel-collecte-des-sapins-de-noel-2\\\/\",\"name\":\"Mise-\u00e0-jour | Collecte des sapins de No\u00ebl - Commune de Modave\",\"isPartOf\":{\"@id\":\"https:\\\/\\\/www.modave.be\\\/#website\"},\"primaryImageOfPage\":{\"@id\":\"https:\\\/\\\/www.modave.be\\\/index.php\\\/services_communaux\\\/rappel-collecte-des-sapins-de-noel-2\\\/#primaryimage\"},\"image\":{\"@id\":\"https:\\\/\\\/www.modave.be\\\/index.php\\\/services_communaux\\\/rappel-collecte-des-sapins-de-noel-2\\\/#primaryimage\"},\"thumbnailUrl\":\"https:\\\/\\\/www.modave.be\\\/wp-content\\\/uploads\\\/2026\\\/01\\\/Sapins-e1767626548436.jpg\",\"datePublished\":\"2026-01-09T13:15:00+00:00\",\"dateModified\":\"2026-01-09T14:04:37+00:00\",\"breadcrumb\":{\"@id\":\"https:\\\/\\\/www.modave.be\\\/index.php\\\/services_communaux\\\/rappel-collecte-des-sapins-de-noel-2\\\/#breadcrumb\"},\"inLanguage\":\"fr-FR\",\"potentialAction\":[{\"@type\":\"ReadAction\",\"target\":[\"https:\\\/\\\/www.modave.be\\\/index.php\\\/services_communaux\\\/rappel-collecte-des-sapins-de-noel-2\\\/\"]}]},{\"@type\":\"ImageObject\",\"inLanguage\":\"fr-FR\",\"@id\":\"https:\\\/\\\/www.modave.be\\\/index.php\\\/services_communaux\\\/rappel-collecte-des-sapins-de-noel-2\\\/#primaryimage\",\"url\":\"https:\\\/\\\/www.modave.be\\\/wp-content\\\/uploads\\\/2026\\\/01\\\/Sapins-e1767626548436.jpg\",\"contentUrl\":\"https:\\\/\\\/www.modave.be\\\/wp-content\\\/uploads\\\/2026\\\/01\\\/Sapins-e1767626548436.jpg\",\"width\":1080,\"height\":540},{\"@type\":\"BreadcrumbList\",\"@id\":\"https:\\\/\\\/www.modave.be\\\/index.php\\\/services_communaux\\\/rappel-collecte-des-sapins-de-noel-2\\\/#breadcrumb\",\"itemListElement\":[{\"@type\":\"ListItem\",\"position\":1,\"name\":\"Accueil\",\"item\":\"https:\\\/\\\/www.modave.be\\\/\"},{\"@type\":\"ListItem\",\"position\":2,\"name\":\"Mise-\u00e0-jour | Collecte des sapins de No\u00ebl\"}]},{\"@type\":\"WebSite\",\"@id\":\"https:\\\/\\\/www.modave.be\\\/#website\",\"url\":\"https:\\\/\\\/www.modave.be\\\/\",\"name\":\"Commune de Modave\",\"description\":\"Commune de Modave\",\"publisher\":{\"@id\":\"https:\\\/\\\/www.modave.be\\\/#organization\"},\"potentialAction\":[{\"@type\":\"SearchAction\",\"target\":{\"@type\":\"EntryPoint\",\"urlTemplate\":\"https:\\\/\\\/www.modave.be\\\/?s={search_term_string}\"},\"query-input\":{\"@type\":\"PropertyValueSpecification\",\"valueRequired\":true,\"valueName\":\"search_term_string\"}}],\"inLanguage\":\"fr-FR\"},{\"@type\":\"Organization\",\"@id\":\"https:\\\/\\\/www.modave.be\\\/#organization\",\"name\":\"Commune de Modave\",\"url\":\"https:\\\/\\\/www.modave.be\\\/\",\"logo\":{\"@type\":\"ImageObject\",\"inLanguage\":\"fr-FR\",\"@id\":\"https:\\\/\\\/www.modave.be\\\/#\\\/schema\\\/logo\\\/image\\\/\",\"url\":\"https:\\\/\\\/www.modave.be\\\/wp-content\\\/uploads\\\/2021\\\/12\\\/MODAVE_LOGO_HORIZONTAL_QUADRI_RVB.png\",\"contentUrl\":\"https:\\\/\\\/www.modave.be\\\/wp-content\\\/uploads\\\/2021\\\/12\\\/MODAVE_LOGO_HORIZONTAL_QUADRI_RVB.png\",\"width\":1200,\"height\":501,\"caption\":\"Commune de Modave\"},\"image\":{\"@id\":\"https:\\\/\\\/www.modave.be\\\/#\\\/schema\\\/logo\\\/image\\\/\"}}]}<\/script>\n<!-- \/ Yoast SEO plugin. -->","yoast_head_json":{"title":"Mise-\u00e0-jour | Collecte des sapins de No\u00ebl - Commune de Modave","robots":{"index":"index","follow":"follow","max-snippet":"max-snippet:-1","max-image-preview":"max-image-preview:large","max-video-preview":"max-video-preview:-1"},"canonical":"https:\/\/www.modave.be\/index.php\/services_communaux\/rappel-collecte-des-sapins-de-noel-2\/","og_locale":"fr_FR","og_type":"article","og_title":"Mise-\u00e0-jour | Collecte des sapins de No\u00ebl - Commune de Modave","og_description":"Malgr\u00e9 les vents violents actuellement en cours, les \u00e9quipes sont \u00e0 pied d\u2019\u0153uvre et font le maximum pour assurer la collecte. Si, en raison de la m\u00e9t\u00e9o, votre sapin n\u2019a pas pu \u00eatre collect\u00e9 avant 14h30, la tourn\u00e9e sera compl\u00e9t\u00e9e ce lundi. Par ailleurs, si votre sapin pr\u00e9sente un risque pour la circulation (chauss\u00e9e, trottoir,&hellip;","og_url":"https:\/\/www.modave.be\/index.php\/services_communaux\/rappel-collecte-des-sapins-de-noel-2\/","og_site_name":"Commune de Modave","article_modified_time":"2026-01-09T14:04:37+00:00","og_image":[{"width":1080,"height":540,"url":"https:\/\/www.modave.be\/wp-content\/uploads\/2026\/01\/Sapins-e1767626548436.jpg","type":"image\/jpeg"}],"twitter_card":"summary_large_image","schema":{"@context":"https:\/\/schema.org","@graph":[{"@type":"WebPage","@id":"https:\/\/www.modave.be\/index.php\/services_communaux\/rappel-collecte-des-sapins-de-noel-2\/","url":"https:\/\/www.modave.be\/index.php\/services_communaux\/rappel-collecte-des-sapins-de-noel-2\/","name":"Mise-\u00e0-jour | Collecte des sapins de No\u00ebl - Commune de Modave","isPartOf":{"@id":"https:\/\/www.modave.be\/#website"},"primaryImageOfPage":{"@id":"https:\/\/www.modave.be\/index.php\/services_communaux\/rappel-collecte-des-sapins-de-noel-2\/#primaryimage"},"image":{"@id":"https:\/\/www.modave.be\/index.php\/services_communaux\/rappel-collecte-des-sapins-de-noel-2\/#primaryimage"},"thumbnailUrl":"https:\/\/www.modave.be\/wp-content\/uploads\/2026\/01\/Sapins-e1767626548436.jpg","datePublished":"2026-01-09T13:15:00+00:00","dateModified":"2026-01-09T14:04:37+00:00","breadcrumb":{"@id":"https:\/\/www.modave.be\/index.php\/services_communaux\/rappel-collecte-des-sapins-de-noel-2\/#breadcrumb"},"inLanguage":"fr-FR","potentialAction":[{"@type":"ReadAction","target":["https:\/\/www.modave.be\/index.php\/services_communaux\/rappel-collecte-des-sapins-de-noel-2\/"]}]},{"@type":"ImageObject","inLanguage":"fr-FR","@id":"https:\/\/www.modave.be\/index.php\/services_communaux\/rappel-collecte-des-sapins-de-noel-2\/#primaryimage","url":"https:\/\/www.modave.be\/wp-content\/uploads\/2026\/01\/Sapins-e1767626548436.jpg","contentUrl":"https:\/\/www.modave.be\/wp-content\/uploads\/2026\/01\/Sapins-e1767626548436.jpg","width":1080,"height":540},{"@type":"BreadcrumbList","@id":"https:\/\/www.modave.be\/index.php\/services_communaux\/rappel-collecte-des-sapins-de-noel-2\/#breadcrumb","itemListElement":[{"@type":"ListItem","position":1,"name":"Accueil","item":"https:\/\/www.modave.be\/"},{"@type":"ListItem","position":2,"name":"Mise-\u00e0-jour | Collecte des sapins de No\u00ebl"}]},{"@type":"WebSite","@id":"https:\/\/www.modave.be\/#website","url":"https:\/\/www.modave.be\/","name":"Commune de Modave","description":"Commune de Modave","publisher":{"@id":"https:\/\/www.modave.be\/#organization"},"potentialAction":[{"@type":"SearchAction","target":{"@type":"EntryPoint","urlTemplate":"https:\/\/www.modave.be\/?s={search_term_string}"},"query-input":{"@type":"PropertyValueSpecification","valueRequired":true,"valueName":"search_term_string"}}],"inLanguage":"fr-FR"},{"@type":"Organization","@id":"https:\/\/www.modave.be\/#organization","name":"Commune de Modave","url":"https:\/\/www.modave.be\/","logo":{"@type":"ImageObject","inLanguage":"fr-FR","@id":"https:\/\/www.modave.be\/#\/schema\/logo\/image\/","url":"https:\/\/www.modave.be\/wp-content\/uploads\/2021\/12\/MODAVE_LOGO_HORIZONTAL_QUADRI_RVB.png","contentUrl":"https:\/\/www.modave.be\/wp-content\/uploads\/2021\/12\/MODAVE_LOGO_HORIZONTAL_QUADRI_RVB.png","width":1200,"height":501,"caption":"Commune de Modave"},"image":{"@id":"https:\/\/www.modave.be\/#\/schema\/logo\/image\/"}}]}},"_links":{"self":[{"href":"https:\/\/www.modave.be\/index.php\/wp-json\/wp\/v2\/services_communaux\/17602","targetHints":{"allow":["GET"]}}],"collection":[{"href":"https:\/\/www.modave.be\/index.php\/wp-json\/wp\/v2\/services_communaux"}],"about":[{"href":"https:\/\/www.modave.be\/index.php\/wp-json\/wp\/v2\/types\/services_communaux"}],"author":[{"embeddable":true,"href":"https:\/\/www.modave.be\/index.php\/wp-json\/wp\/v2\/users\/9"}],"wp:featuredmedia":[{"embeddable":true,"href":"https:\/\/www.modave.be\/index.php\/wp-json\/wp\/v2\/media\/17542"}],"wp:attachment":[{"href":"https:\/\/www.modave.be\/index.php\/wp-json\/wp\/v2\/media?parent=17602"}],"wp:term":[{"taxonomy":"category","embeddable":true,"href":"https:\/\/www.modave.be\/index.php\/wp-json\/wp\/v2\/categories?post=17602"}],"curies":[{"name":"wp","href":"https:\/\/api.w.org\/{rel}","templated":true}]}}

Mise-à-jour | Collecte des sapins de Noël

<p>Malgré les vents violents actuellement en cours, les équipes sont à pied d’œuvre et font le maximum pour assurer la collecte.</p>



<p><strong>Si, en raison de la météo, votre sapin n’a pas pu être collecté avant 14h30, la tournée sera complétée ce lundi.</strong></p>



<blockquote class="wp-block-quote is-layout-flow wp-block-quote-is-layout-flow">
<p>Par ailleurs, si votre sapin présente un risque pour la circulation (chaussée, trottoir, visibilité) au vu des conditions météorologiques, nous vous invitons à le mettre temporairement de côté et à le ressortir lundi.</p>
</blockquote>



<p>Merci pour votre compréhension et votre prudence lors de vos déplacements.</p>



<p></p>

<p>Malgré les vents violents actuellement en cours, les équipes sont à pied d’œuvre et font le maximum pour assurer la collecte. Si, en raison de la météo, votre sapin n’a pas pu être collecté avant 14h30, la tournée sera complétée ce lundi. Par ailleurs, si votre sapin présente un risque pour la circulation (chaussée, trottoir,&hellip;</p>

<!-- This site is optimized with the Yoast SEO plugin v27.4 - https://yoast.com/product/yoast-seo-wordpress/ -->
<title>Mise-à-jour | Collecte des sapins de Noël - Commune de Modave</title>
<meta name="robots" content="index, follow, max-snippet:-1, max-image-preview:large, max-video-preview:-1" />
<link rel="canonical" href="https://www.modave.be/index.php/services_communaux/rappel-collecte-des-sapins-de-noel-2/" />
<meta property="og:locale" content="fr_FR" />
<meta property="og:type" content="article" />
<meta property="og:title" content="Mise-à-jour | Collecte des sapins de Noël - Commune de Modave" />
<meta property="og:description" content="Malgré les vents violents actuellement en cours, les équipes sont à pied d’œuvre et font le maximum pour assurer la collecte. Si, en raison de la météo, votre sapin n’a pas pu être collecté avant 14h30, la tournée sera complétée ce lundi. Par ailleurs, si votre sapin présente un risque pour la circulation (chaussée, trottoir,&hellip;" />
<meta property="og:url" content="https://www.modave.be/index.php/services_communaux/rappel-collecte-des-sapins-de-noel-2/" />
<meta property="og:site_name" content="Commune de Modave" />
<meta property="article:modified_time" content="2026-01-09T14:04:37+00:00" />
<meta property="og:image" content="https://www.modave.be/wp-content/uploads/2026/01/Sapins-e1767626548436.jpg" />
	<meta property="og:image:width" content="1080" />
	<meta property="og:image:height" content="540" />
	<meta property="og:image:type" content="image/jpeg" />
<meta name="twitter:card" content="summary_large_image" />
<script type="application/ld+json" class="yoast-schema-graph">{"@context":"https:\/\/schema.org","@graph":[{"@type":"WebPage","@id":"https:\/\/www.modave.be\/index.php\/services_communaux\/rappel-collecte-des-sapins-de-noel-2\/","url":"https:\/\/www.modave.be\/index.php\/services_communaux\/rappel-collecte-des-sapins-de-noel-2\/","name":"Mise-à-jour | Collecte des sapins de Noël - Commune de Modave","isPartOf":{"@id":"https:\/\/www.modave.be\/#website"},"primaryImageOfPage":{"@id":"https:\/\/www.modave.be\/index.php\/services_communaux\/rappel-collecte-des-sapins-de-noel-2\/#primaryimage"},"image":{"@id":"https:\/\/www.modave.be\/index.php\/services_communaux\/rappel-collecte-des-sapins-de-noel-2\/#primaryimage"},"thumbnailUrl":"https:\/\/www.modave.be\/wp-content\/uploads\/2026\/01\/Sapins-e1767626548436.jpg","datePublished":"2026-01-09T13:15:00+00:00","dateModified":"2026-01-09T14:04:37+00:00","breadcrumb":{"@id":"https:\/\/www.modave.be\/index.php\/services_communaux\/rappel-collecte-des-sapins-de-noel-2\/#breadcrumb"},"inLanguage":"fr-FR","potentialAction":[{"@type":"ReadAction","target":["https:\/\/www.modave.be\/index.php\/services_communaux\/rappel-collecte-des-sapins-de-noel-2\/"]}]},{"@type":"ImageObject","inLanguage":"fr-FR","@id":"https:\/\/www.modave.be\/index.php\/services_communaux\/rappel-collecte-des-sapins-de-noel-2\/#primaryimage","url":"https:\/\/www.modave.be\/wp-content\/uploads\/2026\/01\/Sapins-e1767626548436.jpg","contentUrl":"https:\/\/www.modave.be\/wp-content\/uploads\/2026\/01\/Sapins-e1767626548436.jpg","width":1080,"height":540},{"@type":"BreadcrumbList","@id":"https:\/\/www.modave.be\/index.php\/services_communaux\/rappel-collecte-des-sapins-de-noel-2\/#breadcrumb","itemListElement":[{"@type":"ListItem","position":1,"name":"Accueil","item":"https:\/\/www.modave.be\/"},{"@type":"ListItem","position":2,"name":"Mise-à-jour | Collecte des sapins de Noël"}]},{"@type":"WebSite","@id":"https:\/\/www.modave.be\/#website","url":"https:\/\/www.modave.be\/","name":"Commune de Modave","description":"Commune de Modave","publisher":{"@id":"https:\/\/www.modave.be\/#organization"},"potentialAction":[{"@type":"SearchAction","target":{"@type":"EntryPoint","urlTemplate":"https:\/\/www.modave.be\/?s={search_term_string}"},"query-input":{"@type":"PropertyValueSpecification","valueRequired":true,"valueName":"search_term_string"}}],"inLanguage":"fr-FR"},{"@type":"Organization","@id":"https:\/\/www.modave.be\/#organization","name":"Commune de Modave","url":"https:\/\/www.modave.be\/","logo":{"@type":"ImageObject","inLanguage":"fr-FR","@id":"https:\/\/www.modave.be\/#\/schema\/logo\/image\/","url":"https:\/\/www.modave.be\/wp-content\/uploads\/2021\/12\/MODAVE_LOGO_HORIZONTAL_QUADRI_RVB.png","contentUrl":"https:\/\/www.modave.be\/wp-content\/uploads\/2021\/12\/MODAVE_LOGO_HORIZONTAL_QUADRI_RVB.png","width":1200,"height":501,"caption":"Commune de Modave"},"image":{"@id":"https:\/\/www.modave.be\/#\/schema\/logo\/image\/"}}]}</script>
<!-- / Yoast SEO plugin. -->

Mise-à-jour | Collecte des sapins de Noël - Commune de Modave

Malgré les vents violents actuellement en cours, les équipes sont à pied d’œuvre et font le maximum pour assurer la collecte. Si, en raison de la météo, votre sapin n’a pas pu être collecté avant 14h30, la tournée sera complétée ce lundi. Par ailleurs, si votre sapin présente un risque pour la circulation (chaussée, trottoir,&hellip;
