{"id":17606,"date":"2026-01-09T15:02:16","date_gmt":"2026-01-09T14:02:16","guid":{"rendered":"https:\/\/www.modave.be\/?post_type=services_communaux&#038;p=17606"},"modified":"2026-01-09T15:05:34","modified_gmt":"2026-01-09T14:05:34","slug":"deneigement-point-avant-le-week-end","status":"publish","type":"services_communaux","link":"https:\/\/www.modave.be\/index.php\/services_communaux\/deneigement-point-avant-le-week-end\/","title":{"rendered":"D\u00e9neigement | Point sur les interventions"},"content":{"rendered":"\n<h4 class=\"wp-block-heading\">D\u00e9neigement | Point sur les interventions<\/h4>\n\n\n\n<p><em>Les \u00e9quipes restent mobilis\u00e9es.<\/em><\/p>\n\n\n\n<p>Afin de travailler efficacement, le service interviendra samedi apr\u00e8s la fin des pr\u00e9cipitations, <strong>avec un d\u00e9part envisag\u00e9 apr\u00e8s 9h,<\/strong> selon l\u2019\u00e9volution de la situation sur le terrain.<\/p>\n\n\n\n<blockquote class=\"wp-block-quote is-layout-flow wp-block-quote-is-layout-flow\">\n<p>Pour rappel, du 8 janvier \u00e0 17h au 10 janvier \u00e0 12h, les rues suivantes sont ferm\u00e9es par mesure de s\u00e9curit\u00e9 :<\/p>\n\n\n\n<ul class=\"wp-block-list\">\n<li>Rue du Fond d\u2019Oxhe<\/li>\n\n\n\n<li>Rue des Trois Maisons<\/li>\n\n\n\n<li>Rue de Facqueval<\/li>\n<\/ul>\n<\/blockquote>\n\n\n\n<p><strong>\u00c9vitez les d\u00e9placements inutiles et les zones bois\u00e9es expos\u00e9es au vent.<\/strong><\/p>\n\n\n\n<p>En cas de d\u00e9g\u00e2ts li\u00e9s \u00e0 la temp\u00eate (arbres, inondations, etc.), merci d\u2019utiliser le num\u00e9ro 1722 pour les interventions non urgentes des services de secours. Le 112 reste strictement r\u00e9serv\u00e9 aux urgences vitales.<\/p>\n","protected":false},"excerpt":{"rendered":"<p>D\u00e9neigement | Point sur les interventions Les \u00e9quipes restent mobilis\u00e9es. Afin de travailler efficacement, le service interviendra samedi apr\u00e8s la fin des pr\u00e9cipitations, avec un d\u00e9part envisag\u00e9 apr\u00e8s 9h, selon l\u2019\u00e9volution de la situation sur le terrain. \u00c9vitez les d\u00e9placements inutiles et les zones bois\u00e9es expos\u00e9es au vent. En cas de d\u00e9g\u00e2ts li\u00e9s \u00e0 la&hellip;<\/p>\n","protected":false},"author":9,"featured_media":17607,"menu_order":0,"template":"","categories":[208],"class_list":["post-17606","services_communaux","type-services_communaux","status-publish","has-post-thumbnail","hentry","category-travaux","description-off"],"yoast_head":"<!-- This site is optimized with the Yoast SEO plugin v27.4 - https:\/\/yoast.com\/product\/yoast-seo-wordpress\/ -->\n<title>D\u00e9neigement | Point sur les interventions - Commune de Modave<\/title>\n<meta name=\"robots\" content=\"index, follow, max-snippet:-1, max-image-preview:large, max-video-preview:-1\" \/>\n<link rel=\"canonical\" href=\"https:\/\/www.modave.be\/index.php\/services_communaux\/deneigement-point-avant-le-week-end\/\" \/>\n<meta property=\"og:locale\" content=\"fr_FR\" \/>\n<meta property=\"og:type\" content=\"article\" \/>\n<meta property=\"og:title\" content=\"D\u00e9neigement | Point sur les interventions - Commune de Modave\" \/>\n<meta property=\"og:description\" content=\"D\u00e9neigement | Point sur les interventions Les \u00e9quipes restent mobilis\u00e9es. Afin de travailler efficacement, le service interviendra samedi apr\u00e8s la fin des pr\u00e9cipitations, avec un d\u00e9part envisag\u00e9 apr\u00e8s 9h, selon l\u2019\u00e9volution de la situation sur le terrain. \u00c9vitez les d\u00e9placements inutiles et les zones bois\u00e9es expos\u00e9es au vent. En cas de d\u00e9g\u00e2ts li\u00e9s \u00e0 la&hellip;\" \/>\n<meta property=\"og:url\" content=\"https:\/\/www.modave.be\/index.php\/services_communaux\/deneigement-point-avant-le-week-end\/\" \/>\n<meta property=\"og:site_name\" content=\"Commune de Modave\" \/>\n<meta property=\"article:modified_time\" content=\"2026-01-09T14:05:34+00:00\" \/>\n<meta property=\"og:image\" content=\"https:\/\/www.modave.be\/wp-content\/uploads\/2026\/01\/IMG_8837-scaled-e1767967290441.jpg\" \/>\n\t<meta property=\"og:image:width\" content=\"2560\" \/>\n\t<meta property=\"og:image:height\" content=\"1280\" \/>\n\t<meta property=\"og:image:type\" content=\"image\/jpeg\" \/>\n<meta name=\"twitter:card\" content=\"summary_large_image\" \/>\n<meta name=\"twitter:label1\" content=\"Dur\u00e9e de lecture estim\u00e9e\" \/>\n\t<meta name=\"twitter:data1\" content=\"1 minute\" \/>\n<script type=\"application\/ld+json\" class=\"yoast-schema-graph\">{\"@context\":\"https:\\\/\\\/schema.org\",\"@graph\":[{\"@type\":\"WebPage\",\"@id\":\"https:\\\/\\\/www.modave.be\\\/index.php\\\/services_communaux\\\/deneigement-point-avant-le-week-end\\\/\",\"url\":\"https:\\\/\\\/www.modave.be\\\/index.php\\\/services_communaux\\\/deneigement-point-avant-le-week-end\\\/\",\"name\":\"D\u00e9neigement | Point sur les interventions - Commune de Modave\",\"isPartOf\":{\"@id\":\"https:\\\/\\\/www.modave.be\\\/#website\"},\"primaryImageOfPage\":{\"@id\":\"https:\\\/\\\/www.modave.be\\\/index.php\\\/services_communaux\\\/deneigement-point-avant-le-week-end\\\/#primaryimage\"},\"image\":{\"@id\":\"https:\\\/\\\/www.modave.be\\\/index.php\\\/services_communaux\\\/deneigement-point-avant-le-week-end\\\/#primaryimage\"},\"thumbnailUrl\":\"https:\\\/\\\/www.modave.be\\\/wp-content\\\/uploads\\\/2026\\\/01\\\/IMG_8837-scaled-e1767967290441.jpg\",\"datePublished\":\"2026-01-09T14:02:16+00:00\",\"dateModified\":\"2026-01-09T14:05:34+00:00\",\"breadcrumb\":{\"@id\":\"https:\\\/\\\/www.modave.be\\\/index.php\\\/services_communaux\\\/deneigement-point-avant-le-week-end\\\/#breadcrumb\"},\"inLanguage\":\"fr-FR\",\"potentialAction\":[{\"@type\":\"ReadAction\",\"target\":[\"https:\\\/\\\/www.modave.be\\\/index.php\\\/services_communaux\\\/deneigement-point-avant-le-week-end\\\/\"]}]},{\"@type\":\"ImageObject\",\"inLanguage\":\"fr-FR\",\"@id\":\"https:\\\/\\\/www.modave.be\\\/index.php\\\/services_communaux\\\/deneigement-point-avant-le-week-end\\\/#primaryimage\",\"url\":\"https:\\\/\\\/www.modave.be\\\/wp-content\\\/uploads\\\/2026\\\/01\\\/IMG_8837-scaled-e1767967290441.jpg\",\"contentUrl\":\"https:\\\/\\\/www.modave.be\\\/wp-content\\\/uploads\\\/2026\\\/01\\\/IMG_8837-scaled-e1767967290441.jpg\",\"width\":2560,\"height\":1280},{\"@type\":\"BreadcrumbList\",\"@id\":\"https:\\\/\\\/www.modave.be\\\/index.php\\\/services_communaux\\\/deneigement-point-avant-le-week-end\\\/#breadcrumb\",\"itemListElement\":[{\"@type\":\"ListItem\",\"position\":1,\"name\":\"Accueil\",\"item\":\"https:\\\/\\\/www.modave.be\\\/\"},{\"@type\":\"ListItem\",\"position\":2,\"name\":\"D\u00e9neigement | Point sur les interventions\"}]},{\"@type\":\"WebSite\",\"@id\":\"https:\\\/\\\/www.modave.be\\\/#website\",\"url\":\"https:\\\/\\\/www.modave.be\\\/\",\"name\":\"Commune de Modave\",\"description\":\"Commune de Modave\",\"publisher\":{\"@id\":\"https:\\\/\\\/www.modave.be\\\/#organization\"},\"potentialAction\":[{\"@type\":\"SearchAction\",\"target\":{\"@type\":\"EntryPoint\",\"urlTemplate\":\"https:\\\/\\\/www.modave.be\\\/?s={search_term_string}\"},\"query-input\":{\"@type\":\"PropertyValueSpecification\",\"valueRequired\":true,\"valueName\":\"search_term_string\"}}],\"inLanguage\":\"fr-FR\"},{\"@type\":\"Organization\",\"@id\":\"https:\\\/\\\/www.modave.be\\\/#organization\",\"name\":\"Commune de Modave\",\"url\":\"https:\\\/\\\/www.modave.be\\\/\",\"logo\":{\"@type\":\"ImageObject\",\"inLanguage\":\"fr-FR\",\"@id\":\"https:\\\/\\\/www.modave.be\\\/#\\\/schema\\\/logo\\\/image\\\/\",\"url\":\"https:\\\/\\\/www.modave.be\\\/wp-content\\\/uploads\\\/2021\\\/12\\\/MODAVE_LOGO_HORIZONTAL_QUADRI_RVB.png\",\"contentUrl\":\"https:\\\/\\\/www.modave.be\\\/wp-content\\\/uploads\\\/2021\\\/12\\\/MODAVE_LOGO_HORIZONTAL_QUADRI_RVB.png\",\"width\":1200,\"height\":501,\"caption\":\"Commune de Modave\"},\"image\":{\"@id\":\"https:\\\/\\\/www.modave.be\\\/#\\\/schema\\\/logo\\\/image\\\/\"}}]}<\/script>\n<!-- \/ Yoast SEO plugin. -->","yoast_head_json":{"title":"D\u00e9neigement | Point sur les interventions - Commune de Modave","robots":{"index":"index","follow":"follow","max-snippet":"max-snippet:-1","max-image-preview":"max-image-preview:large","max-video-preview":"max-video-preview:-1"},"canonical":"https:\/\/www.modave.be\/index.php\/services_communaux\/deneigement-point-avant-le-week-end\/","og_locale":"fr_FR","og_type":"article","og_title":"D\u00e9neigement | Point sur les interventions - Commune de Modave","og_description":"D\u00e9neigement | Point sur les interventions Les \u00e9quipes restent mobilis\u00e9es. Afin de travailler efficacement, le service interviendra samedi apr\u00e8s la fin des pr\u00e9cipitations, avec un d\u00e9part envisag\u00e9 apr\u00e8s 9h, selon l\u2019\u00e9volution de la situation sur le terrain. \u00c9vitez les d\u00e9placements inutiles et les zones bois\u00e9es expos\u00e9es au vent. En cas de d\u00e9g\u00e2ts li\u00e9s \u00e0 la&hellip;","og_url":"https:\/\/www.modave.be\/index.php\/services_communaux\/deneigement-point-avant-le-week-end\/","og_site_name":"Commune de Modave","article_modified_time":"2026-01-09T14:05:34+00:00","og_image":[{"width":2560,"height":1280,"url":"https:\/\/www.modave.be\/wp-content\/uploads\/2026\/01\/IMG_8837-scaled-e1767967290441.jpg","type":"image\/jpeg"}],"twitter_card":"summary_large_image","twitter_misc":{"Dur\u00e9e de lecture estim\u00e9e":"1 minute"},"schema":{"@context":"https:\/\/schema.org","@graph":[{"@type":"WebPage","@id":"https:\/\/www.modave.be\/index.php\/services_communaux\/deneigement-point-avant-le-week-end\/","url":"https:\/\/www.modave.be\/index.php\/services_communaux\/deneigement-point-avant-le-week-end\/","name":"D\u00e9neigement | Point sur les interventions - Commune de Modave","isPartOf":{"@id":"https:\/\/www.modave.be\/#website"},"primaryImageOfPage":{"@id":"https:\/\/www.modave.be\/index.php\/services_communaux\/deneigement-point-avant-le-week-end\/#primaryimage"},"image":{"@id":"https:\/\/www.modave.be\/index.php\/services_communaux\/deneigement-point-avant-le-week-end\/#primaryimage"},"thumbnailUrl":"https:\/\/www.modave.be\/wp-content\/uploads\/2026\/01\/IMG_8837-scaled-e1767967290441.jpg","datePublished":"2026-01-09T14:02:16+00:00","dateModified":"2026-01-09T14:05:34+00:00","breadcrumb":{"@id":"https:\/\/www.modave.be\/index.php\/services_communaux\/deneigement-point-avant-le-week-end\/#breadcrumb"},"inLanguage":"fr-FR","potentialAction":[{"@type":"ReadAction","target":["https:\/\/www.modave.be\/index.php\/services_communaux\/deneigement-point-avant-le-week-end\/"]}]},{"@type":"ImageObject","inLanguage":"fr-FR","@id":"https:\/\/www.modave.be\/index.php\/services_communaux\/deneigement-point-avant-le-week-end\/#primaryimage","url":"https:\/\/www.modave.be\/wp-content\/uploads\/2026\/01\/IMG_8837-scaled-e1767967290441.jpg","contentUrl":"https:\/\/www.modave.be\/wp-content\/uploads\/2026\/01\/IMG_8837-scaled-e1767967290441.jpg","width":2560,"height":1280},{"@type":"BreadcrumbList","@id":"https:\/\/www.modave.be\/index.php\/services_communaux\/deneigement-point-avant-le-week-end\/#breadcrumb","itemListElement":[{"@type":"ListItem","position":1,"name":"Accueil","item":"https:\/\/www.modave.be\/"},{"@type":"ListItem","position":2,"name":"D\u00e9neigement | Point sur les interventions"}]},{"@type":"WebSite","@id":"https:\/\/www.modave.be\/#website","url":"https:\/\/www.modave.be\/","name":"Commune de Modave","description":"Commune de Modave","publisher":{"@id":"https:\/\/www.modave.be\/#organization"},"potentialAction":[{"@type":"SearchAction","target":{"@type":"EntryPoint","urlTemplate":"https:\/\/www.modave.be\/?s={search_term_string}"},"query-input":{"@type":"PropertyValueSpecification","valueRequired":true,"valueName":"search_term_string"}}],"inLanguage":"fr-FR"},{"@type":"Organization","@id":"https:\/\/www.modave.be\/#organization","name":"Commune de Modave","url":"https:\/\/www.modave.be\/","logo":{"@type":"ImageObject","inLanguage":"fr-FR","@id":"https:\/\/www.modave.be\/#\/schema\/logo\/image\/","url":"https:\/\/www.modave.be\/wp-content\/uploads\/2021\/12\/MODAVE_LOGO_HORIZONTAL_QUADRI_RVB.png","contentUrl":"https:\/\/www.modave.be\/wp-content\/uploads\/2021\/12\/MODAVE_LOGO_HORIZONTAL_QUADRI_RVB.png","width":1200,"height":501,"caption":"Commune de Modave"},"image":{"@id":"https:\/\/www.modave.be\/#\/schema\/logo\/image\/"}}]}},"_links":{"self":[{"href":"https:\/\/www.modave.be\/index.php\/wp-json\/wp\/v2\/services_communaux\/17606","targetHints":{"allow":["GET"]}}],"collection":[{"href":"https:\/\/www.modave.be\/index.php\/wp-json\/wp\/v2\/services_communaux"}],"about":[{"href":"https:\/\/www.modave.be\/index.php\/wp-json\/wp\/v2\/types\/services_communaux"}],"author":[{"embeddable":true,"href":"https:\/\/www.modave.be\/index.php\/wp-json\/wp\/v2\/users\/9"}],"wp:featuredmedia":[{"embeddable":true,"href":"https:\/\/www.modave.be\/index.php\/wp-json\/wp\/v2\/media\/17607"}],"wp:attachment":[{"href":"https:\/\/www.modave.be\/index.php\/wp-json\/wp\/v2\/media?parent=17606"}],"wp:term":[{"taxonomy":"category","embeddable":true,"href":"https:\/\/www.modave.be\/index.php\/wp-json\/wp\/v2\/categories?post=17606"}],"curies":[{"name":"wp","href":"https:\/\/api.w.org\/{rel}","templated":true}]}}

Déneigement | Point sur les interventions

<h4 class="wp-block-heading">Déneigement | Point sur les interventions</h4>



<p><em>Les équipes restent mobilisées.</em></p>



<p>Afin de travailler efficacement, le service interviendra samedi après la fin des précipitations, <strong>avec un départ envisagé après 9h,</strong> selon l’évolution de la situation sur le terrain.</p>



<blockquote class="wp-block-quote is-layout-flow wp-block-quote-is-layout-flow">
<p>Pour rappel, du 8 janvier à 17h au 10 janvier à 12h, les rues suivantes sont fermées par mesure de sécurité :</p>



<ul class="wp-block-list">
<li>Rue du Fond d’Oxhe</li>



<li>Rue des Trois Maisons</li>



<li>Rue de Facqueval</li>
</ul>
</blockquote>



<p><strong>Évitez les déplacements inutiles et les zones boisées exposées au vent.</strong></p>



<p>En cas de dégâts liés à la tempête (arbres, inondations, etc.), merci d’utiliser le numéro 1722 pour les interventions non urgentes des services de secours. Le 112 reste strictement réservé aux urgences vitales.</p>

<p>Déneigement | Point sur les interventions Les équipes restent mobilisées. Afin de travailler efficacement, le service interviendra samedi après la fin des précipitations, avec un départ envisagé après 9h, selon l’évolution de la situation sur le terrain. Évitez les déplacements inutiles et les zones boisées exposées au vent. En cas de dégâts liés à la&hellip;</p>

<!-- This site is optimized with the Yoast SEO plugin v27.4 - https://yoast.com/product/yoast-seo-wordpress/ -->
<title>Déneigement | Point sur les interventions - Commune de Modave</title>
<meta name="robots" content="index, follow, max-snippet:-1, max-image-preview:large, max-video-preview:-1" />
<link rel="canonical" href="https://www.modave.be/index.php/services_communaux/deneigement-point-avant-le-week-end/" />
<meta property="og:locale" content="fr_FR" />
<meta property="og:type" content="article" />
<meta property="og:title" content="Déneigement | Point sur les interventions - Commune de Modave" />
<meta property="og:description" content="Déneigement | Point sur les interventions Les équipes restent mobilisées. Afin de travailler efficacement, le service interviendra samedi après la fin des précipitations, avec un départ envisagé après 9h, selon l’évolution de la situation sur le terrain. Évitez les déplacements inutiles et les zones boisées exposées au vent. En cas de dégâts liés à la&hellip;" />
<meta property="og:url" content="https://www.modave.be/index.php/services_communaux/deneigement-point-avant-le-week-end/" />
<meta property="og:site_name" content="Commune de Modave" />
<meta property="article:modified_time" content="2026-01-09T14:05:34+00:00" />
<meta property="og:image" content="https://www.modave.be/wp-content/uploads/2026/01/IMG_8837-scaled-e1767967290441.jpg" />
	<meta property="og:image:width" content="2560" />
	<meta property="og:image:height" content="1280" />
	<meta property="og:image:type" content="image/jpeg" />
<meta name="twitter:card" content="summary_large_image" />
<meta name="twitter:label1" content="Durée de lecture estimée" />
	<meta name="twitter:data1" content="1 minute" />
<script type="application/ld+json" class="yoast-schema-graph">{"@context":"https:\/\/schema.org","@graph":[{"@type":"WebPage","@id":"https:\/\/www.modave.be\/index.php\/services_communaux\/deneigement-point-avant-le-week-end\/","url":"https:\/\/www.modave.be\/index.php\/services_communaux\/deneigement-point-avant-le-week-end\/","name":"Déneigement | Point sur les interventions - Commune de Modave","isPartOf":{"@id":"https:\/\/www.modave.be\/#website"},"primaryImageOfPage":{"@id":"https:\/\/www.modave.be\/index.php\/services_communaux\/deneigement-point-avant-le-week-end\/#primaryimage"},"image":{"@id":"https:\/\/www.modave.be\/index.php\/services_communaux\/deneigement-point-avant-le-week-end\/#primaryimage"},"thumbnailUrl":"https:\/\/www.modave.be\/wp-content\/uploads\/2026\/01\/IMG_8837-scaled-e1767967290441.jpg","datePublished":"2026-01-09T14:02:16+00:00","dateModified":"2026-01-09T14:05:34+00:00","breadcrumb":{"@id":"https:\/\/www.modave.be\/index.php\/services_communaux\/deneigement-point-avant-le-week-end\/#breadcrumb"},"inLanguage":"fr-FR","potentialAction":[{"@type":"ReadAction","target":["https:\/\/www.modave.be\/index.php\/services_communaux\/deneigement-point-avant-le-week-end\/"]}]},{"@type":"ImageObject","inLanguage":"fr-FR","@id":"https:\/\/www.modave.be\/index.php\/services_communaux\/deneigement-point-avant-le-week-end\/#primaryimage","url":"https:\/\/www.modave.be\/wp-content\/uploads\/2026\/01\/IMG_8837-scaled-e1767967290441.jpg","contentUrl":"https:\/\/www.modave.be\/wp-content\/uploads\/2026\/01\/IMG_8837-scaled-e1767967290441.jpg","width":2560,"height":1280},{"@type":"BreadcrumbList","@id":"https:\/\/www.modave.be\/index.php\/services_communaux\/deneigement-point-avant-le-week-end\/#breadcrumb","itemListElement":[{"@type":"ListItem","position":1,"name":"Accueil","item":"https:\/\/www.modave.be\/"},{"@type":"ListItem","position":2,"name":"Déneigement | Point sur les interventions"}]},{"@type":"WebSite","@id":"https:\/\/www.modave.be\/#website","url":"https:\/\/www.modave.be\/","name":"Commune de Modave","description":"Commune de Modave","publisher":{"@id":"https:\/\/www.modave.be\/#organization"},"potentialAction":[{"@type":"SearchAction","target":{"@type":"EntryPoint","urlTemplate":"https:\/\/www.modave.be\/?s={search_term_string}"},"query-input":{"@type":"PropertyValueSpecification","valueRequired":true,"valueName":"search_term_string"}}],"inLanguage":"fr-FR"},{"@type":"Organization","@id":"https:\/\/www.modave.be\/#organization","name":"Commune de Modave","url":"https:\/\/www.modave.be\/","logo":{"@type":"ImageObject","inLanguage":"fr-FR","@id":"https:\/\/www.modave.be\/#\/schema\/logo\/image\/","url":"https:\/\/www.modave.be\/wp-content\/uploads\/2021\/12\/MODAVE_LOGO_HORIZONTAL_QUADRI_RVB.png","contentUrl":"https:\/\/www.modave.be\/wp-content\/uploads\/2021\/12\/MODAVE_LOGO_HORIZONTAL_QUADRI_RVB.png","width":1200,"height":501,"caption":"Commune de Modave"},"image":{"@id":"https:\/\/www.modave.be\/#\/schema\/logo\/image\/"}}]}</script>
<!-- / Yoast SEO plugin. -->

Déneigement | Point sur les interventions - Commune de Modave

Déneigement | Point sur les interventions Les équipes restent mobilisées. Afin de travailler efficacement, le service interviendra samedi après la fin des précipitations, avec un départ envisagé après 9h, selon l’évolution de la situation sur le terrain. Évitez les déplacements inutiles et les zones boisées exposées au vent. En cas de dégâts liés à la&hellip;
