{"id":17916,"date":"2026-01-12T13:56:08","date_gmt":"2026-01-12T12:56:08","guid":{"rendered":"https:\/\/www.modave.be\/?post_type=services_communaux&#038;p=17916"},"modified":"2026-01-12T13:58:10","modified_gmt":"2026-01-12T12:58:10","slug":"deneigement-point-sur-les-interventions-2","status":"publish","type":"services_communaux","link":"https:\/\/www.modave.be\/index.php\/services_communaux\/deneigement-point-sur-les-interventions-2\/","title":{"rendered":"D\u00e9neigement | Point sur les interventions"},"content":{"rendered":"\n<h4 class=\"wp-block-heading\">D\u00e9neigement | Point sur les interventions<\/h4>\n\n\n\n<p><em>Les \u00e9quipes restent attentives \u00e0 l\u2019\u00e9volution de la situation.<\/em><\/p>\n\n\n\n<blockquote class=\"wp-block-quote is-layout-flow wp-block-quote-is-layout-flow\">\n<p>Ce matin, une nouvelle intervention a eu lieu de 2h \u00e0 9h, avec 2 tracteurs, pour le salage et le d\u00e9neigement.<\/p>\n\n\n\n<p>Le d\u00e9gel est attendu \u00e0 partir de 14h et, au vu des temp\u00e9ratures annonc\u00e9es pour demain (environ 8\u00b0C), aucune nouvelle sortie n\u2019est pr\u00e9vue \u00e0 ce stade.<\/p>\n<\/blockquote>\n\n\n\n<p>Ce samedi, les \u00e9quipes sont intervenues de 9h \u00e0 18h, avec deux tracteurs mobilis\u00e9s et, sur une partie de la tourn\u00e9e, un renfort permettant d\u2019intervenir \u00e0 trois, afin de s\u00e9curiser l\u2019ensemble du r\u00e9seau communal.<\/p>\n\n\n\n<p>Merci pour votre prudence sur les routes.<\/p>\n","protected":false},"excerpt":{"rendered":"<p>D\u00e9neigement | Point sur les interventions Les \u00e9quipes restent attentives \u00e0 l\u2019\u00e9volution de la situation. Ce matin, une nouvelle intervention a eu lieu de 2h \u00e0 9h, avec 2 tracteurs, pour le salage et le d\u00e9neigement. Le d\u00e9gel est attendu \u00e0 partir de 14h et, au vu des temp\u00e9ratures annonc\u00e9es pour demain (environ 8\u00b0C), aucune&hellip;<\/p>\n","protected":false},"author":9,"featured_media":17917,"menu_order":0,"template":"","categories":[208],"class_list":["post-17916","services_communaux","type-services_communaux","status-publish","has-post-thumbnail","hentry","category-travaux","description-off"],"yoast_head":"<!-- This site is optimized with the Yoast SEO plugin v27.4 - https:\/\/yoast.com\/product\/yoast-seo-wordpress\/ -->\n<title>D\u00e9neigement | Point sur les interventions - Commune de Modave<\/title>\n<meta name=\"robots\" content=\"index, follow, max-snippet:-1, max-image-preview:large, max-video-preview:-1\" \/>\n<link rel=\"canonical\" href=\"https:\/\/www.modave.be\/index.php\/services_communaux\/deneigement-point-sur-les-interventions-2\/\" \/>\n<meta property=\"og:locale\" content=\"fr_FR\" \/>\n<meta property=\"og:type\" content=\"article\" \/>\n<meta property=\"og:title\" content=\"D\u00e9neigement | Point sur les interventions - Commune de Modave\" \/>\n<meta property=\"og:description\" content=\"D\u00e9neigement | Point sur les interventions Les \u00e9quipes restent attentives \u00e0 l\u2019\u00e9volution de la situation. Ce matin, une nouvelle intervention a eu lieu de 2h \u00e0 9h, avec 2 tracteurs, pour le salage et le d\u00e9neigement. Le d\u00e9gel est attendu \u00e0 partir de 14h et, au vu des temp\u00e9ratures annonc\u00e9es pour demain (environ 8\u00b0C), aucune&hellip;\" \/>\n<meta property=\"og:url\" content=\"https:\/\/www.modave.be\/index.php\/services_communaux\/deneigement-point-sur-les-interventions-2\/\" \/>\n<meta property=\"og:site_name\" content=\"Commune de Modave\" \/>\n<meta property=\"article:modified_time\" content=\"2026-01-12T12:58:10+00:00\" \/>\n<meta property=\"og:image\" content=\"https:\/\/www.modave.be\/wp-content\/uploads\/2026\/01\/Deneigement-2-e1768222562817.jpg\" \/>\n\t<meta property=\"og:image:width\" content=\"1080\" \/>\n\t<meta property=\"og:image:height\" content=\"540\" \/>\n\t<meta property=\"og:image:type\" content=\"image\/jpeg\" \/>\n<meta name=\"twitter:card\" content=\"summary_large_image\" \/>\n<meta name=\"twitter:label1\" content=\"Dur\u00e9e de lecture estim\u00e9e\" \/>\n\t<meta name=\"twitter:data1\" content=\"1 minute\" \/>\n<script type=\"application\/ld+json\" class=\"yoast-schema-graph\">{\"@context\":\"https:\\\/\\\/schema.org\",\"@graph\":[{\"@type\":\"WebPage\",\"@id\":\"https:\\\/\\\/www.modave.be\\\/index.php\\\/services_communaux\\\/deneigement-point-sur-les-interventions-2\\\/\",\"url\":\"https:\\\/\\\/www.modave.be\\\/index.php\\\/services_communaux\\\/deneigement-point-sur-les-interventions-2\\\/\",\"name\":\"D\u00e9neigement | Point sur les interventions - Commune de Modave\",\"isPartOf\":{\"@id\":\"https:\\\/\\\/www.modave.be\\\/#website\"},\"primaryImageOfPage\":{\"@id\":\"https:\\\/\\\/www.modave.be\\\/index.php\\\/services_communaux\\\/deneigement-point-sur-les-interventions-2\\\/#primaryimage\"},\"image\":{\"@id\":\"https:\\\/\\\/www.modave.be\\\/index.php\\\/services_communaux\\\/deneigement-point-sur-les-interventions-2\\\/#primaryimage\"},\"thumbnailUrl\":\"https:\\\/\\\/www.modave.be\\\/wp-content\\\/uploads\\\/2026\\\/01\\\/Deneigement-2-e1768222562817.jpg\",\"datePublished\":\"2026-01-12T12:56:08+00:00\",\"dateModified\":\"2026-01-12T12:58:10+00:00\",\"breadcrumb\":{\"@id\":\"https:\\\/\\\/www.modave.be\\\/index.php\\\/services_communaux\\\/deneigement-point-sur-les-interventions-2\\\/#breadcrumb\"},\"inLanguage\":\"fr-FR\",\"potentialAction\":[{\"@type\":\"ReadAction\",\"target\":[\"https:\\\/\\\/www.modave.be\\\/index.php\\\/services_communaux\\\/deneigement-point-sur-les-interventions-2\\\/\"]}]},{\"@type\":\"ImageObject\",\"inLanguage\":\"fr-FR\",\"@id\":\"https:\\\/\\\/www.modave.be\\\/index.php\\\/services_communaux\\\/deneigement-point-sur-les-interventions-2\\\/#primaryimage\",\"url\":\"https:\\\/\\\/www.modave.be\\\/wp-content\\\/uploads\\\/2026\\\/01\\\/Deneigement-2-e1768222562817.jpg\",\"contentUrl\":\"https:\\\/\\\/www.modave.be\\\/wp-content\\\/uploads\\\/2026\\\/01\\\/Deneigement-2-e1768222562817.jpg\",\"width\":1080,\"height\":540},{\"@type\":\"BreadcrumbList\",\"@id\":\"https:\\\/\\\/www.modave.be\\\/index.php\\\/services_communaux\\\/deneigement-point-sur-les-interventions-2\\\/#breadcrumb\",\"itemListElement\":[{\"@type\":\"ListItem\",\"position\":1,\"name\":\"Accueil\",\"item\":\"https:\\\/\\\/www.modave.be\\\/\"},{\"@type\":\"ListItem\",\"position\":2,\"name\":\"D\u00e9neigement | Point sur les interventions\"}]},{\"@type\":\"WebSite\",\"@id\":\"https:\\\/\\\/www.modave.be\\\/#website\",\"url\":\"https:\\\/\\\/www.modave.be\\\/\",\"name\":\"Commune de Modave\",\"description\":\"Commune de Modave\",\"publisher\":{\"@id\":\"https:\\\/\\\/www.modave.be\\\/#organization\"},\"potentialAction\":[{\"@type\":\"SearchAction\",\"target\":{\"@type\":\"EntryPoint\",\"urlTemplate\":\"https:\\\/\\\/www.modave.be\\\/?s={search_term_string}\"},\"query-input\":{\"@type\":\"PropertyValueSpecification\",\"valueRequired\":true,\"valueName\":\"search_term_string\"}}],\"inLanguage\":\"fr-FR\"},{\"@type\":\"Organization\",\"@id\":\"https:\\\/\\\/www.modave.be\\\/#organization\",\"name\":\"Commune de Modave\",\"url\":\"https:\\\/\\\/www.modave.be\\\/\",\"logo\":{\"@type\":\"ImageObject\",\"inLanguage\":\"fr-FR\",\"@id\":\"https:\\\/\\\/www.modave.be\\\/#\\\/schema\\\/logo\\\/image\\\/\",\"url\":\"https:\\\/\\\/www.modave.be\\\/wp-content\\\/uploads\\\/2021\\\/12\\\/MODAVE_LOGO_HORIZONTAL_QUADRI_RVB.png\",\"contentUrl\":\"https:\\\/\\\/www.modave.be\\\/wp-content\\\/uploads\\\/2021\\\/12\\\/MODAVE_LOGO_HORIZONTAL_QUADRI_RVB.png\",\"width\":1200,\"height\":501,\"caption\":\"Commune de Modave\"},\"image\":{\"@id\":\"https:\\\/\\\/www.modave.be\\\/#\\\/schema\\\/logo\\\/image\\\/\"}}]}<\/script>\n<!-- \/ Yoast SEO plugin. -->","yoast_head_json":{"title":"D\u00e9neigement | Point sur les interventions - Commune de Modave","robots":{"index":"index","follow":"follow","max-snippet":"max-snippet:-1","max-image-preview":"max-image-preview:large","max-video-preview":"max-video-preview:-1"},"canonical":"https:\/\/www.modave.be\/index.php\/services_communaux\/deneigement-point-sur-les-interventions-2\/","og_locale":"fr_FR","og_type":"article","og_title":"D\u00e9neigement | Point sur les interventions - Commune de Modave","og_description":"D\u00e9neigement | Point sur les interventions Les \u00e9quipes restent attentives \u00e0 l\u2019\u00e9volution de la situation. Ce matin, une nouvelle intervention a eu lieu de 2h \u00e0 9h, avec 2 tracteurs, pour le salage et le d\u00e9neigement. Le d\u00e9gel est attendu \u00e0 partir de 14h et, au vu des temp\u00e9ratures annonc\u00e9es pour demain (environ 8\u00b0C), aucune&hellip;","og_url":"https:\/\/www.modave.be\/index.php\/services_communaux\/deneigement-point-sur-les-interventions-2\/","og_site_name":"Commune de Modave","article_modified_time":"2026-01-12T12:58:10+00:00","og_image":[{"width":1080,"height":540,"url":"https:\/\/www.modave.be\/wp-content\/uploads\/2026\/01\/Deneigement-2-e1768222562817.jpg","type":"image\/jpeg"}],"twitter_card":"summary_large_image","twitter_misc":{"Dur\u00e9e de lecture estim\u00e9e":"1 minute"},"schema":{"@context":"https:\/\/schema.org","@graph":[{"@type":"WebPage","@id":"https:\/\/www.modave.be\/index.php\/services_communaux\/deneigement-point-sur-les-interventions-2\/","url":"https:\/\/www.modave.be\/index.php\/services_communaux\/deneigement-point-sur-les-interventions-2\/","name":"D\u00e9neigement | Point sur les interventions - Commune de Modave","isPartOf":{"@id":"https:\/\/www.modave.be\/#website"},"primaryImageOfPage":{"@id":"https:\/\/www.modave.be\/index.php\/services_communaux\/deneigement-point-sur-les-interventions-2\/#primaryimage"},"image":{"@id":"https:\/\/www.modave.be\/index.php\/services_communaux\/deneigement-point-sur-les-interventions-2\/#primaryimage"},"thumbnailUrl":"https:\/\/www.modave.be\/wp-content\/uploads\/2026\/01\/Deneigement-2-e1768222562817.jpg","datePublished":"2026-01-12T12:56:08+00:00","dateModified":"2026-01-12T12:58:10+00:00","breadcrumb":{"@id":"https:\/\/www.modave.be\/index.php\/services_communaux\/deneigement-point-sur-les-interventions-2\/#breadcrumb"},"inLanguage":"fr-FR","potentialAction":[{"@type":"ReadAction","target":["https:\/\/www.modave.be\/index.php\/services_communaux\/deneigement-point-sur-les-interventions-2\/"]}]},{"@type":"ImageObject","inLanguage":"fr-FR","@id":"https:\/\/www.modave.be\/index.php\/services_communaux\/deneigement-point-sur-les-interventions-2\/#primaryimage","url":"https:\/\/www.modave.be\/wp-content\/uploads\/2026\/01\/Deneigement-2-e1768222562817.jpg","contentUrl":"https:\/\/www.modave.be\/wp-content\/uploads\/2026\/01\/Deneigement-2-e1768222562817.jpg","width":1080,"height":540},{"@type":"BreadcrumbList","@id":"https:\/\/www.modave.be\/index.php\/services_communaux\/deneigement-point-sur-les-interventions-2\/#breadcrumb","itemListElement":[{"@type":"ListItem","position":1,"name":"Accueil","item":"https:\/\/www.modave.be\/"},{"@type":"ListItem","position":2,"name":"D\u00e9neigement | Point sur les interventions"}]},{"@type":"WebSite","@id":"https:\/\/www.modave.be\/#website","url":"https:\/\/www.modave.be\/","name":"Commune de Modave","description":"Commune de Modave","publisher":{"@id":"https:\/\/www.modave.be\/#organization"},"potentialAction":[{"@type":"SearchAction","target":{"@type":"EntryPoint","urlTemplate":"https:\/\/www.modave.be\/?s={search_term_string}"},"query-input":{"@type":"PropertyValueSpecification","valueRequired":true,"valueName":"search_term_string"}}],"inLanguage":"fr-FR"},{"@type":"Organization","@id":"https:\/\/www.modave.be\/#organization","name":"Commune de Modave","url":"https:\/\/www.modave.be\/","logo":{"@type":"ImageObject","inLanguage":"fr-FR","@id":"https:\/\/www.modave.be\/#\/schema\/logo\/image\/","url":"https:\/\/www.modave.be\/wp-content\/uploads\/2021\/12\/MODAVE_LOGO_HORIZONTAL_QUADRI_RVB.png","contentUrl":"https:\/\/www.modave.be\/wp-content\/uploads\/2021\/12\/MODAVE_LOGO_HORIZONTAL_QUADRI_RVB.png","width":1200,"height":501,"caption":"Commune de Modave"},"image":{"@id":"https:\/\/www.modave.be\/#\/schema\/logo\/image\/"}}]}},"_links":{"self":[{"href":"https:\/\/www.modave.be\/index.php\/wp-json\/wp\/v2\/services_communaux\/17916","targetHints":{"allow":["GET"]}}],"collection":[{"href":"https:\/\/www.modave.be\/index.php\/wp-json\/wp\/v2\/services_communaux"}],"about":[{"href":"https:\/\/www.modave.be\/index.php\/wp-json\/wp\/v2\/types\/services_communaux"}],"author":[{"embeddable":true,"href":"https:\/\/www.modave.be\/index.php\/wp-json\/wp\/v2\/users\/9"}],"wp:featuredmedia":[{"embeddable":true,"href":"https:\/\/www.modave.be\/index.php\/wp-json\/wp\/v2\/media\/17917"}],"wp:attachment":[{"href":"https:\/\/www.modave.be\/index.php\/wp-json\/wp\/v2\/media?parent=17916"}],"wp:term":[{"taxonomy":"category","embeddable":true,"href":"https:\/\/www.modave.be\/index.php\/wp-json\/wp\/v2\/categories?post=17916"}],"curies":[{"name":"wp","href":"https:\/\/api.w.org\/{rel}","templated":true}]}}

Déneigement | Point sur les interventions

<h4 class="wp-block-heading">Déneigement | Point sur les interventions</h4>



<p><em>Les équipes restent attentives à l’évolution de la situation.</em></p>



<blockquote class="wp-block-quote is-layout-flow wp-block-quote-is-layout-flow">
<p>Ce matin, une nouvelle intervention a eu lieu de 2h à 9h, avec 2 tracteurs, pour le salage et le déneigement.</p>



<p>Le dégel est attendu à partir de 14h et, au vu des températures annoncées pour demain (environ 8°C), aucune nouvelle sortie n’est prévue à ce stade.</p>
</blockquote>



<p>Ce samedi, les équipes sont intervenues de 9h à 18h, avec deux tracteurs mobilisés et, sur une partie de la tournée, un renfort permettant d’intervenir à trois, afin de sécuriser l’ensemble du réseau communal.</p>



<p>Merci pour votre prudence sur les routes.</p>

<p>Déneigement | Point sur les interventions Les équipes restent attentives à l’évolution de la situation. Ce matin, une nouvelle intervention a eu lieu de 2h à 9h, avec 2 tracteurs, pour le salage et le déneigement. Le dégel est attendu à partir de 14h et, au vu des températures annoncées pour demain (environ 8°C), aucune&hellip;</p>

<!-- This site is optimized with the Yoast SEO plugin v27.4 - https://yoast.com/product/yoast-seo-wordpress/ -->
<title>Déneigement | Point sur les interventions - Commune de Modave</title>
<meta name="robots" content="index, follow, max-snippet:-1, max-image-preview:large, max-video-preview:-1" />
<link rel="canonical" href="https://www.modave.be/index.php/services_communaux/deneigement-point-sur-les-interventions-2/" />
<meta property="og:locale" content="fr_FR" />
<meta property="og:type" content="article" />
<meta property="og:title" content="Déneigement | Point sur les interventions - Commune de Modave" />
<meta property="og:description" content="Déneigement | Point sur les interventions Les équipes restent attentives à l’évolution de la situation. Ce matin, une nouvelle intervention a eu lieu de 2h à 9h, avec 2 tracteurs, pour le salage et le déneigement. Le dégel est attendu à partir de 14h et, au vu des températures annoncées pour demain (environ 8°C), aucune&hellip;" />
<meta property="og:url" content="https://www.modave.be/index.php/services_communaux/deneigement-point-sur-les-interventions-2/" />
<meta property="og:site_name" content="Commune de Modave" />
<meta property="article:modified_time" content="2026-01-12T12:58:10+00:00" />
<meta property="og:image" content="https://www.modave.be/wp-content/uploads/2026/01/Deneigement-2-e1768222562817.jpg" />
	<meta property="og:image:width" content="1080" />
	<meta property="og:image:height" content="540" />
	<meta property="og:image:type" content="image/jpeg" />
<meta name="twitter:card" content="summary_large_image" />
<meta name="twitter:label1" content="Durée de lecture estimée" />
	<meta name="twitter:data1" content="1 minute" />
<script type="application/ld+json" class="yoast-schema-graph">{"@context":"https:\/\/schema.org","@graph":[{"@type":"WebPage","@id":"https:\/\/www.modave.be\/index.php\/services_communaux\/deneigement-point-sur-les-interventions-2\/","url":"https:\/\/www.modave.be\/index.php\/services_communaux\/deneigement-point-sur-les-interventions-2\/","name":"Déneigement | Point sur les interventions - Commune de Modave","isPartOf":{"@id":"https:\/\/www.modave.be\/#website"},"primaryImageOfPage":{"@id":"https:\/\/www.modave.be\/index.php\/services_communaux\/deneigement-point-sur-les-interventions-2\/#primaryimage"},"image":{"@id":"https:\/\/www.modave.be\/index.php\/services_communaux\/deneigement-point-sur-les-interventions-2\/#primaryimage"},"thumbnailUrl":"https:\/\/www.modave.be\/wp-content\/uploads\/2026\/01\/Deneigement-2-e1768222562817.jpg","datePublished":"2026-01-12T12:56:08+00:00","dateModified":"2026-01-12T12:58:10+00:00","breadcrumb":{"@id":"https:\/\/www.modave.be\/index.php\/services_communaux\/deneigement-point-sur-les-interventions-2\/#breadcrumb"},"inLanguage":"fr-FR","potentialAction":[{"@type":"ReadAction","target":["https:\/\/www.modave.be\/index.php\/services_communaux\/deneigement-point-sur-les-interventions-2\/"]}]},{"@type":"ImageObject","inLanguage":"fr-FR","@id":"https:\/\/www.modave.be\/index.php\/services_communaux\/deneigement-point-sur-les-interventions-2\/#primaryimage","url":"https:\/\/www.modave.be\/wp-content\/uploads\/2026\/01\/Deneigement-2-e1768222562817.jpg","contentUrl":"https:\/\/www.modave.be\/wp-content\/uploads\/2026\/01\/Deneigement-2-e1768222562817.jpg","width":1080,"height":540},{"@type":"BreadcrumbList","@id":"https:\/\/www.modave.be\/index.php\/services_communaux\/deneigement-point-sur-les-interventions-2\/#breadcrumb","itemListElement":[{"@type":"ListItem","position":1,"name":"Accueil","item":"https:\/\/www.modave.be\/"},{"@type":"ListItem","position":2,"name":"Déneigement | Point sur les interventions"}]},{"@type":"WebSite","@id":"https:\/\/www.modave.be\/#website","url":"https:\/\/www.modave.be\/","name":"Commune de Modave","description":"Commune de Modave","publisher":{"@id":"https:\/\/www.modave.be\/#organization"},"potentialAction":[{"@type":"SearchAction","target":{"@type":"EntryPoint","urlTemplate":"https:\/\/www.modave.be\/?s={search_term_string}"},"query-input":{"@type":"PropertyValueSpecification","valueRequired":true,"valueName":"search_term_string"}}],"inLanguage":"fr-FR"},{"@type":"Organization","@id":"https:\/\/www.modave.be\/#organization","name":"Commune de Modave","url":"https:\/\/www.modave.be\/","logo":{"@type":"ImageObject","inLanguage":"fr-FR","@id":"https:\/\/www.modave.be\/#\/schema\/logo\/image\/","url":"https:\/\/www.modave.be\/wp-content\/uploads\/2021\/12\/MODAVE_LOGO_HORIZONTAL_QUADRI_RVB.png","contentUrl":"https:\/\/www.modave.be\/wp-content\/uploads\/2021\/12\/MODAVE_LOGO_HORIZONTAL_QUADRI_RVB.png","width":1200,"height":501,"caption":"Commune de Modave"},"image":{"@id":"https:\/\/www.modave.be\/#\/schema\/logo\/image\/"}}]}</script>
<!-- / Yoast SEO plugin. -->

Déneigement | Point sur les interventions - Commune de Modave

Déneigement | Point sur les interventions Les équipes restent attentives à l’évolution de la situation. Ce matin, une nouvelle intervention a eu lieu de 2h à 9h, avec 2 tracteurs, pour le salage et le déneigement. Le dégel est attendu à partir de 14h et, au vu des températures annoncées pour demain (environ 8°C), aucune&hellip;
