{"id":17930,"date":"2026-01-12T15:25:34","date_gmt":"2026-01-12T14:25:34","guid":{"rendered":"https:\/\/www.modave.be\/?post_type=services_communaux&#038;p=17930"},"modified":"2026-01-12T15:25:35","modified_gmt":"2026-01-12T14:25:35","slug":"sapins-de-noel-collecte-2026","status":"publish","type":"services_communaux","link":"https:\/\/www.modave.be\/index.php\/services_communaux\/sapins-de-noel-collecte-2026\/","title":{"rendered":"Sapins de No\u00ebl | Collecte 2026"},"content":{"rendered":"\n<h2 class=\"wp-block-heading\">Sapins de No\u00ebl | Collecte 2026<\/h2>\n\n\n\n<p>La tourn\u00e9e de collecte des sapins est d\u00e9sormais termin\u00e9e.<\/p>\n\n\n\n<p>Malgr\u00e9 les conditions m\u00e9t\u00e9orologiques difficiles, les \u00e9quipes ont fait le maximum pour assurer le ramassage sur l\u2019ensemble du territoire communal.<\/p>\n\n\n\n<blockquote class=\"wp-block-quote is-layout-flow wp-block-quote-is-layout-flow\">\n<p>Si vous constatez un oubli, nous vous invitons \u00e0 vous signaler aupr\u00e8s du service Travaux au 085\/51.30.35, afin que la situation puisse \u00eatre v\u00e9rifi\u00e9e et trait\u00e9e dans les meilleurs d\u00e9lais.<\/p>\n<\/blockquote>\n\n\n\n<p>Merci \u00e0 toutes et tous.<\/p>\n\n\n\n<p><\/p>\n","protected":false},"excerpt":{"rendered":"<p>Sapins de No\u00ebl | Collecte 2026 La tourn\u00e9e de collecte des sapins est d\u00e9sormais termin\u00e9e. Malgr\u00e9 les conditions m\u00e9t\u00e9orologiques difficiles, les \u00e9quipes ont fait le maximum pour assurer le ramassage sur l\u2019ensemble du territoire communal. Si vous constatez un oubli, nous vous invitons \u00e0 vous signaler aupr\u00e8s du service Travaux au 085\/51.30.35, afin que la&hellip;<\/p>\n","protected":false},"author":9,"featured_media":17542,"menu_order":0,"template":"","categories":[224],"class_list":["post-17930","services_communaux","type-services_communaux","status-publish","has-post-thumbnail","hentry","category-intradel","description-off"],"yoast_head":"<!-- This site is optimized with the Yoast SEO plugin v27.4 - https:\/\/yoast.com\/product\/yoast-seo-wordpress\/ -->\n<title>Sapins de No\u00ebl | Collecte 2026 - Commune de Modave<\/title>\n<meta name=\"robots\" content=\"index, follow, max-snippet:-1, max-image-preview:large, max-video-preview:-1\" \/>\n<link rel=\"canonical\" href=\"https:\/\/www.modave.be\/index.php\/services_communaux\/sapins-de-noel-collecte-2026\/\" \/>\n<meta property=\"og:locale\" content=\"fr_FR\" \/>\n<meta property=\"og:type\" content=\"article\" \/>\n<meta property=\"og:title\" content=\"Sapins de No\u00ebl | Collecte 2026 - Commune de Modave\" \/>\n<meta property=\"og:description\" content=\"Sapins de No\u00ebl | Collecte 2026 La tourn\u00e9e de collecte des sapins est d\u00e9sormais termin\u00e9e. Malgr\u00e9 les conditions m\u00e9t\u00e9orologiques difficiles, les \u00e9quipes ont fait le maximum pour assurer le ramassage sur l\u2019ensemble du territoire communal. Si vous constatez un oubli, nous vous invitons \u00e0 vous signaler aupr\u00e8s du service Travaux au 085\/51.30.35, afin que la&hellip;\" \/>\n<meta property=\"og:url\" content=\"https:\/\/www.modave.be\/index.php\/services_communaux\/sapins-de-noel-collecte-2026\/\" \/>\n<meta property=\"og:site_name\" content=\"Commune de Modave\" \/>\n<meta property=\"article:modified_time\" content=\"2026-01-12T14:25:35+00:00\" \/>\n<meta property=\"og:image\" content=\"https:\/\/www.modave.be\/wp-content\/uploads\/2026\/01\/Sapins-e1767626548436.jpg\" \/>\n\t<meta property=\"og:image:width\" content=\"1080\" \/>\n\t<meta property=\"og:image:height\" content=\"540\" \/>\n\t<meta property=\"og:image:type\" content=\"image\/jpeg\" \/>\n<meta name=\"twitter:card\" content=\"summary_large_image\" \/>\n<meta name=\"twitter:label1\" content=\"Dur\u00e9e de lecture estim\u00e9e\" \/>\n\t<meta name=\"twitter:data1\" content=\"1 minute\" \/>\n<script type=\"application\/ld+json\" class=\"yoast-schema-graph\">{\"@context\":\"https:\\\/\\\/schema.org\",\"@graph\":[{\"@type\":\"WebPage\",\"@id\":\"https:\\\/\\\/www.modave.be\\\/index.php\\\/services_communaux\\\/sapins-de-noel-collecte-2026\\\/\",\"url\":\"https:\\\/\\\/www.modave.be\\\/index.php\\\/services_communaux\\\/sapins-de-noel-collecte-2026\\\/\",\"name\":\"Sapins de No\u00ebl | Collecte 2026 - Commune de Modave\",\"isPartOf\":{\"@id\":\"https:\\\/\\\/www.modave.be\\\/#website\"},\"primaryImageOfPage\":{\"@id\":\"https:\\\/\\\/www.modave.be\\\/index.php\\\/services_communaux\\\/sapins-de-noel-collecte-2026\\\/#primaryimage\"},\"image\":{\"@id\":\"https:\\\/\\\/www.modave.be\\\/index.php\\\/services_communaux\\\/sapins-de-noel-collecte-2026\\\/#primaryimage\"},\"thumbnailUrl\":\"https:\\\/\\\/www.modave.be\\\/wp-content\\\/uploads\\\/2026\\\/01\\\/Sapins-e1767626548436.jpg\",\"datePublished\":\"2026-01-12T14:25:34+00:00\",\"dateModified\":\"2026-01-12T14:25:35+00:00\",\"breadcrumb\":{\"@id\":\"https:\\\/\\\/www.modave.be\\\/index.php\\\/services_communaux\\\/sapins-de-noel-collecte-2026\\\/#breadcrumb\"},\"inLanguage\":\"fr-FR\",\"potentialAction\":[{\"@type\":\"ReadAction\",\"target\":[\"https:\\\/\\\/www.modave.be\\\/index.php\\\/services_communaux\\\/sapins-de-noel-collecte-2026\\\/\"]}]},{\"@type\":\"ImageObject\",\"inLanguage\":\"fr-FR\",\"@id\":\"https:\\\/\\\/www.modave.be\\\/index.php\\\/services_communaux\\\/sapins-de-noel-collecte-2026\\\/#primaryimage\",\"url\":\"https:\\\/\\\/www.modave.be\\\/wp-content\\\/uploads\\\/2026\\\/01\\\/Sapins-e1767626548436.jpg\",\"contentUrl\":\"https:\\\/\\\/www.modave.be\\\/wp-content\\\/uploads\\\/2026\\\/01\\\/Sapins-e1767626548436.jpg\",\"width\":1080,\"height\":540},{\"@type\":\"BreadcrumbList\",\"@id\":\"https:\\\/\\\/www.modave.be\\\/index.php\\\/services_communaux\\\/sapins-de-noel-collecte-2026\\\/#breadcrumb\",\"itemListElement\":[{\"@type\":\"ListItem\",\"position\":1,\"name\":\"Accueil\",\"item\":\"https:\\\/\\\/www.modave.be\\\/\"},{\"@type\":\"ListItem\",\"position\":2,\"name\":\"Sapins de No\u00ebl | Collecte 2026\"}]},{\"@type\":\"WebSite\",\"@id\":\"https:\\\/\\\/www.modave.be\\\/#website\",\"url\":\"https:\\\/\\\/www.modave.be\\\/\",\"name\":\"Commune de Modave\",\"description\":\"Commune de Modave\",\"publisher\":{\"@id\":\"https:\\\/\\\/www.modave.be\\\/#organization\"},\"potentialAction\":[{\"@type\":\"SearchAction\",\"target\":{\"@type\":\"EntryPoint\",\"urlTemplate\":\"https:\\\/\\\/www.modave.be\\\/?s={search_term_string}\"},\"query-input\":{\"@type\":\"PropertyValueSpecification\",\"valueRequired\":true,\"valueName\":\"search_term_string\"}}],\"inLanguage\":\"fr-FR\"},{\"@type\":\"Organization\",\"@id\":\"https:\\\/\\\/www.modave.be\\\/#organization\",\"name\":\"Commune de Modave\",\"url\":\"https:\\\/\\\/www.modave.be\\\/\",\"logo\":{\"@type\":\"ImageObject\",\"inLanguage\":\"fr-FR\",\"@id\":\"https:\\\/\\\/www.modave.be\\\/#\\\/schema\\\/logo\\\/image\\\/\",\"url\":\"https:\\\/\\\/www.modave.be\\\/wp-content\\\/uploads\\\/2021\\\/12\\\/MODAVE_LOGO_HORIZONTAL_QUADRI_RVB.png\",\"contentUrl\":\"https:\\\/\\\/www.modave.be\\\/wp-content\\\/uploads\\\/2021\\\/12\\\/MODAVE_LOGO_HORIZONTAL_QUADRI_RVB.png\",\"width\":1200,\"height\":501,\"caption\":\"Commune de Modave\"},\"image\":{\"@id\":\"https:\\\/\\\/www.modave.be\\\/#\\\/schema\\\/logo\\\/image\\\/\"}}]}<\/script>\n<!-- \/ Yoast SEO plugin. -->","yoast_head_json":{"title":"Sapins de No\u00ebl | Collecte 2026 - Commune de Modave","robots":{"index":"index","follow":"follow","max-snippet":"max-snippet:-1","max-image-preview":"max-image-preview:large","max-video-preview":"max-video-preview:-1"},"canonical":"https:\/\/www.modave.be\/index.php\/services_communaux\/sapins-de-noel-collecte-2026\/","og_locale":"fr_FR","og_type":"article","og_title":"Sapins de No\u00ebl | Collecte 2026 - Commune de Modave","og_description":"Sapins de No\u00ebl | Collecte 2026 La tourn\u00e9e de collecte des sapins est d\u00e9sormais termin\u00e9e. Malgr\u00e9 les conditions m\u00e9t\u00e9orologiques difficiles, les \u00e9quipes ont fait le maximum pour assurer le ramassage sur l\u2019ensemble du territoire communal. Si vous constatez un oubli, nous vous invitons \u00e0 vous signaler aupr\u00e8s du service Travaux au 085\/51.30.35, afin que la&hellip;","og_url":"https:\/\/www.modave.be\/index.php\/services_communaux\/sapins-de-noel-collecte-2026\/","og_site_name":"Commune de Modave","article_modified_time":"2026-01-12T14:25:35+00:00","og_image":[{"width":1080,"height":540,"url":"https:\/\/www.modave.be\/wp-content\/uploads\/2026\/01\/Sapins-e1767626548436.jpg","type":"image\/jpeg"}],"twitter_card":"summary_large_image","twitter_misc":{"Dur\u00e9e de lecture estim\u00e9e":"1 minute"},"schema":{"@context":"https:\/\/schema.org","@graph":[{"@type":"WebPage","@id":"https:\/\/www.modave.be\/index.php\/services_communaux\/sapins-de-noel-collecte-2026\/","url":"https:\/\/www.modave.be\/index.php\/services_communaux\/sapins-de-noel-collecte-2026\/","name":"Sapins de No\u00ebl | Collecte 2026 - Commune de Modave","isPartOf":{"@id":"https:\/\/www.modave.be\/#website"},"primaryImageOfPage":{"@id":"https:\/\/www.modave.be\/index.php\/services_communaux\/sapins-de-noel-collecte-2026\/#primaryimage"},"image":{"@id":"https:\/\/www.modave.be\/index.php\/services_communaux\/sapins-de-noel-collecte-2026\/#primaryimage"},"thumbnailUrl":"https:\/\/www.modave.be\/wp-content\/uploads\/2026\/01\/Sapins-e1767626548436.jpg","datePublished":"2026-01-12T14:25:34+00:00","dateModified":"2026-01-12T14:25:35+00:00","breadcrumb":{"@id":"https:\/\/www.modave.be\/index.php\/services_communaux\/sapins-de-noel-collecte-2026\/#breadcrumb"},"inLanguage":"fr-FR","potentialAction":[{"@type":"ReadAction","target":["https:\/\/www.modave.be\/index.php\/services_communaux\/sapins-de-noel-collecte-2026\/"]}]},{"@type":"ImageObject","inLanguage":"fr-FR","@id":"https:\/\/www.modave.be\/index.php\/services_communaux\/sapins-de-noel-collecte-2026\/#primaryimage","url":"https:\/\/www.modave.be\/wp-content\/uploads\/2026\/01\/Sapins-e1767626548436.jpg","contentUrl":"https:\/\/www.modave.be\/wp-content\/uploads\/2026\/01\/Sapins-e1767626548436.jpg","width":1080,"height":540},{"@type":"BreadcrumbList","@id":"https:\/\/www.modave.be\/index.php\/services_communaux\/sapins-de-noel-collecte-2026\/#breadcrumb","itemListElement":[{"@type":"ListItem","position":1,"name":"Accueil","item":"https:\/\/www.modave.be\/"},{"@type":"ListItem","position":2,"name":"Sapins de No\u00ebl | Collecte 2026"}]},{"@type":"WebSite","@id":"https:\/\/www.modave.be\/#website","url":"https:\/\/www.modave.be\/","name":"Commune de Modave","description":"Commune de Modave","publisher":{"@id":"https:\/\/www.modave.be\/#organization"},"potentialAction":[{"@type":"SearchAction","target":{"@type":"EntryPoint","urlTemplate":"https:\/\/www.modave.be\/?s={search_term_string}"},"query-input":{"@type":"PropertyValueSpecification","valueRequired":true,"valueName":"search_term_string"}}],"inLanguage":"fr-FR"},{"@type":"Organization","@id":"https:\/\/www.modave.be\/#organization","name":"Commune de Modave","url":"https:\/\/www.modave.be\/","logo":{"@type":"ImageObject","inLanguage":"fr-FR","@id":"https:\/\/www.modave.be\/#\/schema\/logo\/image\/","url":"https:\/\/www.modave.be\/wp-content\/uploads\/2021\/12\/MODAVE_LOGO_HORIZONTAL_QUADRI_RVB.png","contentUrl":"https:\/\/www.modave.be\/wp-content\/uploads\/2021\/12\/MODAVE_LOGO_HORIZONTAL_QUADRI_RVB.png","width":1200,"height":501,"caption":"Commune de Modave"},"image":{"@id":"https:\/\/www.modave.be\/#\/schema\/logo\/image\/"}}]}},"_links":{"self":[{"href":"https:\/\/www.modave.be\/index.php\/wp-json\/wp\/v2\/services_communaux\/17930","targetHints":{"allow":["GET"]}}],"collection":[{"href":"https:\/\/www.modave.be\/index.php\/wp-json\/wp\/v2\/services_communaux"}],"about":[{"href":"https:\/\/www.modave.be\/index.php\/wp-json\/wp\/v2\/types\/services_communaux"}],"author":[{"embeddable":true,"href":"https:\/\/www.modave.be\/index.php\/wp-json\/wp\/v2\/users\/9"}],"wp:featuredmedia":[{"embeddable":true,"href":"https:\/\/www.modave.be\/index.php\/wp-json\/wp\/v2\/media\/17542"}],"wp:attachment":[{"href":"https:\/\/www.modave.be\/index.php\/wp-json\/wp\/v2\/media?parent=17930"}],"wp:term":[{"taxonomy":"category","embeddable":true,"href":"https:\/\/www.modave.be\/index.php\/wp-json\/wp\/v2\/categories?post=17930"}],"curies":[{"name":"wp","href":"https:\/\/api.w.org\/{rel}","templated":true}]}}

Sapins de Noël | Collecte 2026

<h2 class="wp-block-heading">Sapins de Noël | Collecte 2026</h2>



<p>La tournée de collecte des sapins est désormais terminée.</p>



<p>Malgré les conditions météorologiques difficiles, les équipes ont fait le maximum pour assurer le ramassage sur l’ensemble du territoire communal.</p>



<blockquote class="wp-block-quote is-layout-flow wp-block-quote-is-layout-flow">
<p>Si vous constatez un oubli, nous vous invitons à vous signaler auprès du service Travaux au 085/51.30.35, afin que la situation puisse être vérifiée et traitée dans les meilleurs délais.</p>
</blockquote>



<p>Merci à toutes et tous.</p>



<p></p>

<p>Sapins de Noël | Collecte 2026 La tournée de collecte des sapins est désormais terminée. Malgré les conditions météorologiques difficiles, les équipes ont fait le maximum pour assurer le ramassage sur l’ensemble du territoire communal. Si vous constatez un oubli, nous vous invitons à vous signaler auprès du service Travaux au 085/51.30.35, afin que la&hellip;</p>

<!-- This site is optimized with the Yoast SEO plugin v27.4 - https://yoast.com/product/yoast-seo-wordpress/ -->
<title>Sapins de Noël | Collecte 2026 - Commune de Modave</title>
<meta name="robots" content="index, follow, max-snippet:-1, max-image-preview:large, max-video-preview:-1" />
<link rel="canonical" href="https://www.modave.be/index.php/services_communaux/sapins-de-noel-collecte-2026/" />
<meta property="og:locale" content="fr_FR" />
<meta property="og:type" content="article" />
<meta property="og:title" content="Sapins de Noël | Collecte 2026 - Commune de Modave" />
<meta property="og:description" content="Sapins de Noël | Collecte 2026 La tournée de collecte des sapins est désormais terminée. Malgré les conditions météorologiques difficiles, les équipes ont fait le maximum pour assurer le ramassage sur l’ensemble du territoire communal. Si vous constatez un oubli, nous vous invitons à vous signaler auprès du service Travaux au 085/51.30.35, afin que la&hellip;" />
<meta property="og:url" content="https://www.modave.be/index.php/services_communaux/sapins-de-noel-collecte-2026/" />
<meta property="og:site_name" content="Commune de Modave" />
<meta property="article:modified_time" content="2026-01-12T14:25:35+00:00" />
<meta property="og:image" content="https://www.modave.be/wp-content/uploads/2026/01/Sapins-e1767626548436.jpg" />
	<meta property="og:image:width" content="1080" />
	<meta property="og:image:height" content="540" />
	<meta property="og:image:type" content="image/jpeg" />
<meta name="twitter:card" content="summary_large_image" />
<meta name="twitter:label1" content="Durée de lecture estimée" />
	<meta name="twitter:data1" content="1 minute" />
<script type="application/ld+json" class="yoast-schema-graph">{"@context":"https:\/\/schema.org","@graph":[{"@type":"WebPage","@id":"https:\/\/www.modave.be\/index.php\/services_communaux\/sapins-de-noel-collecte-2026\/","url":"https:\/\/www.modave.be\/index.php\/services_communaux\/sapins-de-noel-collecte-2026\/","name":"Sapins de Noël | Collecte 2026 - Commune de Modave","isPartOf":{"@id":"https:\/\/www.modave.be\/#website"},"primaryImageOfPage":{"@id":"https:\/\/www.modave.be\/index.php\/services_communaux\/sapins-de-noel-collecte-2026\/#primaryimage"},"image":{"@id":"https:\/\/www.modave.be\/index.php\/services_communaux\/sapins-de-noel-collecte-2026\/#primaryimage"},"thumbnailUrl":"https:\/\/www.modave.be\/wp-content\/uploads\/2026\/01\/Sapins-e1767626548436.jpg","datePublished":"2026-01-12T14:25:34+00:00","dateModified":"2026-01-12T14:25:35+00:00","breadcrumb":{"@id":"https:\/\/www.modave.be\/index.php\/services_communaux\/sapins-de-noel-collecte-2026\/#breadcrumb"},"inLanguage":"fr-FR","potentialAction":[{"@type":"ReadAction","target":["https:\/\/www.modave.be\/index.php\/services_communaux\/sapins-de-noel-collecte-2026\/"]}]},{"@type":"ImageObject","inLanguage":"fr-FR","@id":"https:\/\/www.modave.be\/index.php\/services_communaux\/sapins-de-noel-collecte-2026\/#primaryimage","url":"https:\/\/www.modave.be\/wp-content\/uploads\/2026\/01\/Sapins-e1767626548436.jpg","contentUrl":"https:\/\/www.modave.be\/wp-content\/uploads\/2026\/01\/Sapins-e1767626548436.jpg","width":1080,"height":540},{"@type":"BreadcrumbList","@id":"https:\/\/www.modave.be\/index.php\/services_communaux\/sapins-de-noel-collecte-2026\/#breadcrumb","itemListElement":[{"@type":"ListItem","position":1,"name":"Accueil","item":"https:\/\/www.modave.be\/"},{"@type":"ListItem","position":2,"name":"Sapins de Noël | Collecte 2026"}]},{"@type":"WebSite","@id":"https:\/\/www.modave.be\/#website","url":"https:\/\/www.modave.be\/","name":"Commune de Modave","description":"Commune de Modave","publisher":{"@id":"https:\/\/www.modave.be\/#organization"},"potentialAction":[{"@type":"SearchAction","target":{"@type":"EntryPoint","urlTemplate":"https:\/\/www.modave.be\/?s={search_term_string}"},"query-input":{"@type":"PropertyValueSpecification","valueRequired":true,"valueName":"search_term_string"}}],"inLanguage":"fr-FR"},{"@type":"Organization","@id":"https:\/\/www.modave.be\/#organization","name":"Commune de Modave","url":"https:\/\/www.modave.be\/","logo":{"@type":"ImageObject","inLanguage":"fr-FR","@id":"https:\/\/www.modave.be\/#\/schema\/logo\/image\/","url":"https:\/\/www.modave.be\/wp-content\/uploads\/2021\/12\/MODAVE_LOGO_HORIZONTAL_QUADRI_RVB.png","contentUrl":"https:\/\/www.modave.be\/wp-content\/uploads\/2021\/12\/MODAVE_LOGO_HORIZONTAL_QUADRI_RVB.png","width":1200,"height":501,"caption":"Commune de Modave"},"image":{"@id":"https:\/\/www.modave.be\/#\/schema\/logo\/image\/"}}]}</script>
<!-- / Yoast SEO plugin. -->

Sapins de Noël | Collecte 2026 - Commune de Modave

Sapins de Noël | Collecte 2026 La tournée de collecte des sapins est désormais terminée. Malgré les conditions météorologiques difficiles, les équipes ont fait le maximum pour assurer le ramassage sur l’ensemble du territoire communal. Si vous constatez un oubli, nous vous invitons à vous signaler auprès du service Travaux au 085/51.30.35, afin que la&hellip;
