{"id":17961,"date":"2026-01-14T14:29:17","date_gmt":"2026-01-14T13:29:17","guid":{"rendered":"https:\/\/www.modave.be\/?post_type=services_communaux&#038;p=17961"},"modified":"2026-01-14T14:31:18","modified_gmt":"2026-01-14T13:31:18","slug":"cpas-les-permanences-sociales-sont-la-pour-vous-accompagner","status":"publish","type":"services_communaux","link":"https:\/\/www.modave.be\/index.php\/services_communaux\/cpas-les-permanences-sociales-sont-la-pour-vous-accompagner\/","title":{"rendered":"CPAS | Les permanences sociales sont l\u00e0 pour vous accompagner"},"content":{"rendered":"\n<h1 class=\"wp-block-heading\">CPAS | Les permanences sociales sont l\u00e0 pour vous  accompagner<\/h1>\n\n\n\n<p>Quand ?<br>Du lundi au vendredi sur rendez-vous<br>Le mardi et le jeudi, de 9h00 \u00e0 11h00 sans rendez-vous<\/p>\n\n\n\n<p>O\u00f9 ?<br>Rue des Potalles 16, 4577 Modave<\/p>\n","protected":false},"excerpt":{"rendered":"<p>CPAS | Les permanences sociales sont l\u00e0 pour vous accompagner Quand ?Du lundi au vendredi sur rendez-vousLe mardi et le jeudi, de 9h00 \u00e0 11h00 sans rendez-vous O\u00f9 ?Rue des Potalles 16, 4577 Modave<\/p>\n","protected":false},"author":9,"featured_media":17962,"menu_order":0,"template":"","categories":[169],"class_list":["post-17961","services_communaux","type-services_communaux","status-publish","has-post-thumbnail","hentry","category-cpas","description-off"],"yoast_head":"<!-- This site is optimized with the Yoast SEO plugin v27.4 - https:\/\/yoast.com\/product\/yoast-seo-wordpress\/ -->\n<title>CPAS | Les permanences sociales sont l\u00e0 pour vous accompagner - Commune de Modave<\/title>\n<meta name=\"robots\" content=\"index, follow, max-snippet:-1, max-image-preview:large, max-video-preview:-1\" \/>\n<link rel=\"canonical\" href=\"https:\/\/www.modave.be\/index.php\/services_communaux\/cpas-les-permanences-sociales-sont-la-pour-vous-accompagner\/\" \/>\n<meta property=\"og:locale\" content=\"fr_FR\" \/>\n<meta property=\"og:type\" content=\"article\" \/>\n<meta property=\"og:title\" content=\"CPAS | Les permanences sociales sont l\u00e0 pour vous accompagner - Commune de Modave\" \/>\n<meta property=\"og:description\" content=\"CPAS | Les permanences sociales sont l\u00e0 pour vous accompagner Quand ?Du lundi au vendredi sur rendez-vousLe mardi et le jeudi, de 9h00 \u00e0 11h00 sans rendez-vous O\u00f9 ?Rue des Potalles 16, 4577 Modave\" \/>\n<meta property=\"og:url\" content=\"https:\/\/www.modave.be\/index.php\/services_communaux\/cpas-les-permanences-sociales-sont-la-pour-vous-accompagner\/\" \/>\n<meta property=\"og:site_name\" content=\"Commune de Modave\" \/>\n<meta property=\"article:modified_time\" content=\"2026-01-14T13:31:18+00:00\" \/>\n<meta property=\"og:image\" content=\"https:\/\/www.modave.be\/wp-content\/uploads\/2026\/01\/CPAS-image-e1768397347405.jpg\" \/>\n\t<meta property=\"og:image:width\" content=\"1566\" \/>\n\t<meta property=\"og:image:height\" content=\"783\" \/>\n\t<meta property=\"og:image:type\" content=\"image\/jpeg\" \/>\n<meta name=\"twitter:card\" content=\"summary_large_image\" \/>\n<script type=\"application\/ld+json\" class=\"yoast-schema-graph\">{\"@context\":\"https:\\\/\\\/schema.org\",\"@graph\":[{\"@type\":\"WebPage\",\"@id\":\"https:\\\/\\\/www.modave.be\\\/index.php\\\/services_communaux\\\/cpas-les-permanences-sociales-sont-la-pour-vous-accompagner\\\/\",\"url\":\"https:\\\/\\\/www.modave.be\\\/index.php\\\/services_communaux\\\/cpas-les-permanences-sociales-sont-la-pour-vous-accompagner\\\/\",\"name\":\"CPAS | Les permanences sociales sont l\u00e0 pour vous accompagner - Commune de Modave\",\"isPartOf\":{\"@id\":\"https:\\\/\\\/www.modave.be\\\/#website\"},\"primaryImageOfPage\":{\"@id\":\"https:\\\/\\\/www.modave.be\\\/index.php\\\/services_communaux\\\/cpas-les-permanences-sociales-sont-la-pour-vous-accompagner\\\/#primaryimage\"},\"image\":{\"@id\":\"https:\\\/\\\/www.modave.be\\\/index.php\\\/services_communaux\\\/cpas-les-permanences-sociales-sont-la-pour-vous-accompagner\\\/#primaryimage\"},\"thumbnailUrl\":\"https:\\\/\\\/www.modave.be\\\/wp-content\\\/uploads\\\/2026\\\/01\\\/CPAS-image-e1768397347405.jpg\",\"datePublished\":\"2026-01-14T13:29:17+00:00\",\"dateModified\":\"2026-01-14T13:31:18+00:00\",\"breadcrumb\":{\"@id\":\"https:\\\/\\\/www.modave.be\\\/index.php\\\/services_communaux\\\/cpas-les-permanences-sociales-sont-la-pour-vous-accompagner\\\/#breadcrumb\"},\"inLanguage\":\"fr-FR\",\"potentialAction\":[{\"@type\":\"ReadAction\",\"target\":[\"https:\\\/\\\/www.modave.be\\\/index.php\\\/services_communaux\\\/cpas-les-permanences-sociales-sont-la-pour-vous-accompagner\\\/\"]}]},{\"@type\":\"ImageObject\",\"inLanguage\":\"fr-FR\",\"@id\":\"https:\\\/\\\/www.modave.be\\\/index.php\\\/services_communaux\\\/cpas-les-permanences-sociales-sont-la-pour-vous-accompagner\\\/#primaryimage\",\"url\":\"https:\\\/\\\/www.modave.be\\\/wp-content\\\/uploads\\\/2026\\\/01\\\/CPAS-image-e1768397347405.jpg\",\"contentUrl\":\"https:\\\/\\\/www.modave.be\\\/wp-content\\\/uploads\\\/2026\\\/01\\\/CPAS-image-e1768397347405.jpg\",\"width\":1566,\"height\":783},{\"@type\":\"BreadcrumbList\",\"@id\":\"https:\\\/\\\/www.modave.be\\\/index.php\\\/services_communaux\\\/cpas-les-permanences-sociales-sont-la-pour-vous-accompagner\\\/#breadcrumb\",\"itemListElement\":[{\"@type\":\"ListItem\",\"position\":1,\"name\":\"Accueil\",\"item\":\"https:\\\/\\\/www.modave.be\\\/\"},{\"@type\":\"ListItem\",\"position\":2,\"name\":\"CPAS | Les permanences sociales sont l\u00e0 pour vous accompagner\"}]},{\"@type\":\"WebSite\",\"@id\":\"https:\\\/\\\/www.modave.be\\\/#website\",\"url\":\"https:\\\/\\\/www.modave.be\\\/\",\"name\":\"Commune de Modave\",\"description\":\"Commune de Modave\",\"publisher\":{\"@id\":\"https:\\\/\\\/www.modave.be\\\/#organization\"},\"potentialAction\":[{\"@type\":\"SearchAction\",\"target\":{\"@type\":\"EntryPoint\",\"urlTemplate\":\"https:\\\/\\\/www.modave.be\\\/?s={search_term_string}\"},\"query-input\":{\"@type\":\"PropertyValueSpecification\",\"valueRequired\":true,\"valueName\":\"search_term_string\"}}],\"inLanguage\":\"fr-FR\"},{\"@type\":\"Organization\",\"@id\":\"https:\\\/\\\/www.modave.be\\\/#organization\",\"name\":\"Commune de Modave\",\"url\":\"https:\\\/\\\/www.modave.be\\\/\",\"logo\":{\"@type\":\"ImageObject\",\"inLanguage\":\"fr-FR\",\"@id\":\"https:\\\/\\\/www.modave.be\\\/#\\\/schema\\\/logo\\\/image\\\/\",\"url\":\"https:\\\/\\\/www.modave.be\\\/wp-content\\\/uploads\\\/2021\\\/12\\\/MODAVE_LOGO_HORIZONTAL_QUADRI_RVB.png\",\"contentUrl\":\"https:\\\/\\\/www.modave.be\\\/wp-content\\\/uploads\\\/2021\\\/12\\\/MODAVE_LOGO_HORIZONTAL_QUADRI_RVB.png\",\"width\":1200,\"height\":501,\"caption\":\"Commune de Modave\"},\"image\":{\"@id\":\"https:\\\/\\\/www.modave.be\\\/#\\\/schema\\\/logo\\\/image\\\/\"}}]}<\/script>\n<!-- \/ Yoast SEO plugin. -->","yoast_head_json":{"title":"CPAS | Les permanences sociales sont l\u00e0 pour vous accompagner - Commune de Modave","robots":{"index":"index","follow":"follow","max-snippet":"max-snippet:-1","max-image-preview":"max-image-preview:large","max-video-preview":"max-video-preview:-1"},"canonical":"https:\/\/www.modave.be\/index.php\/services_communaux\/cpas-les-permanences-sociales-sont-la-pour-vous-accompagner\/","og_locale":"fr_FR","og_type":"article","og_title":"CPAS | Les permanences sociales sont l\u00e0 pour vous accompagner - Commune de Modave","og_description":"CPAS | Les permanences sociales sont l\u00e0 pour vous accompagner Quand ?Du lundi au vendredi sur rendez-vousLe mardi et le jeudi, de 9h00 \u00e0 11h00 sans rendez-vous O\u00f9 ?Rue des Potalles 16, 4577 Modave","og_url":"https:\/\/www.modave.be\/index.php\/services_communaux\/cpas-les-permanences-sociales-sont-la-pour-vous-accompagner\/","og_site_name":"Commune de Modave","article_modified_time":"2026-01-14T13:31:18+00:00","og_image":[{"width":1566,"height":783,"url":"https:\/\/www.modave.be\/wp-content\/uploads\/2026\/01\/CPAS-image-e1768397347405.jpg","type":"image\/jpeg"}],"twitter_card":"summary_large_image","schema":{"@context":"https:\/\/schema.org","@graph":[{"@type":"WebPage","@id":"https:\/\/www.modave.be\/index.php\/services_communaux\/cpas-les-permanences-sociales-sont-la-pour-vous-accompagner\/","url":"https:\/\/www.modave.be\/index.php\/services_communaux\/cpas-les-permanences-sociales-sont-la-pour-vous-accompagner\/","name":"CPAS | Les permanences sociales sont l\u00e0 pour vous accompagner - Commune de Modave","isPartOf":{"@id":"https:\/\/www.modave.be\/#website"},"primaryImageOfPage":{"@id":"https:\/\/www.modave.be\/index.php\/services_communaux\/cpas-les-permanences-sociales-sont-la-pour-vous-accompagner\/#primaryimage"},"image":{"@id":"https:\/\/www.modave.be\/index.php\/services_communaux\/cpas-les-permanences-sociales-sont-la-pour-vous-accompagner\/#primaryimage"},"thumbnailUrl":"https:\/\/www.modave.be\/wp-content\/uploads\/2026\/01\/CPAS-image-e1768397347405.jpg","datePublished":"2026-01-14T13:29:17+00:00","dateModified":"2026-01-14T13:31:18+00:00","breadcrumb":{"@id":"https:\/\/www.modave.be\/index.php\/services_communaux\/cpas-les-permanences-sociales-sont-la-pour-vous-accompagner\/#breadcrumb"},"inLanguage":"fr-FR","potentialAction":[{"@type":"ReadAction","target":["https:\/\/www.modave.be\/index.php\/services_communaux\/cpas-les-permanences-sociales-sont-la-pour-vous-accompagner\/"]}]},{"@type":"ImageObject","inLanguage":"fr-FR","@id":"https:\/\/www.modave.be\/index.php\/services_communaux\/cpas-les-permanences-sociales-sont-la-pour-vous-accompagner\/#primaryimage","url":"https:\/\/www.modave.be\/wp-content\/uploads\/2026\/01\/CPAS-image-e1768397347405.jpg","contentUrl":"https:\/\/www.modave.be\/wp-content\/uploads\/2026\/01\/CPAS-image-e1768397347405.jpg","width":1566,"height":783},{"@type":"BreadcrumbList","@id":"https:\/\/www.modave.be\/index.php\/services_communaux\/cpas-les-permanences-sociales-sont-la-pour-vous-accompagner\/#breadcrumb","itemListElement":[{"@type":"ListItem","position":1,"name":"Accueil","item":"https:\/\/www.modave.be\/"},{"@type":"ListItem","position":2,"name":"CPAS | Les permanences sociales sont l\u00e0 pour vous accompagner"}]},{"@type":"WebSite","@id":"https:\/\/www.modave.be\/#website","url":"https:\/\/www.modave.be\/","name":"Commune de Modave","description":"Commune de Modave","publisher":{"@id":"https:\/\/www.modave.be\/#organization"},"potentialAction":[{"@type":"SearchAction","target":{"@type":"EntryPoint","urlTemplate":"https:\/\/www.modave.be\/?s={search_term_string}"},"query-input":{"@type":"PropertyValueSpecification","valueRequired":true,"valueName":"search_term_string"}}],"inLanguage":"fr-FR"},{"@type":"Organization","@id":"https:\/\/www.modave.be\/#organization","name":"Commune de Modave","url":"https:\/\/www.modave.be\/","logo":{"@type":"ImageObject","inLanguage":"fr-FR","@id":"https:\/\/www.modave.be\/#\/schema\/logo\/image\/","url":"https:\/\/www.modave.be\/wp-content\/uploads\/2021\/12\/MODAVE_LOGO_HORIZONTAL_QUADRI_RVB.png","contentUrl":"https:\/\/www.modave.be\/wp-content\/uploads\/2021\/12\/MODAVE_LOGO_HORIZONTAL_QUADRI_RVB.png","width":1200,"height":501,"caption":"Commune de Modave"},"image":{"@id":"https:\/\/www.modave.be\/#\/schema\/logo\/image\/"}}]}},"_links":{"self":[{"href":"https:\/\/www.modave.be\/index.php\/wp-json\/wp\/v2\/services_communaux\/17961","targetHints":{"allow":["GET"]}}],"collection":[{"href":"https:\/\/www.modave.be\/index.php\/wp-json\/wp\/v2\/services_communaux"}],"about":[{"href":"https:\/\/www.modave.be\/index.php\/wp-json\/wp\/v2\/types\/services_communaux"}],"author":[{"embeddable":true,"href":"https:\/\/www.modave.be\/index.php\/wp-json\/wp\/v2\/users\/9"}],"wp:featuredmedia":[{"embeddable":true,"href":"https:\/\/www.modave.be\/index.php\/wp-json\/wp\/v2\/media\/17962"}],"wp:attachment":[{"href":"https:\/\/www.modave.be\/index.php\/wp-json\/wp\/v2\/media?parent=17961"}],"wp:term":[{"taxonomy":"category","embeddable":true,"href":"https:\/\/www.modave.be\/index.php\/wp-json\/wp\/v2\/categories?post=17961"}],"curies":[{"name":"wp","href":"https:\/\/api.w.org\/{rel}","templated":true}]}}

CPAS | Les permanences sociales sont là pour vous accompagner

<h1 class="wp-block-heading">CPAS | Les permanences sociales sont là pour vous  accompagner</h1>



<p>Quand ?<br>Du lundi au vendredi sur rendez-vous<br>Le mardi et le jeudi, de 9h00 à 11h00 sans rendez-vous</p>



<p>Où ?<br>Rue des Potalles 16, 4577 Modave</p>

<p>CPAS | Les permanences sociales sont là pour vous accompagner Quand ?Du lundi au vendredi sur rendez-vousLe mardi et le jeudi, de 9h00 à 11h00 sans rendez-vous Où ?Rue des Potalles 16, 4577 Modave</p>

<!-- This site is optimized with the Yoast SEO plugin v27.4 - https://yoast.com/product/yoast-seo-wordpress/ -->
<title>CPAS | Les permanences sociales sont là pour vous accompagner - Commune de Modave</title>
<meta name="robots" content="index, follow, max-snippet:-1, max-image-preview:large, max-video-preview:-1" />
<link rel="canonical" href="https://www.modave.be/index.php/services_communaux/cpas-les-permanences-sociales-sont-la-pour-vous-accompagner/" />
<meta property="og:locale" content="fr_FR" />
<meta property="og:type" content="article" />
<meta property="og:title" content="CPAS | Les permanences sociales sont là pour vous accompagner - Commune de Modave" />
<meta property="og:description" content="CPAS | Les permanences sociales sont là pour vous accompagner Quand ?Du lundi au vendredi sur rendez-vousLe mardi et le jeudi, de 9h00 à 11h00 sans rendez-vous Où ?Rue des Potalles 16, 4577 Modave" />
<meta property="og:url" content="https://www.modave.be/index.php/services_communaux/cpas-les-permanences-sociales-sont-la-pour-vous-accompagner/" />
<meta property="og:site_name" content="Commune de Modave" />
<meta property="article:modified_time" content="2026-01-14T13:31:18+00:00" />
<meta property="og:image" content="https://www.modave.be/wp-content/uploads/2026/01/CPAS-image-e1768397347405.jpg" />
	<meta property="og:image:width" content="1566" />
	<meta property="og:image:height" content="783" />
	<meta property="og:image:type" content="image/jpeg" />
<meta name="twitter:card" content="summary_large_image" />
<script type="application/ld+json" class="yoast-schema-graph">{"@context":"https:\/\/schema.org","@graph":[{"@type":"WebPage","@id":"https:\/\/www.modave.be\/index.php\/services_communaux\/cpas-les-permanences-sociales-sont-la-pour-vous-accompagner\/","url":"https:\/\/www.modave.be\/index.php\/services_communaux\/cpas-les-permanences-sociales-sont-la-pour-vous-accompagner\/","name":"CPAS | Les permanences sociales sont là pour vous accompagner - Commune de Modave","isPartOf":{"@id":"https:\/\/www.modave.be\/#website"},"primaryImageOfPage":{"@id":"https:\/\/www.modave.be\/index.php\/services_communaux\/cpas-les-permanences-sociales-sont-la-pour-vous-accompagner\/#primaryimage"},"image":{"@id":"https:\/\/www.modave.be\/index.php\/services_communaux\/cpas-les-permanences-sociales-sont-la-pour-vous-accompagner\/#primaryimage"},"thumbnailUrl":"https:\/\/www.modave.be\/wp-content\/uploads\/2026\/01\/CPAS-image-e1768397347405.jpg","datePublished":"2026-01-14T13:29:17+00:00","dateModified":"2026-01-14T13:31:18+00:00","breadcrumb":{"@id":"https:\/\/www.modave.be\/index.php\/services_communaux\/cpas-les-permanences-sociales-sont-la-pour-vous-accompagner\/#breadcrumb"},"inLanguage":"fr-FR","potentialAction":[{"@type":"ReadAction","target":["https:\/\/www.modave.be\/index.php\/services_communaux\/cpas-les-permanences-sociales-sont-la-pour-vous-accompagner\/"]}]},{"@type":"ImageObject","inLanguage":"fr-FR","@id":"https:\/\/www.modave.be\/index.php\/services_communaux\/cpas-les-permanences-sociales-sont-la-pour-vous-accompagner\/#primaryimage","url":"https:\/\/www.modave.be\/wp-content\/uploads\/2026\/01\/CPAS-image-e1768397347405.jpg","contentUrl":"https:\/\/www.modave.be\/wp-content\/uploads\/2026\/01\/CPAS-image-e1768397347405.jpg","width":1566,"height":783},{"@type":"BreadcrumbList","@id":"https:\/\/www.modave.be\/index.php\/services_communaux\/cpas-les-permanences-sociales-sont-la-pour-vous-accompagner\/#breadcrumb","itemListElement":[{"@type":"ListItem","position":1,"name":"Accueil","item":"https:\/\/www.modave.be\/"},{"@type":"ListItem","position":2,"name":"CPAS | Les permanences sociales sont là pour vous accompagner"}]},{"@type":"WebSite","@id":"https:\/\/www.modave.be\/#website","url":"https:\/\/www.modave.be\/","name":"Commune de Modave","description":"Commune de Modave","publisher":{"@id":"https:\/\/www.modave.be\/#organization"},"potentialAction":[{"@type":"SearchAction","target":{"@type":"EntryPoint","urlTemplate":"https:\/\/www.modave.be\/?s={search_term_string}"},"query-input":{"@type":"PropertyValueSpecification","valueRequired":true,"valueName":"search_term_string"}}],"inLanguage":"fr-FR"},{"@type":"Organization","@id":"https:\/\/www.modave.be\/#organization","name":"Commune de Modave","url":"https:\/\/www.modave.be\/","logo":{"@type":"ImageObject","inLanguage":"fr-FR","@id":"https:\/\/www.modave.be\/#\/schema\/logo\/image\/","url":"https:\/\/www.modave.be\/wp-content\/uploads\/2021\/12\/MODAVE_LOGO_HORIZONTAL_QUADRI_RVB.png","contentUrl":"https:\/\/www.modave.be\/wp-content\/uploads\/2021\/12\/MODAVE_LOGO_HORIZONTAL_QUADRI_RVB.png","width":1200,"height":501,"caption":"Commune de Modave"},"image":{"@id":"https:\/\/www.modave.be\/#\/schema\/logo\/image\/"}}]}</script>
<!-- / Yoast SEO plugin. -->

CPAS | Les permanences sociales sont là pour vous accompagner - Commune de Modave

CPAS | Les permanences sociales sont là pour vous accompagner Quand ?Du lundi au vendredi sur rendez-vousLe mardi et le jeudi, de 9h00 à 11h00 sans rendez-vous Où ?Rue des Potalles 16, 4577 Modave
