{"id":17963,"date":"2026-01-14T15:02:38","date_gmt":"2026-01-14T14:02:38","guid":{"rendered":"https:\/\/www.modave.be\/?post_type=services_communaux&#038;p=17963"},"modified":"2026-01-14T15:02:39","modified_gmt":"2026-01-14T14:02:39","slug":"exercice-militaire-29-janvier-2026","status":"publish","type":"services_communaux","link":"https:\/\/www.modave.be\/index.php\/services_communaux\/exercice-militaire-29-janvier-2026\/","title":{"rendered":"Exercice militaire | 29 janvier 2026"},"content":{"rendered":"\n<h2 class=\"wp-block-heading\">Exercice militaire | 29 janvier 2026<\/h2>\n\n\n\n<p>Un exercice d\u2019orientation et d\u2019appr\u00e9ciation tactique se d\u00e9roulera le mercredi 29 janvier 2026 dans la r\u00e9gion, sans danger pour la population.<\/p>\n\n\n\n<ul class=\"wp-block-list\">\n<li>Il s\u2019agit d\u2019un exercice d\u2019entra\u00eenement encadr\u00e9 par une unit\u00e9 de l\u2019arm\u00e9e belge.<\/li>\n\n\n\n<li>La pr\u00e9sence de v\u00e9hicules militaires est possible sur certaines voiries.<\/li>\n\n\n\n<li>Aucune arme ne sera utilis\u00e9e et les activit\u00e9s se d\u00e9rouleront dans le respect des propri\u00e9t\u00e9s priv\u00e9es et des r\u00e8gles de s\u00e9curit\u00e9.<\/li>\n<\/ul>\n\n\n\n<p>Merci de votre compr\u00e9hension si vous deviez croiser les \u00e9quipes sur le terrain.<\/p>\n\n\n\n<p><\/p>\n","protected":false},"excerpt":{"rendered":"<p>Exercice militaire | 29 janvier 2026 Un exercice d\u2019orientation et d\u2019appr\u00e9ciation tactique se d\u00e9roulera le mercredi 29 janvier 2026 dans la r\u00e9gion, sans danger pour la population. Merci de votre compr\u00e9hension si vous deviez croiser les \u00e9quipes sur le terrain.<\/p>\n","protected":false},"author":9,"featured_media":17965,"menu_order":1,"template":"","categories":[1],"class_list":["post-17963","services_communaux","type-services_communaux","status-publish","has-post-thumbnail","hentry","category-non-classe","description-off"],"yoast_head":"<!-- This site is optimized with the Yoast SEO plugin v27.4 - https:\/\/yoast.com\/product\/yoast-seo-wordpress\/ -->\n<title>Exercice militaire | 29 janvier 2026 - Commune de Modave<\/title>\n<meta name=\"robots\" content=\"index, follow, max-snippet:-1, max-image-preview:large, max-video-preview:-1\" \/>\n<link rel=\"canonical\" href=\"https:\/\/www.modave.be\/index.php\/services_communaux\/exercice-militaire-29-janvier-2026\/\" \/>\n<meta property=\"og:locale\" content=\"fr_FR\" \/>\n<meta property=\"og:type\" content=\"article\" \/>\n<meta property=\"og:title\" content=\"Exercice militaire | 29 janvier 2026 - Commune de Modave\" \/>\n<meta property=\"og:description\" content=\"Exercice militaire | 29 janvier 2026 Un exercice d\u2019orientation et d\u2019appr\u00e9ciation tactique se d\u00e9roulera le mercredi 29 janvier 2026 dans la r\u00e9gion, sans danger pour la population. Merci de votre compr\u00e9hension si vous deviez croiser les \u00e9quipes sur le terrain.\" \/>\n<meta property=\"og:url\" content=\"https:\/\/www.modave.be\/index.php\/services_communaux\/exercice-militaire-29-janvier-2026\/\" \/>\n<meta property=\"og:site_name\" content=\"Commune de Modave\" \/>\n<meta property=\"article:modified_time\" content=\"2026-01-14T14:02:39+00:00\" \/>\n<meta property=\"og:image\" content=\"https:\/\/www.modave.be\/wp-content\/uploads\/2026\/01\/Tactique-e1768399332642.jpg\" \/>\n\t<meta property=\"og:image:width\" content=\"1080\" \/>\n\t<meta property=\"og:image:height\" content=\"540\" \/>\n\t<meta property=\"og:image:type\" content=\"image\/jpeg\" \/>\n<meta name=\"twitter:card\" content=\"summary_large_image\" \/>\n<meta name=\"twitter:label1\" content=\"Dur\u00e9e de lecture estim\u00e9e\" \/>\n\t<meta name=\"twitter:data1\" content=\"1 minute\" \/>\n<script type=\"application\/ld+json\" class=\"yoast-schema-graph\">{\"@context\":\"https:\\\/\\\/schema.org\",\"@graph\":[{\"@type\":\"WebPage\",\"@id\":\"https:\\\/\\\/www.modave.be\\\/index.php\\\/services_communaux\\\/exercice-militaire-29-janvier-2026\\\/\",\"url\":\"https:\\\/\\\/www.modave.be\\\/index.php\\\/services_communaux\\\/exercice-militaire-29-janvier-2026\\\/\",\"name\":\"Exercice militaire | 29 janvier 2026 - Commune de Modave\",\"isPartOf\":{\"@id\":\"https:\\\/\\\/www.modave.be\\\/#website\"},\"primaryImageOfPage\":{\"@id\":\"https:\\\/\\\/www.modave.be\\\/index.php\\\/services_communaux\\\/exercice-militaire-29-janvier-2026\\\/#primaryimage\"},\"image\":{\"@id\":\"https:\\\/\\\/www.modave.be\\\/index.php\\\/services_communaux\\\/exercice-militaire-29-janvier-2026\\\/#primaryimage\"},\"thumbnailUrl\":\"https:\\\/\\\/www.modave.be\\\/wp-content\\\/uploads\\\/2026\\\/01\\\/Tactique-e1768399332642.jpg\",\"datePublished\":\"2026-01-14T14:02:38+00:00\",\"dateModified\":\"2026-01-14T14:02:39+00:00\",\"breadcrumb\":{\"@id\":\"https:\\\/\\\/www.modave.be\\\/index.php\\\/services_communaux\\\/exercice-militaire-29-janvier-2026\\\/#breadcrumb\"},\"inLanguage\":\"fr-FR\",\"potentialAction\":[{\"@type\":\"ReadAction\",\"target\":[\"https:\\\/\\\/www.modave.be\\\/index.php\\\/services_communaux\\\/exercice-militaire-29-janvier-2026\\\/\"]}]},{\"@type\":\"ImageObject\",\"inLanguage\":\"fr-FR\",\"@id\":\"https:\\\/\\\/www.modave.be\\\/index.php\\\/services_communaux\\\/exercice-militaire-29-janvier-2026\\\/#primaryimage\",\"url\":\"https:\\\/\\\/www.modave.be\\\/wp-content\\\/uploads\\\/2026\\\/01\\\/Tactique-e1768399332642.jpg\",\"contentUrl\":\"https:\\\/\\\/www.modave.be\\\/wp-content\\\/uploads\\\/2026\\\/01\\\/Tactique-e1768399332642.jpg\",\"width\":1080,\"height\":540},{\"@type\":\"BreadcrumbList\",\"@id\":\"https:\\\/\\\/www.modave.be\\\/index.php\\\/services_communaux\\\/exercice-militaire-29-janvier-2026\\\/#breadcrumb\",\"itemListElement\":[{\"@type\":\"ListItem\",\"position\":1,\"name\":\"Accueil\",\"item\":\"https:\\\/\\\/www.modave.be\\\/\"},{\"@type\":\"ListItem\",\"position\":2,\"name\":\"Exercice militaire | 29 janvier 2026\"}]},{\"@type\":\"WebSite\",\"@id\":\"https:\\\/\\\/www.modave.be\\\/#website\",\"url\":\"https:\\\/\\\/www.modave.be\\\/\",\"name\":\"Commune de Modave\",\"description\":\"Commune de Modave\",\"publisher\":{\"@id\":\"https:\\\/\\\/www.modave.be\\\/#organization\"},\"potentialAction\":[{\"@type\":\"SearchAction\",\"target\":{\"@type\":\"EntryPoint\",\"urlTemplate\":\"https:\\\/\\\/www.modave.be\\\/?s={search_term_string}\"},\"query-input\":{\"@type\":\"PropertyValueSpecification\",\"valueRequired\":true,\"valueName\":\"search_term_string\"}}],\"inLanguage\":\"fr-FR\"},{\"@type\":\"Organization\",\"@id\":\"https:\\\/\\\/www.modave.be\\\/#organization\",\"name\":\"Commune de Modave\",\"url\":\"https:\\\/\\\/www.modave.be\\\/\",\"logo\":{\"@type\":\"ImageObject\",\"inLanguage\":\"fr-FR\",\"@id\":\"https:\\\/\\\/www.modave.be\\\/#\\\/schema\\\/logo\\\/image\\\/\",\"url\":\"https:\\\/\\\/www.modave.be\\\/wp-content\\\/uploads\\\/2021\\\/12\\\/MODAVE_LOGO_HORIZONTAL_QUADRI_RVB.png\",\"contentUrl\":\"https:\\\/\\\/www.modave.be\\\/wp-content\\\/uploads\\\/2021\\\/12\\\/MODAVE_LOGO_HORIZONTAL_QUADRI_RVB.png\",\"width\":1200,\"height\":501,\"caption\":\"Commune de Modave\"},\"image\":{\"@id\":\"https:\\\/\\\/www.modave.be\\\/#\\\/schema\\\/logo\\\/image\\\/\"}}]}<\/script>\n<!-- \/ Yoast SEO plugin. -->","yoast_head_json":{"title":"Exercice militaire | 29 janvier 2026 - Commune de Modave","robots":{"index":"index","follow":"follow","max-snippet":"max-snippet:-1","max-image-preview":"max-image-preview:large","max-video-preview":"max-video-preview:-1"},"canonical":"https:\/\/www.modave.be\/index.php\/services_communaux\/exercice-militaire-29-janvier-2026\/","og_locale":"fr_FR","og_type":"article","og_title":"Exercice militaire | 29 janvier 2026 - Commune de Modave","og_description":"Exercice militaire | 29 janvier 2026 Un exercice d\u2019orientation et d\u2019appr\u00e9ciation tactique se d\u00e9roulera le mercredi 29 janvier 2026 dans la r\u00e9gion, sans danger pour la population. Merci de votre compr\u00e9hension si vous deviez croiser les \u00e9quipes sur le terrain.","og_url":"https:\/\/www.modave.be\/index.php\/services_communaux\/exercice-militaire-29-janvier-2026\/","og_site_name":"Commune de Modave","article_modified_time":"2026-01-14T14:02:39+00:00","og_image":[{"width":1080,"height":540,"url":"https:\/\/www.modave.be\/wp-content\/uploads\/2026\/01\/Tactique-e1768399332642.jpg","type":"image\/jpeg"}],"twitter_card":"summary_large_image","twitter_misc":{"Dur\u00e9e de lecture estim\u00e9e":"1 minute"},"schema":{"@context":"https:\/\/schema.org","@graph":[{"@type":"WebPage","@id":"https:\/\/www.modave.be\/index.php\/services_communaux\/exercice-militaire-29-janvier-2026\/","url":"https:\/\/www.modave.be\/index.php\/services_communaux\/exercice-militaire-29-janvier-2026\/","name":"Exercice militaire | 29 janvier 2026 - Commune de Modave","isPartOf":{"@id":"https:\/\/www.modave.be\/#website"},"primaryImageOfPage":{"@id":"https:\/\/www.modave.be\/index.php\/services_communaux\/exercice-militaire-29-janvier-2026\/#primaryimage"},"image":{"@id":"https:\/\/www.modave.be\/index.php\/services_communaux\/exercice-militaire-29-janvier-2026\/#primaryimage"},"thumbnailUrl":"https:\/\/www.modave.be\/wp-content\/uploads\/2026\/01\/Tactique-e1768399332642.jpg","datePublished":"2026-01-14T14:02:38+00:00","dateModified":"2026-01-14T14:02:39+00:00","breadcrumb":{"@id":"https:\/\/www.modave.be\/index.php\/services_communaux\/exercice-militaire-29-janvier-2026\/#breadcrumb"},"inLanguage":"fr-FR","potentialAction":[{"@type":"ReadAction","target":["https:\/\/www.modave.be\/index.php\/services_communaux\/exercice-militaire-29-janvier-2026\/"]}]},{"@type":"ImageObject","inLanguage":"fr-FR","@id":"https:\/\/www.modave.be\/index.php\/services_communaux\/exercice-militaire-29-janvier-2026\/#primaryimage","url":"https:\/\/www.modave.be\/wp-content\/uploads\/2026\/01\/Tactique-e1768399332642.jpg","contentUrl":"https:\/\/www.modave.be\/wp-content\/uploads\/2026\/01\/Tactique-e1768399332642.jpg","width":1080,"height":540},{"@type":"BreadcrumbList","@id":"https:\/\/www.modave.be\/index.php\/services_communaux\/exercice-militaire-29-janvier-2026\/#breadcrumb","itemListElement":[{"@type":"ListItem","position":1,"name":"Accueil","item":"https:\/\/www.modave.be\/"},{"@type":"ListItem","position":2,"name":"Exercice militaire | 29 janvier 2026"}]},{"@type":"WebSite","@id":"https:\/\/www.modave.be\/#website","url":"https:\/\/www.modave.be\/","name":"Commune de Modave","description":"Commune de Modave","publisher":{"@id":"https:\/\/www.modave.be\/#organization"},"potentialAction":[{"@type":"SearchAction","target":{"@type":"EntryPoint","urlTemplate":"https:\/\/www.modave.be\/?s={search_term_string}"},"query-input":{"@type":"PropertyValueSpecification","valueRequired":true,"valueName":"search_term_string"}}],"inLanguage":"fr-FR"},{"@type":"Organization","@id":"https:\/\/www.modave.be\/#organization","name":"Commune de Modave","url":"https:\/\/www.modave.be\/","logo":{"@type":"ImageObject","inLanguage":"fr-FR","@id":"https:\/\/www.modave.be\/#\/schema\/logo\/image\/","url":"https:\/\/www.modave.be\/wp-content\/uploads\/2021\/12\/MODAVE_LOGO_HORIZONTAL_QUADRI_RVB.png","contentUrl":"https:\/\/www.modave.be\/wp-content\/uploads\/2021\/12\/MODAVE_LOGO_HORIZONTAL_QUADRI_RVB.png","width":1200,"height":501,"caption":"Commune de Modave"},"image":{"@id":"https:\/\/www.modave.be\/#\/schema\/logo\/image\/"}}]}},"_links":{"self":[{"href":"https:\/\/www.modave.be\/index.php\/wp-json\/wp\/v2\/services_communaux\/17963","targetHints":{"allow":["GET"]}}],"collection":[{"href":"https:\/\/www.modave.be\/index.php\/wp-json\/wp\/v2\/services_communaux"}],"about":[{"href":"https:\/\/www.modave.be\/index.php\/wp-json\/wp\/v2\/types\/services_communaux"}],"author":[{"embeddable":true,"href":"https:\/\/www.modave.be\/index.php\/wp-json\/wp\/v2\/users\/9"}],"wp:featuredmedia":[{"embeddable":true,"href":"https:\/\/www.modave.be\/index.php\/wp-json\/wp\/v2\/media\/17965"}],"wp:attachment":[{"href":"https:\/\/www.modave.be\/index.php\/wp-json\/wp\/v2\/media?parent=17963"}],"wp:term":[{"taxonomy":"category","embeddable":true,"href":"https:\/\/www.modave.be\/index.php\/wp-json\/wp\/v2\/categories?post=17963"}],"curies":[{"name":"wp","href":"https:\/\/api.w.org\/{rel}","templated":true}]}}

<h2 class="wp-block-heading">Exercice militaire | 29 janvier 2026</h2>



<p>Un exercice d’orientation et d’appréciation tactique se déroulera le mercredi 29 janvier 2026 dans la région, sans danger pour la population.</p>



<ul class="wp-block-list">
<li>Il s’agit d’un exercice d’entraînement encadré par une unité de l’armée belge.</li>



<li>La présence de véhicules militaires est possible sur certaines voiries.</li>



<li>Aucune arme ne sera utilisée et les activités se dérouleront dans le respect des propriétés privées et des règles de sécurité.</li>
</ul>



<p>Merci de votre compréhension si vous deviez croiser les équipes sur le terrain.</p>



<p></p>

<p>Exercice militaire | 29 janvier 2026 Un exercice d’orientation et d’appréciation tactique se déroulera le mercredi 29 janvier 2026 dans la région, sans danger pour la population. Merci de votre compréhension si vous deviez croiser les équipes sur le terrain.</p>

<!-- This site is optimized with the Yoast SEO plugin v27.4 - https://yoast.com/product/yoast-seo-wordpress/ -->
<title>Exercice militaire | 29 janvier 2026 - Commune de Modave</title>
<meta name="robots" content="index, follow, max-snippet:-1, max-image-preview:large, max-video-preview:-1" />
<link rel="canonical" href="https://www.modave.be/index.php/services_communaux/exercice-militaire-29-janvier-2026/" />
<meta property="og:locale" content="fr_FR" />
<meta property="og:type" content="article" />
<meta property="og:title" content="Exercice militaire | 29 janvier 2026 - Commune de Modave" />
<meta property="og:description" content="Exercice militaire | 29 janvier 2026 Un exercice d’orientation et d’appréciation tactique se déroulera le mercredi 29 janvier 2026 dans la région, sans danger pour la population. Merci de votre compréhension si vous deviez croiser les équipes sur le terrain." />
<meta property="og:url" content="https://www.modave.be/index.php/services_communaux/exercice-militaire-29-janvier-2026/" />
<meta property="og:site_name" content="Commune de Modave" />
<meta property="article:modified_time" content="2026-01-14T14:02:39+00:00" />
<meta property="og:image" content="https://www.modave.be/wp-content/uploads/2026/01/Tactique-e1768399332642.jpg" />
	<meta property="og:image:width" content="1080" />
	<meta property="og:image:height" content="540" />
	<meta property="og:image:type" content="image/jpeg" />
<meta name="twitter:card" content="summary_large_image" />
<meta name="twitter:label1" content="Durée de lecture estimée" />
	<meta name="twitter:data1" content="1 minute" />
<script type="application/ld+json" class="yoast-schema-graph">{"@context":"https:\/\/schema.org","@graph":[{"@type":"WebPage","@id":"https:\/\/www.modave.be\/index.php\/services_communaux\/exercice-militaire-29-janvier-2026\/","url":"https:\/\/www.modave.be\/index.php\/services_communaux\/exercice-militaire-29-janvier-2026\/","name":"Exercice militaire | 29 janvier 2026 - Commune de Modave","isPartOf":{"@id":"https:\/\/www.modave.be\/#website"},"primaryImageOfPage":{"@id":"https:\/\/www.modave.be\/index.php\/services_communaux\/exercice-militaire-29-janvier-2026\/#primaryimage"},"image":{"@id":"https:\/\/www.modave.be\/index.php\/services_communaux\/exercice-militaire-29-janvier-2026\/#primaryimage"},"thumbnailUrl":"https:\/\/www.modave.be\/wp-content\/uploads\/2026\/01\/Tactique-e1768399332642.jpg","datePublished":"2026-01-14T14:02:38+00:00","dateModified":"2026-01-14T14:02:39+00:00","breadcrumb":{"@id":"https:\/\/www.modave.be\/index.php\/services_communaux\/exercice-militaire-29-janvier-2026\/#breadcrumb"},"inLanguage":"fr-FR","potentialAction":[{"@type":"ReadAction","target":["https:\/\/www.modave.be\/index.php\/services_communaux\/exercice-militaire-29-janvier-2026\/"]}]},{"@type":"ImageObject","inLanguage":"fr-FR","@id":"https:\/\/www.modave.be\/index.php\/services_communaux\/exercice-militaire-29-janvier-2026\/#primaryimage","url":"https:\/\/www.modave.be\/wp-content\/uploads\/2026\/01\/Tactique-e1768399332642.jpg","contentUrl":"https:\/\/www.modave.be\/wp-content\/uploads\/2026\/01\/Tactique-e1768399332642.jpg","width":1080,"height":540},{"@type":"BreadcrumbList","@id":"https:\/\/www.modave.be\/index.php\/services_communaux\/exercice-militaire-29-janvier-2026\/#breadcrumb","itemListElement":[{"@type":"ListItem","position":1,"name":"Accueil","item":"https:\/\/www.modave.be\/"},{"@type":"ListItem","position":2,"name":"Exercice militaire | 29 janvier 2026"}]},{"@type":"WebSite","@id":"https:\/\/www.modave.be\/#website","url":"https:\/\/www.modave.be\/","name":"Commune de Modave","description":"Commune de Modave","publisher":{"@id":"https:\/\/www.modave.be\/#organization"},"potentialAction":[{"@type":"SearchAction","target":{"@type":"EntryPoint","urlTemplate":"https:\/\/www.modave.be\/?s={search_term_string}"},"query-input":{"@type":"PropertyValueSpecification","valueRequired":true,"valueName":"search_term_string"}}],"inLanguage":"fr-FR"},{"@type":"Organization","@id":"https:\/\/www.modave.be\/#organization","name":"Commune de Modave","url":"https:\/\/www.modave.be\/","logo":{"@type":"ImageObject","inLanguage":"fr-FR","@id":"https:\/\/www.modave.be\/#\/schema\/logo\/image\/","url":"https:\/\/www.modave.be\/wp-content\/uploads\/2021\/12\/MODAVE_LOGO_HORIZONTAL_QUADRI_RVB.png","contentUrl":"https:\/\/www.modave.be\/wp-content\/uploads\/2021\/12\/MODAVE_LOGO_HORIZONTAL_QUADRI_RVB.png","width":1200,"height":501,"caption":"Commune de Modave"},"image":{"@id":"https:\/\/www.modave.be\/#\/schema\/logo\/image\/"}}]}</script>
<!-- / Yoast SEO plugin. -->

Exercice militaire | 29 janvier 2026 Un exercice d’orientation et d’appréciation tactique se déroulera le mercredi 29 janvier 2026 dans la région, sans danger pour la population. Merci de votre compréhension si vous deviez croiser les équipes sur le terrain.
