{"id":17985,"date":"2026-01-21T12:21:34","date_gmt":"2026-01-21T11:21:34","guid":{"rendered":"https:\/\/www.modave.be\/?post_type=services_communaux&#038;p=17985"},"modified":"2026-01-21T12:23:36","modified_gmt":"2026-01-21T11:23:36","slug":"collecte-de-rattrapage-aujourdhui","status":"publish","type":"services_communaux","link":"https:\/\/www.modave.be\/index.php\/services_communaux\/collecte-de-rattrapage-aujourdhui\/","title":{"rendered":"Collecte de rattrapage aujourd\u2019hui"},"content":{"rendered":"\n<h2 class=\"wp-block-heading\">Collecte de rattrapage aujourd\u2019hui<\/h2>\n\n\n\n<p>Une collecte de rattrapage est organis\u00e9e aujourd\u2019hui pour les poubelles noires et les d\u00e9chets organiques qui n\u2019ont pas pu \u00eatre collect\u00e9s ce mardi \u00e0 Vierset.<\/p>\n\n\n\n<blockquote class=\"wp-block-quote is-layout-flow wp-block-quote-is-layout-flow\">\n<p>Votre poubelle n\u2019a pas \u00e9t\u00e9 collect\u00e9e ?<br><a href=\"https:\/\/www.intradel.be\/trier-ses-dechets\/les-collectes-en-porte-a-porte-1\/collecte.htm?lng=fr\">https:\/\/www.intradel.be\/trier-ses-dechets\/les-collectes-en-porte-a-porte-1\/collecte.htm?lng=fr<\/a><br>Intradel : +32 (4) 240 74 74<\/p>\n<\/blockquote>\n\n\n\n<p>Merci pour votre attention.<\/p>\n\n\n\n<figure class=\"wp-block-image size-large\"><img fetchpriority=\"high\" decoding=\"async\" width=\"1024\" height=\"1024\" src=\"https:\/\/www.modave.be\/wp-content\/uploads\/2026\/01\/Environnement-1024x1024.jpg\" alt=\"\" class=\"wp-image-17987\" srcset=\"https:\/\/www.modave.be\/wp-content\/uploads\/2026\/01\/Environnement-1024x1024.jpg 1024w, https:\/\/www.modave.be\/wp-content\/uploads\/2026\/01\/Environnement-300x300.jpg 300w, https:\/\/www.modave.be\/wp-content\/uploads\/2026\/01\/Environnement-150x150.jpg 150w, https:\/\/www.modave.be\/wp-content\/uploads\/2026\/01\/Environnement-768x768.jpg 768w, https:\/\/www.modave.be\/wp-content\/uploads\/2026\/01\/Environnement.jpg 1080w\" sizes=\"(max-width: 1024px) 100vw, 1024px\" \/><\/figure>\n","protected":false},"excerpt":{"rendered":"<p>Collecte de rattrapage aujourd\u2019hui Une collecte de rattrapage est organis\u00e9e aujourd\u2019hui pour les poubelles noires et les d\u00e9chets organiques qui n\u2019ont pas pu \u00eatre collect\u00e9s ce mardi \u00e0 Vierset. Votre poubelle n\u2019a pas \u00e9t\u00e9 collect\u00e9e ?https:\/\/www.intradel.be\/trier-ses-dechets\/les-collectes-en-porte-a-porte-1\/collecte.htm?lng=frIntradel : +32 (4) 240 74 74 Merci pour votre attention.<\/p>\n","protected":false},"author":9,"featured_media":17565,"menu_order":0,"template":"","categories":[224],"class_list":["post-17985","services_communaux","type-services_communaux","status-publish","has-post-thumbnail","hentry","category-intradel","description-off"],"yoast_head":"<!-- This site is optimized with the Yoast SEO plugin v27.4 - https:\/\/yoast.com\/product\/yoast-seo-wordpress\/ -->\n<title>Collecte de rattrapage aujourd\u2019hui - Commune de Modave<\/title>\n<meta name=\"robots\" content=\"index, follow, max-snippet:-1, max-image-preview:large, max-video-preview:-1\" \/>\n<link rel=\"canonical\" href=\"https:\/\/www.modave.be\/index.php\/services_communaux\/collecte-de-rattrapage-aujourdhui\/\" \/>\n<meta property=\"og:locale\" content=\"fr_FR\" \/>\n<meta property=\"og:type\" content=\"article\" \/>\n<meta property=\"og:title\" content=\"Collecte de rattrapage aujourd\u2019hui - Commune de Modave\" \/>\n<meta property=\"og:description\" content=\"Collecte de rattrapage aujourd\u2019hui Une collecte de rattrapage est organis\u00e9e aujourd\u2019hui pour les poubelles noires et les d\u00e9chets organiques qui n\u2019ont pas pu \u00eatre collect\u00e9s ce mardi \u00e0 Vierset. Votre poubelle n\u2019a pas \u00e9t\u00e9 collect\u00e9e ?https:\/\/www.intradel.be\/trier-ses-dechets\/les-collectes-en-porte-a-porte-1\/collecte.htm?lng=frIntradel : +32 (4) 240 74 74 Merci pour votre attention.\" \/>\n<meta property=\"og:url\" content=\"https:\/\/www.modave.be\/index.php\/services_communaux\/collecte-de-rattrapage-aujourdhui\/\" \/>\n<meta property=\"og:site_name\" content=\"Commune de Modave\" \/>\n<meta property=\"article:modified_time\" content=\"2026-01-21T11:23:36+00:00\" \/>\n<meta property=\"og:image\" content=\"https:\/\/www.modave.be\/wp-content\/uploads\/2026\/01\/Collecte-e1767781746736.jpg\" \/>\n\t<meta property=\"og:image:width\" content=\"1080\" \/>\n\t<meta property=\"og:image:height\" content=\"540\" \/>\n\t<meta property=\"og:image:type\" content=\"image\/jpeg\" \/>\n<meta name=\"twitter:card\" content=\"summary_large_image\" \/>\n<script type=\"application\/ld+json\" class=\"yoast-schema-graph\">{\"@context\":\"https:\\\/\\\/schema.org\",\"@graph\":[{\"@type\":\"WebPage\",\"@id\":\"https:\\\/\\\/www.modave.be\\\/index.php\\\/services_communaux\\\/collecte-de-rattrapage-aujourdhui\\\/\",\"url\":\"https:\\\/\\\/www.modave.be\\\/index.php\\\/services_communaux\\\/collecte-de-rattrapage-aujourdhui\\\/\",\"name\":\"Collecte de rattrapage aujourd\u2019hui - Commune de Modave\",\"isPartOf\":{\"@id\":\"https:\\\/\\\/www.modave.be\\\/#website\"},\"primaryImageOfPage\":{\"@id\":\"https:\\\/\\\/www.modave.be\\\/index.php\\\/services_communaux\\\/collecte-de-rattrapage-aujourdhui\\\/#primaryimage\"},\"image\":{\"@id\":\"https:\\\/\\\/www.modave.be\\\/index.php\\\/services_communaux\\\/collecte-de-rattrapage-aujourdhui\\\/#primaryimage\"},\"thumbnailUrl\":\"https:\\\/\\\/www.modave.be\\\/wp-content\\\/uploads\\\/2026\\\/01\\\/Collecte-e1767781746736.jpg\",\"datePublished\":\"2026-01-21T11:21:34+00:00\",\"dateModified\":\"2026-01-21T11:23:36+00:00\",\"breadcrumb\":{\"@id\":\"https:\\\/\\\/www.modave.be\\\/index.php\\\/services_communaux\\\/collecte-de-rattrapage-aujourdhui\\\/#breadcrumb\"},\"inLanguage\":\"fr-FR\",\"potentialAction\":[{\"@type\":\"ReadAction\",\"target\":[\"https:\\\/\\\/www.modave.be\\\/index.php\\\/services_communaux\\\/collecte-de-rattrapage-aujourdhui\\\/\"]}]},{\"@type\":\"ImageObject\",\"inLanguage\":\"fr-FR\",\"@id\":\"https:\\\/\\\/www.modave.be\\\/index.php\\\/services_communaux\\\/collecte-de-rattrapage-aujourdhui\\\/#primaryimage\",\"url\":\"https:\\\/\\\/www.modave.be\\\/wp-content\\\/uploads\\\/2026\\\/01\\\/Collecte-e1767781746736.jpg\",\"contentUrl\":\"https:\\\/\\\/www.modave.be\\\/wp-content\\\/uploads\\\/2026\\\/01\\\/Collecte-e1767781746736.jpg\",\"width\":1080,\"height\":540},{\"@type\":\"BreadcrumbList\",\"@id\":\"https:\\\/\\\/www.modave.be\\\/index.php\\\/services_communaux\\\/collecte-de-rattrapage-aujourdhui\\\/#breadcrumb\",\"itemListElement\":[{\"@type\":\"ListItem\",\"position\":1,\"name\":\"Accueil\",\"item\":\"https:\\\/\\\/www.modave.be\\\/\"},{\"@type\":\"ListItem\",\"position\":2,\"name\":\"Collecte de rattrapage aujourd\u2019hui\"}]},{\"@type\":\"WebSite\",\"@id\":\"https:\\\/\\\/www.modave.be\\\/#website\",\"url\":\"https:\\\/\\\/www.modave.be\\\/\",\"name\":\"Commune de Modave\",\"description\":\"Commune de Modave\",\"publisher\":{\"@id\":\"https:\\\/\\\/www.modave.be\\\/#organization\"},\"potentialAction\":[{\"@type\":\"SearchAction\",\"target\":{\"@type\":\"EntryPoint\",\"urlTemplate\":\"https:\\\/\\\/www.modave.be\\\/?s={search_term_string}\"},\"query-input\":{\"@type\":\"PropertyValueSpecification\",\"valueRequired\":true,\"valueName\":\"search_term_string\"}}],\"inLanguage\":\"fr-FR\"},{\"@type\":\"Organization\",\"@id\":\"https:\\\/\\\/www.modave.be\\\/#organization\",\"name\":\"Commune de Modave\",\"url\":\"https:\\\/\\\/www.modave.be\\\/\",\"logo\":{\"@type\":\"ImageObject\",\"inLanguage\":\"fr-FR\",\"@id\":\"https:\\\/\\\/www.modave.be\\\/#\\\/schema\\\/logo\\\/image\\\/\",\"url\":\"https:\\\/\\\/www.modave.be\\\/wp-content\\\/uploads\\\/2021\\\/12\\\/MODAVE_LOGO_HORIZONTAL_QUADRI_RVB.png\",\"contentUrl\":\"https:\\\/\\\/www.modave.be\\\/wp-content\\\/uploads\\\/2021\\\/12\\\/MODAVE_LOGO_HORIZONTAL_QUADRI_RVB.png\",\"width\":1200,\"height\":501,\"caption\":\"Commune de Modave\"},\"image\":{\"@id\":\"https:\\\/\\\/www.modave.be\\\/#\\\/schema\\\/logo\\\/image\\\/\"}}]}<\/script>\n<!-- \/ Yoast SEO plugin. -->","yoast_head_json":{"title":"Collecte de rattrapage aujourd\u2019hui - Commune de Modave","robots":{"index":"index","follow":"follow","max-snippet":"max-snippet:-1","max-image-preview":"max-image-preview:large","max-video-preview":"max-video-preview:-1"},"canonical":"https:\/\/www.modave.be\/index.php\/services_communaux\/collecte-de-rattrapage-aujourdhui\/","og_locale":"fr_FR","og_type":"article","og_title":"Collecte de rattrapage aujourd\u2019hui - Commune de Modave","og_description":"Collecte de rattrapage aujourd\u2019hui Une collecte de rattrapage est organis\u00e9e aujourd\u2019hui pour les poubelles noires et les d\u00e9chets organiques qui n\u2019ont pas pu \u00eatre collect\u00e9s ce mardi \u00e0 Vierset. Votre poubelle n\u2019a pas \u00e9t\u00e9 collect\u00e9e ?https:\/\/www.intradel.be\/trier-ses-dechets\/les-collectes-en-porte-a-porte-1\/collecte.htm?lng=frIntradel : +32 (4) 240 74 74 Merci pour votre attention.","og_url":"https:\/\/www.modave.be\/index.php\/services_communaux\/collecte-de-rattrapage-aujourdhui\/","og_site_name":"Commune de Modave","article_modified_time":"2026-01-21T11:23:36+00:00","og_image":[{"width":1080,"height":540,"url":"https:\/\/www.modave.be\/wp-content\/uploads\/2026\/01\/Collecte-e1767781746736.jpg","type":"image\/jpeg"}],"twitter_card":"summary_large_image","schema":{"@context":"https:\/\/schema.org","@graph":[{"@type":"WebPage","@id":"https:\/\/www.modave.be\/index.php\/services_communaux\/collecte-de-rattrapage-aujourdhui\/","url":"https:\/\/www.modave.be\/index.php\/services_communaux\/collecte-de-rattrapage-aujourdhui\/","name":"Collecte de rattrapage aujourd\u2019hui - Commune de Modave","isPartOf":{"@id":"https:\/\/www.modave.be\/#website"},"primaryImageOfPage":{"@id":"https:\/\/www.modave.be\/index.php\/services_communaux\/collecte-de-rattrapage-aujourdhui\/#primaryimage"},"image":{"@id":"https:\/\/www.modave.be\/index.php\/services_communaux\/collecte-de-rattrapage-aujourdhui\/#primaryimage"},"thumbnailUrl":"https:\/\/www.modave.be\/wp-content\/uploads\/2026\/01\/Collecte-e1767781746736.jpg","datePublished":"2026-01-21T11:21:34+00:00","dateModified":"2026-01-21T11:23:36+00:00","breadcrumb":{"@id":"https:\/\/www.modave.be\/index.php\/services_communaux\/collecte-de-rattrapage-aujourdhui\/#breadcrumb"},"inLanguage":"fr-FR","potentialAction":[{"@type":"ReadAction","target":["https:\/\/www.modave.be\/index.php\/services_communaux\/collecte-de-rattrapage-aujourdhui\/"]}]},{"@type":"ImageObject","inLanguage":"fr-FR","@id":"https:\/\/www.modave.be\/index.php\/services_communaux\/collecte-de-rattrapage-aujourdhui\/#primaryimage","url":"https:\/\/www.modave.be\/wp-content\/uploads\/2026\/01\/Collecte-e1767781746736.jpg","contentUrl":"https:\/\/www.modave.be\/wp-content\/uploads\/2026\/01\/Collecte-e1767781746736.jpg","width":1080,"height":540},{"@type":"BreadcrumbList","@id":"https:\/\/www.modave.be\/index.php\/services_communaux\/collecte-de-rattrapage-aujourdhui\/#breadcrumb","itemListElement":[{"@type":"ListItem","position":1,"name":"Accueil","item":"https:\/\/www.modave.be\/"},{"@type":"ListItem","position":2,"name":"Collecte de rattrapage aujourd\u2019hui"}]},{"@type":"WebSite","@id":"https:\/\/www.modave.be\/#website","url":"https:\/\/www.modave.be\/","name":"Commune de Modave","description":"Commune de Modave","publisher":{"@id":"https:\/\/www.modave.be\/#organization"},"potentialAction":[{"@type":"SearchAction","target":{"@type":"EntryPoint","urlTemplate":"https:\/\/www.modave.be\/?s={search_term_string}"},"query-input":{"@type":"PropertyValueSpecification","valueRequired":true,"valueName":"search_term_string"}}],"inLanguage":"fr-FR"},{"@type":"Organization","@id":"https:\/\/www.modave.be\/#organization","name":"Commune de Modave","url":"https:\/\/www.modave.be\/","logo":{"@type":"ImageObject","inLanguage":"fr-FR","@id":"https:\/\/www.modave.be\/#\/schema\/logo\/image\/","url":"https:\/\/www.modave.be\/wp-content\/uploads\/2021\/12\/MODAVE_LOGO_HORIZONTAL_QUADRI_RVB.png","contentUrl":"https:\/\/www.modave.be\/wp-content\/uploads\/2021\/12\/MODAVE_LOGO_HORIZONTAL_QUADRI_RVB.png","width":1200,"height":501,"caption":"Commune de Modave"},"image":{"@id":"https:\/\/www.modave.be\/#\/schema\/logo\/image\/"}}]}},"_links":{"self":[{"href":"https:\/\/www.modave.be\/index.php\/wp-json\/wp\/v2\/services_communaux\/17985","targetHints":{"allow":["GET"]}}],"collection":[{"href":"https:\/\/www.modave.be\/index.php\/wp-json\/wp\/v2\/services_communaux"}],"about":[{"href":"https:\/\/www.modave.be\/index.php\/wp-json\/wp\/v2\/types\/services_communaux"}],"author":[{"embeddable":true,"href":"https:\/\/www.modave.be\/index.php\/wp-json\/wp\/v2\/users\/9"}],"wp:featuredmedia":[{"embeddable":true,"href":"https:\/\/www.modave.be\/index.php\/wp-json\/wp\/v2\/media\/17565"}],"wp:attachment":[{"href":"https:\/\/www.modave.be\/index.php\/wp-json\/wp\/v2\/media?parent=17985"}],"wp:term":[{"taxonomy":"category","embeddable":true,"href":"https:\/\/www.modave.be\/index.php\/wp-json\/wp\/v2\/categories?post=17985"}],"curies":[{"name":"wp","href":"https:\/\/api.w.org\/{rel}","templated":true}]}}

<h2 class="wp-block-heading">Collecte de rattrapage aujourd’hui</h2>



<p>Une collecte de rattrapage est organisée aujourd’hui pour les poubelles noires et les déchets organiques qui n’ont pas pu être collectés ce mardi à Vierset.</p>



<blockquote class="wp-block-quote is-layout-flow wp-block-quote-is-layout-flow">
<p>Votre poubelle n’a pas été collectée ?<br><a href="https://www.intradel.be/trier-ses-dechets/les-collectes-en-porte-a-porte-1/collecte.htm?lng=fr">https://www.intradel.be/trier-ses-dechets/les-collectes-en-porte-a-porte-1/collecte.htm?lng=fr</a><br>Intradel : +32 (4) 240 74 74</p>
</blockquote>



<p>Merci pour votre attention.</p>



<figure class="wp-block-image size-large"><img fetchpriority="high" decoding="async" width="1024" height="1024" src="https://www.modave.be/wp-content/uploads/2026/01/Environnement-1024x1024.jpg" alt="" class="wp-image-17987" srcset="https://www.modave.be/wp-content/uploads/2026/01/Environnement-1024x1024.jpg 1024w, https://www.modave.be/wp-content/uploads/2026/01/Environnement-300x300.jpg 300w, https://www.modave.be/wp-content/uploads/2026/01/Environnement-150x150.jpg 150w, https://www.modave.be/wp-content/uploads/2026/01/Environnement-768x768.jpg 768w, https://www.modave.be/wp-content/uploads/2026/01/Environnement.jpg 1080w" sizes="(max-width: 1024px) 100vw, 1024px" /></figure>

<p>Collecte de rattrapage aujourd’hui Une collecte de rattrapage est organisée aujourd’hui pour les poubelles noires et les déchets organiques qui n’ont pas pu être collectés ce mardi à Vierset. Votre poubelle n’a pas été collectée ?https://www.intradel.be/trier-ses-dechets/les-collectes-en-porte-a-porte-1/collecte.htm?lng=frIntradel : +32 (4) 240 74 74 Merci pour votre attention.</p>

<!-- This site is optimized with the Yoast SEO plugin v27.4 - https://yoast.com/product/yoast-seo-wordpress/ -->
<title>Collecte de rattrapage aujourd’hui - Commune de Modave</title>
<meta name="robots" content="index, follow, max-snippet:-1, max-image-preview:large, max-video-preview:-1" />
<link rel="canonical" href="https://www.modave.be/index.php/services_communaux/collecte-de-rattrapage-aujourdhui/" />
<meta property="og:locale" content="fr_FR" />
<meta property="og:type" content="article" />
<meta property="og:title" content="Collecte de rattrapage aujourd’hui - Commune de Modave" />
<meta property="og:description" content="Collecte de rattrapage aujourd’hui Une collecte de rattrapage est organisée aujourd’hui pour les poubelles noires et les déchets organiques qui n’ont pas pu être collectés ce mardi à Vierset. Votre poubelle n’a pas été collectée ?https://www.intradel.be/trier-ses-dechets/les-collectes-en-porte-a-porte-1/collecte.htm?lng=frIntradel : +32 (4) 240 74 74 Merci pour votre attention." />
<meta property="og:url" content="https://www.modave.be/index.php/services_communaux/collecte-de-rattrapage-aujourdhui/" />
<meta property="og:site_name" content="Commune de Modave" />
<meta property="article:modified_time" content="2026-01-21T11:23:36+00:00" />
<meta property="og:image" content="https://www.modave.be/wp-content/uploads/2026/01/Collecte-e1767781746736.jpg" />
	<meta property="og:image:width" content="1080" />
	<meta property="og:image:height" content="540" />
	<meta property="og:image:type" content="image/jpeg" />
<meta name="twitter:card" content="summary_large_image" />
<script type="application/ld+json" class="yoast-schema-graph">{"@context":"https:\/\/schema.org","@graph":[{"@type":"WebPage","@id":"https:\/\/www.modave.be\/index.php\/services_communaux\/collecte-de-rattrapage-aujourdhui\/","url":"https:\/\/www.modave.be\/index.php\/services_communaux\/collecte-de-rattrapage-aujourdhui\/","name":"Collecte de rattrapage aujourd’hui - Commune de Modave","isPartOf":{"@id":"https:\/\/www.modave.be\/#website"},"primaryImageOfPage":{"@id":"https:\/\/www.modave.be\/index.php\/services_communaux\/collecte-de-rattrapage-aujourdhui\/#primaryimage"},"image":{"@id":"https:\/\/www.modave.be\/index.php\/services_communaux\/collecte-de-rattrapage-aujourdhui\/#primaryimage"},"thumbnailUrl":"https:\/\/www.modave.be\/wp-content\/uploads\/2026\/01\/Collecte-e1767781746736.jpg","datePublished":"2026-01-21T11:21:34+00:00","dateModified":"2026-01-21T11:23:36+00:00","breadcrumb":{"@id":"https:\/\/www.modave.be\/index.php\/services_communaux\/collecte-de-rattrapage-aujourdhui\/#breadcrumb"},"inLanguage":"fr-FR","potentialAction":[{"@type":"ReadAction","target":["https:\/\/www.modave.be\/index.php\/services_communaux\/collecte-de-rattrapage-aujourdhui\/"]}]},{"@type":"ImageObject","inLanguage":"fr-FR","@id":"https:\/\/www.modave.be\/index.php\/services_communaux\/collecte-de-rattrapage-aujourdhui\/#primaryimage","url":"https:\/\/www.modave.be\/wp-content\/uploads\/2026\/01\/Collecte-e1767781746736.jpg","contentUrl":"https:\/\/www.modave.be\/wp-content\/uploads\/2026\/01\/Collecte-e1767781746736.jpg","width":1080,"height":540},{"@type":"BreadcrumbList","@id":"https:\/\/www.modave.be\/index.php\/services_communaux\/collecte-de-rattrapage-aujourdhui\/#breadcrumb","itemListElement":[{"@type":"ListItem","position":1,"name":"Accueil","item":"https:\/\/www.modave.be\/"},{"@type":"ListItem","position":2,"name":"Collecte de rattrapage aujourd’hui"}]},{"@type":"WebSite","@id":"https:\/\/www.modave.be\/#website","url":"https:\/\/www.modave.be\/","name":"Commune de Modave","description":"Commune de Modave","publisher":{"@id":"https:\/\/www.modave.be\/#organization"},"potentialAction":[{"@type":"SearchAction","target":{"@type":"EntryPoint","urlTemplate":"https:\/\/www.modave.be\/?s={search_term_string}"},"query-input":{"@type":"PropertyValueSpecification","valueRequired":true,"valueName":"search_term_string"}}],"inLanguage":"fr-FR"},{"@type":"Organization","@id":"https:\/\/www.modave.be\/#organization","name":"Commune de Modave","url":"https:\/\/www.modave.be\/","logo":{"@type":"ImageObject","inLanguage":"fr-FR","@id":"https:\/\/www.modave.be\/#\/schema\/logo\/image\/","url":"https:\/\/www.modave.be\/wp-content\/uploads\/2021\/12\/MODAVE_LOGO_HORIZONTAL_QUADRI_RVB.png","contentUrl":"https:\/\/www.modave.be\/wp-content\/uploads\/2021\/12\/MODAVE_LOGO_HORIZONTAL_QUADRI_RVB.png","width":1200,"height":501,"caption":"Commune de Modave"},"image":{"@id":"https:\/\/www.modave.be\/#\/schema\/logo\/image\/"}}]}</script>
<!-- / Yoast SEO plugin. -->

Collecte de rattrapage aujourd’hui Une collecte de rattrapage est organisée aujourd’hui pour les poubelles noires et les déchets organiques qui n’ont pas pu être collectés ce mardi à Vierset. Votre poubelle n’a pas été collectée ?https://www.intradel.be/trier-ses-dechets/les-collectes-en-porte-a-porte-1/collecte.htm?lng=frIntradel : +32 (4) 240 74 74 Merci pour votre attention.
