{"id":17996,"date":"2026-01-23T09:49:09","date_gmt":"2026-01-23T08:49:09","guid":{"rendered":"https:\/\/www.modave.be\/?post_type=services_communaux&#038;p=17996"},"modified":"2026-01-23T09:51:11","modified_gmt":"2026-01-23T08:51:11","slug":"reunion-dinformation-prealable-projet-de-permis-unique","status":"publish","type":"services_communaux","link":"https:\/\/www.modave.be\/index.php\/services_communaux\/reunion-dinformation-prealable-projet-de-permis-unique\/","title":{"rendered":"R\u00e9union d\u2019information pr\u00e9alable | Projet de permis unique"},"content":{"rendered":"\n<h2 class=\"wp-block-heading\">R\u00e9union d\u2019information pr\u00e9alable | Projet de permis unique<\/h2>\n\n\n\n<p><strong>Parc \u00e9olien (Commune de Tinlot)<\/strong><\/p>\n\n\n\n<p>Une <strong>r\u00e9union d\u2019information pr\u00e9alable<\/strong> \u00e0 l\u2019introduction d\u2019une <strong>demande de permis unique<\/strong> est organis\u00e9e dans le cadre d\u2019un <strong>projet \u00e9olien de cat\u00e9gorie B<\/strong>, soumis \u00e0 <strong>\u00e9tude d\u2019incidences sur l\u2019environnement<\/strong>.<\/p>\n\n\n\n<blockquote class=\"wp-block-quote is-layout-flow wp-block-quote-is-layout-flow\">\n<p><strong>Jeudi 12 f\u00e9vrier 2026<br>\u00c0 19h30<br>Salle communale de Ramelot \u00ab Le Tilleul \u00bb<\/strong><br>Rue du Village, 4 \u2013 4557 Tinlot<\/p>\n<\/blockquote>\n\n\n\n<div data-wp-interactive=\"core\/file\" class=\"wp-block-file\"><object data-wp-bind--hidden=\"!state.hasPdfPreview\" hidden class=\"wp-block-file__embed\" data=\"https:\/\/www.modave.be\/wp-content\/uploads\/2026\/01\/WAL138-STORM98-AVIS-RIP-260212-FINAL.pdf\" type=\"application\/pdf\" style=\"width:100%;height:600px\" aria-label=\"Contenu embarqu\u00e9 WAL138 STORM98 AVIS RIP 260212 FINAL.\"><\/object><a id=\"wp-block-file--media-5de559e3-2b90-4db3-b299-958d3f618f9a\" href=\"https:\/\/www.modave.be\/wp-content\/uploads\/2026\/01\/WAL138-STORM98-AVIS-RIP-260212-FINAL.pdf\">WAL138 STORM98 AVIS RIP 260212 FINAL<\/a><a href=\"https:\/\/www.modave.be\/wp-content\/uploads\/2026\/01\/WAL138-STORM98-AVIS-RIP-260212-FINAL.pdf\" class=\"wp-block-file__button wp-element-button\" download aria-describedby=\"wp-block-file--media-5de559e3-2b90-4db3-b299-958d3f618f9a\">T\u00e9l\u00e9charger<\/a><\/div>\n","protected":false},"excerpt":{"rendered":"<p>R\u00e9union d\u2019information pr\u00e9alable | Projet de permis unique Parc \u00e9olien (Commune de Tinlot) Une r\u00e9union d\u2019information pr\u00e9alable \u00e0 l\u2019introduction d\u2019une demande de permis unique est organis\u00e9e dans le cadre d\u2019un projet \u00e9olien de cat\u00e9gorie B, soumis \u00e0 \u00e9tude d\u2019incidences sur l\u2019environnement. Jeudi 12 f\u00e9vrier 2026\u00c0 19h30Salle communale de Ramelot \u00ab Le Tilleul \u00bbRue du Village,&hellip;<\/p>\n","protected":false},"author":9,"featured_media":17971,"menu_order":0,"template":"","categories":[166],"class_list":["post-17996","services_communaux","type-services_communaux","status-publish","has-post-thumbnail","hentry","category-service-communaux","description-off"],"yoast_head":"<!-- This site is optimized with the Yoast SEO plugin v27.4 - https:\/\/yoast.com\/product\/yoast-seo-wordpress\/ -->\n<title>R\u00e9union d\u2019information pr\u00e9alable | Projet de permis unique - Commune de Modave<\/title>\n<meta name=\"robots\" content=\"index, follow, max-snippet:-1, max-image-preview:large, max-video-preview:-1\" \/>\n<link rel=\"canonical\" href=\"https:\/\/www.modave.be\/index.php\/services_communaux\/reunion-dinformation-prealable-projet-de-permis-unique\/\" \/>\n<meta property=\"og:locale\" content=\"fr_FR\" \/>\n<meta property=\"og:type\" content=\"article\" \/>\n<meta property=\"og:title\" content=\"R\u00e9union d\u2019information pr\u00e9alable | Projet de permis unique - Commune de Modave\" \/>\n<meta property=\"og:description\" content=\"R\u00e9union d\u2019information pr\u00e9alable | Projet de permis unique Parc \u00e9olien (Commune de Tinlot) Une r\u00e9union d\u2019information pr\u00e9alable \u00e0 l\u2019introduction d\u2019une demande de permis unique est organis\u00e9e dans le cadre d\u2019un projet \u00e9olien de cat\u00e9gorie B, soumis \u00e0 \u00e9tude d\u2019incidences sur l\u2019environnement. Jeudi 12 f\u00e9vrier 2026\u00c0 19h30Salle communale de Ramelot \u00ab Le Tilleul \u00bbRue du Village,&hellip;\" \/>\n<meta property=\"og:url\" content=\"https:\/\/www.modave.be\/index.php\/services_communaux\/reunion-dinformation-prealable-projet-de-permis-unique\/\" \/>\n<meta property=\"og:site_name\" content=\"Commune de Modave\" \/>\n<meta property=\"article:modified_time\" content=\"2026-01-23T08:51:11+00:00\" \/>\n<meta property=\"og:image\" content=\"https:\/\/www.modave.be\/wp-content\/uploads\/2026\/01\/2026-77-copie-modif-scaled-e1768557652660.jpg\" \/>\n\t<meta property=\"og:image:width\" content=\"2560\" \/>\n\t<meta property=\"og:image:height\" content=\"1280\" \/>\n\t<meta property=\"og:image:type\" content=\"image\/jpeg\" \/>\n<meta name=\"twitter:card\" content=\"summary_large_image\" \/>\n<script type=\"application\/ld+json\" class=\"yoast-schema-graph\">{\"@context\":\"https:\\\/\\\/schema.org\",\"@graph\":[{\"@type\":\"WebPage\",\"@id\":\"https:\\\/\\\/www.modave.be\\\/index.php\\\/services_communaux\\\/reunion-dinformation-prealable-projet-de-permis-unique\\\/\",\"url\":\"https:\\\/\\\/www.modave.be\\\/index.php\\\/services_communaux\\\/reunion-dinformation-prealable-projet-de-permis-unique\\\/\",\"name\":\"R\u00e9union d\u2019information pr\u00e9alable | Projet de permis unique - Commune de Modave\",\"isPartOf\":{\"@id\":\"https:\\\/\\\/www.modave.be\\\/#website\"},\"primaryImageOfPage\":{\"@id\":\"https:\\\/\\\/www.modave.be\\\/index.php\\\/services_communaux\\\/reunion-dinformation-prealable-projet-de-permis-unique\\\/#primaryimage\"},\"image\":{\"@id\":\"https:\\\/\\\/www.modave.be\\\/index.php\\\/services_communaux\\\/reunion-dinformation-prealable-projet-de-permis-unique\\\/#primaryimage\"},\"thumbnailUrl\":\"https:\\\/\\\/www.modave.be\\\/wp-content\\\/uploads\\\/2026\\\/01\\\/2026-77-copie-modif-scaled-e1768557652660.jpg\",\"datePublished\":\"2026-01-23T08:49:09+00:00\",\"dateModified\":\"2026-01-23T08:51:11+00:00\",\"breadcrumb\":{\"@id\":\"https:\\\/\\\/www.modave.be\\\/index.php\\\/services_communaux\\\/reunion-dinformation-prealable-projet-de-permis-unique\\\/#breadcrumb\"},\"inLanguage\":\"fr-FR\",\"potentialAction\":[{\"@type\":\"ReadAction\",\"target\":[\"https:\\\/\\\/www.modave.be\\\/index.php\\\/services_communaux\\\/reunion-dinformation-prealable-projet-de-permis-unique\\\/\"]}]},{\"@type\":\"ImageObject\",\"inLanguage\":\"fr-FR\",\"@id\":\"https:\\\/\\\/www.modave.be\\\/index.php\\\/services_communaux\\\/reunion-dinformation-prealable-projet-de-permis-unique\\\/#primaryimage\",\"url\":\"https:\\\/\\\/www.modave.be\\\/wp-content\\\/uploads\\\/2026\\\/01\\\/2026-77-copie-modif-scaled-e1768557652660.jpg\",\"contentUrl\":\"https:\\\/\\\/www.modave.be\\\/wp-content\\\/uploads\\\/2026\\\/01\\\/2026-77-copie-modif-scaled-e1768557652660.jpg\",\"width\":2560,\"height\":1280},{\"@type\":\"BreadcrumbList\",\"@id\":\"https:\\\/\\\/www.modave.be\\\/index.php\\\/services_communaux\\\/reunion-dinformation-prealable-projet-de-permis-unique\\\/#breadcrumb\",\"itemListElement\":[{\"@type\":\"ListItem\",\"position\":1,\"name\":\"Accueil\",\"item\":\"https:\\\/\\\/www.modave.be\\\/\"},{\"@type\":\"ListItem\",\"position\":2,\"name\":\"R\u00e9union d\u2019information pr\u00e9alable | Projet de permis unique\"}]},{\"@type\":\"WebSite\",\"@id\":\"https:\\\/\\\/www.modave.be\\\/#website\",\"url\":\"https:\\\/\\\/www.modave.be\\\/\",\"name\":\"Commune de Modave\",\"description\":\"Commune de Modave\",\"publisher\":{\"@id\":\"https:\\\/\\\/www.modave.be\\\/#organization\"},\"potentialAction\":[{\"@type\":\"SearchAction\",\"target\":{\"@type\":\"EntryPoint\",\"urlTemplate\":\"https:\\\/\\\/www.modave.be\\\/?s={search_term_string}\"},\"query-input\":{\"@type\":\"PropertyValueSpecification\",\"valueRequired\":true,\"valueName\":\"search_term_string\"}}],\"inLanguage\":\"fr-FR\"},{\"@type\":\"Organization\",\"@id\":\"https:\\\/\\\/www.modave.be\\\/#organization\",\"name\":\"Commune de Modave\",\"url\":\"https:\\\/\\\/www.modave.be\\\/\",\"logo\":{\"@type\":\"ImageObject\",\"inLanguage\":\"fr-FR\",\"@id\":\"https:\\\/\\\/www.modave.be\\\/#\\\/schema\\\/logo\\\/image\\\/\",\"url\":\"https:\\\/\\\/www.modave.be\\\/wp-content\\\/uploads\\\/2021\\\/12\\\/MODAVE_LOGO_HORIZONTAL_QUADRI_RVB.png\",\"contentUrl\":\"https:\\\/\\\/www.modave.be\\\/wp-content\\\/uploads\\\/2021\\\/12\\\/MODAVE_LOGO_HORIZONTAL_QUADRI_RVB.png\",\"width\":1200,\"height\":501,\"caption\":\"Commune de Modave\"},\"image\":{\"@id\":\"https:\\\/\\\/www.modave.be\\\/#\\\/schema\\\/logo\\\/image\\\/\"}}]}<\/script>\n<!-- \/ Yoast SEO plugin. -->","yoast_head_json":{"title":"R\u00e9union d\u2019information pr\u00e9alable | Projet de permis unique - Commune de Modave","robots":{"index":"index","follow":"follow","max-snippet":"max-snippet:-1","max-image-preview":"max-image-preview:large","max-video-preview":"max-video-preview:-1"},"canonical":"https:\/\/www.modave.be\/index.php\/services_communaux\/reunion-dinformation-prealable-projet-de-permis-unique\/","og_locale":"fr_FR","og_type":"article","og_title":"R\u00e9union d\u2019information pr\u00e9alable | Projet de permis unique - Commune de Modave","og_description":"R\u00e9union d\u2019information pr\u00e9alable | Projet de permis unique Parc \u00e9olien (Commune de Tinlot) Une r\u00e9union d\u2019information pr\u00e9alable \u00e0 l\u2019introduction d\u2019une demande de permis unique est organis\u00e9e dans le cadre d\u2019un projet \u00e9olien de cat\u00e9gorie B, soumis \u00e0 \u00e9tude d\u2019incidences sur l\u2019environnement. Jeudi 12 f\u00e9vrier 2026\u00c0 19h30Salle communale de Ramelot \u00ab Le Tilleul \u00bbRue du Village,&hellip;","og_url":"https:\/\/www.modave.be\/index.php\/services_communaux\/reunion-dinformation-prealable-projet-de-permis-unique\/","og_site_name":"Commune de Modave","article_modified_time":"2026-01-23T08:51:11+00:00","og_image":[{"width":2560,"height":1280,"url":"https:\/\/www.modave.be\/wp-content\/uploads\/2026\/01\/2026-77-copie-modif-scaled-e1768557652660.jpg","type":"image\/jpeg"}],"twitter_card":"summary_large_image","schema":{"@context":"https:\/\/schema.org","@graph":[{"@type":"WebPage","@id":"https:\/\/www.modave.be\/index.php\/services_communaux\/reunion-dinformation-prealable-projet-de-permis-unique\/","url":"https:\/\/www.modave.be\/index.php\/services_communaux\/reunion-dinformation-prealable-projet-de-permis-unique\/","name":"R\u00e9union d\u2019information pr\u00e9alable | Projet de permis unique - Commune de Modave","isPartOf":{"@id":"https:\/\/www.modave.be\/#website"},"primaryImageOfPage":{"@id":"https:\/\/www.modave.be\/index.php\/services_communaux\/reunion-dinformation-prealable-projet-de-permis-unique\/#primaryimage"},"image":{"@id":"https:\/\/www.modave.be\/index.php\/services_communaux\/reunion-dinformation-prealable-projet-de-permis-unique\/#primaryimage"},"thumbnailUrl":"https:\/\/www.modave.be\/wp-content\/uploads\/2026\/01\/2026-77-copie-modif-scaled-e1768557652660.jpg","datePublished":"2026-01-23T08:49:09+00:00","dateModified":"2026-01-23T08:51:11+00:00","breadcrumb":{"@id":"https:\/\/www.modave.be\/index.php\/services_communaux\/reunion-dinformation-prealable-projet-de-permis-unique\/#breadcrumb"},"inLanguage":"fr-FR","potentialAction":[{"@type":"ReadAction","target":["https:\/\/www.modave.be\/index.php\/services_communaux\/reunion-dinformation-prealable-projet-de-permis-unique\/"]}]},{"@type":"ImageObject","inLanguage":"fr-FR","@id":"https:\/\/www.modave.be\/index.php\/services_communaux\/reunion-dinformation-prealable-projet-de-permis-unique\/#primaryimage","url":"https:\/\/www.modave.be\/wp-content\/uploads\/2026\/01\/2026-77-copie-modif-scaled-e1768557652660.jpg","contentUrl":"https:\/\/www.modave.be\/wp-content\/uploads\/2026\/01\/2026-77-copie-modif-scaled-e1768557652660.jpg","width":2560,"height":1280},{"@type":"BreadcrumbList","@id":"https:\/\/www.modave.be\/index.php\/services_communaux\/reunion-dinformation-prealable-projet-de-permis-unique\/#breadcrumb","itemListElement":[{"@type":"ListItem","position":1,"name":"Accueil","item":"https:\/\/www.modave.be\/"},{"@type":"ListItem","position":2,"name":"R\u00e9union d\u2019information pr\u00e9alable | Projet de permis unique"}]},{"@type":"WebSite","@id":"https:\/\/www.modave.be\/#website","url":"https:\/\/www.modave.be\/","name":"Commune de Modave","description":"Commune de Modave","publisher":{"@id":"https:\/\/www.modave.be\/#organization"},"potentialAction":[{"@type":"SearchAction","target":{"@type":"EntryPoint","urlTemplate":"https:\/\/www.modave.be\/?s={search_term_string}"},"query-input":{"@type":"PropertyValueSpecification","valueRequired":true,"valueName":"search_term_string"}}],"inLanguage":"fr-FR"},{"@type":"Organization","@id":"https:\/\/www.modave.be\/#organization","name":"Commune de Modave","url":"https:\/\/www.modave.be\/","logo":{"@type":"ImageObject","inLanguage":"fr-FR","@id":"https:\/\/www.modave.be\/#\/schema\/logo\/image\/","url":"https:\/\/www.modave.be\/wp-content\/uploads\/2021\/12\/MODAVE_LOGO_HORIZONTAL_QUADRI_RVB.png","contentUrl":"https:\/\/www.modave.be\/wp-content\/uploads\/2021\/12\/MODAVE_LOGO_HORIZONTAL_QUADRI_RVB.png","width":1200,"height":501,"caption":"Commune de Modave"},"image":{"@id":"https:\/\/www.modave.be\/#\/schema\/logo\/image\/"}}]}},"_links":{"self":[{"href":"https:\/\/www.modave.be\/index.php\/wp-json\/wp\/v2\/services_communaux\/17996","targetHints":{"allow":["GET"]}}],"collection":[{"href":"https:\/\/www.modave.be\/index.php\/wp-json\/wp\/v2\/services_communaux"}],"about":[{"href":"https:\/\/www.modave.be\/index.php\/wp-json\/wp\/v2\/types\/services_communaux"}],"author":[{"embeddable":true,"href":"https:\/\/www.modave.be\/index.php\/wp-json\/wp\/v2\/users\/9"}],"wp:featuredmedia":[{"embeddable":true,"href":"https:\/\/www.modave.be\/index.php\/wp-json\/wp\/v2\/media\/17971"}],"wp:attachment":[{"href":"https:\/\/www.modave.be\/index.php\/wp-json\/wp\/v2\/media?parent=17996"}],"wp:term":[{"taxonomy":"category","embeddable":true,"href":"https:\/\/www.modave.be\/index.php\/wp-json\/wp\/v2\/categories?post=17996"}],"curies":[{"name":"wp","href":"https:\/\/api.w.org\/{rel}","templated":true}]}}

Réunion d’information préalable | Projet de permis unique

<h2 class="wp-block-heading">Réunion d’information préalable | Projet de permis unique</h2>



<p><strong>Parc éolien (Commune de Tinlot)</strong></p>



<p>Une <strong>réunion d’information préalable</strong> à l’introduction d’une <strong>demande de permis unique</strong> est organisée dans le cadre d’un <strong>projet éolien de catégorie B</strong>, soumis à <strong>étude d’incidences sur l’environnement</strong>.</p>



<blockquote class="wp-block-quote is-layout-flow wp-block-quote-is-layout-flow">
<p><strong>Jeudi 12 février 2026<br>À 19h30<br>Salle communale de Ramelot « Le Tilleul »</strong><br>Rue du Village, 4 – 4557 Tinlot</p>
</blockquote>



<div data-wp-interactive="core/file" class="wp-block-file"><object data-wp-bind--hidden="!state.hasPdfPreview" hidden class="wp-block-file__embed" data="https://www.modave.be/wp-content/uploads/2026/01/WAL138-STORM98-AVIS-RIP-260212-FINAL.pdf" type="application/pdf" style="width:100%;height:600px" aria-label="Contenu embarqué WAL138 STORM98 AVIS RIP 260212 FINAL."></object><a id="wp-block-file--media-5de559e3-2b90-4db3-b299-958d3f618f9a" href="https://www.modave.be/wp-content/uploads/2026/01/WAL138-STORM98-AVIS-RIP-260212-FINAL.pdf">WAL138 STORM98 AVIS RIP 260212 FINAL</a><a href="https://www.modave.be/wp-content/uploads/2026/01/WAL138-STORM98-AVIS-RIP-260212-FINAL.pdf" class="wp-block-file__button wp-element-button" download aria-describedby="wp-block-file--media-5de559e3-2b90-4db3-b299-958d3f618f9a">Télécharger</a></div>

<p>Réunion d’information préalable | Projet de permis unique Parc éolien (Commune de Tinlot) Une réunion d’information préalable à l’introduction d’une demande de permis unique est organisée dans le cadre d’un projet éolien de catégorie B, soumis à étude d’incidences sur l’environnement. Jeudi 12 février 2026À 19h30Salle communale de Ramelot « Le Tilleul »Rue du Village,&hellip;</p>

<!-- This site is optimized with the Yoast SEO plugin v27.4 - https://yoast.com/product/yoast-seo-wordpress/ -->
<title>Réunion d’information préalable | Projet de permis unique - Commune de Modave</title>
<meta name="robots" content="index, follow, max-snippet:-1, max-image-preview:large, max-video-preview:-1" />
<link rel="canonical" href="https://www.modave.be/index.php/services_communaux/reunion-dinformation-prealable-projet-de-permis-unique/" />
<meta property="og:locale" content="fr_FR" />
<meta property="og:type" content="article" />
<meta property="og:title" content="Réunion d’information préalable | Projet de permis unique - Commune de Modave" />
<meta property="og:description" content="Réunion d’information préalable | Projet de permis unique Parc éolien (Commune de Tinlot) Une réunion d’information préalable à l’introduction d’une demande de permis unique est organisée dans le cadre d’un projet éolien de catégorie B, soumis à étude d’incidences sur l’environnement. Jeudi 12 février 2026À 19h30Salle communale de Ramelot « Le Tilleul »Rue du Village,&hellip;" />
<meta property="og:url" content="https://www.modave.be/index.php/services_communaux/reunion-dinformation-prealable-projet-de-permis-unique/" />
<meta property="og:site_name" content="Commune de Modave" />
<meta property="article:modified_time" content="2026-01-23T08:51:11+00:00" />
<meta property="og:image" content="https://www.modave.be/wp-content/uploads/2026/01/2026-77-copie-modif-scaled-e1768557652660.jpg" />
	<meta property="og:image:width" content="2560" />
	<meta property="og:image:height" content="1280" />
	<meta property="og:image:type" content="image/jpeg" />
<meta name="twitter:card" content="summary_large_image" />
<script type="application/ld+json" class="yoast-schema-graph">{"@context":"https:\/\/schema.org","@graph":[{"@type":"WebPage","@id":"https:\/\/www.modave.be\/index.php\/services_communaux\/reunion-dinformation-prealable-projet-de-permis-unique\/","url":"https:\/\/www.modave.be\/index.php\/services_communaux\/reunion-dinformation-prealable-projet-de-permis-unique\/","name":"Réunion d’information préalable | Projet de permis unique - Commune de Modave","isPartOf":{"@id":"https:\/\/www.modave.be\/#website"},"primaryImageOfPage":{"@id":"https:\/\/www.modave.be\/index.php\/services_communaux\/reunion-dinformation-prealable-projet-de-permis-unique\/#primaryimage"},"image":{"@id":"https:\/\/www.modave.be\/index.php\/services_communaux\/reunion-dinformation-prealable-projet-de-permis-unique\/#primaryimage"},"thumbnailUrl":"https:\/\/www.modave.be\/wp-content\/uploads\/2026\/01\/2026-77-copie-modif-scaled-e1768557652660.jpg","datePublished":"2026-01-23T08:49:09+00:00","dateModified":"2026-01-23T08:51:11+00:00","breadcrumb":{"@id":"https:\/\/www.modave.be\/index.php\/services_communaux\/reunion-dinformation-prealable-projet-de-permis-unique\/#breadcrumb"},"inLanguage":"fr-FR","potentialAction":[{"@type":"ReadAction","target":["https:\/\/www.modave.be\/index.php\/services_communaux\/reunion-dinformation-prealable-projet-de-permis-unique\/"]}]},{"@type":"ImageObject","inLanguage":"fr-FR","@id":"https:\/\/www.modave.be\/index.php\/services_communaux\/reunion-dinformation-prealable-projet-de-permis-unique\/#primaryimage","url":"https:\/\/www.modave.be\/wp-content\/uploads\/2026\/01\/2026-77-copie-modif-scaled-e1768557652660.jpg","contentUrl":"https:\/\/www.modave.be\/wp-content\/uploads\/2026\/01\/2026-77-copie-modif-scaled-e1768557652660.jpg","width":2560,"height":1280},{"@type":"BreadcrumbList","@id":"https:\/\/www.modave.be\/index.php\/services_communaux\/reunion-dinformation-prealable-projet-de-permis-unique\/#breadcrumb","itemListElement":[{"@type":"ListItem","position":1,"name":"Accueil","item":"https:\/\/www.modave.be\/"},{"@type":"ListItem","position":2,"name":"Réunion d’information préalable | Projet de permis unique"}]},{"@type":"WebSite","@id":"https:\/\/www.modave.be\/#website","url":"https:\/\/www.modave.be\/","name":"Commune de Modave","description":"Commune de Modave","publisher":{"@id":"https:\/\/www.modave.be\/#organization"},"potentialAction":[{"@type":"SearchAction","target":{"@type":"EntryPoint","urlTemplate":"https:\/\/www.modave.be\/?s={search_term_string}"},"query-input":{"@type":"PropertyValueSpecification","valueRequired":true,"valueName":"search_term_string"}}],"inLanguage":"fr-FR"},{"@type":"Organization","@id":"https:\/\/www.modave.be\/#organization","name":"Commune de Modave","url":"https:\/\/www.modave.be\/","logo":{"@type":"ImageObject","inLanguage":"fr-FR","@id":"https:\/\/www.modave.be\/#\/schema\/logo\/image\/","url":"https:\/\/www.modave.be\/wp-content\/uploads\/2021\/12\/MODAVE_LOGO_HORIZONTAL_QUADRI_RVB.png","contentUrl":"https:\/\/www.modave.be\/wp-content\/uploads\/2021\/12\/MODAVE_LOGO_HORIZONTAL_QUADRI_RVB.png","width":1200,"height":501,"caption":"Commune de Modave"},"image":{"@id":"https:\/\/www.modave.be\/#\/schema\/logo\/image\/"}}]}</script>
<!-- / Yoast SEO plugin. -->

Réunion d’information préalable | Projet de permis unique - Commune de Modave

Réunion d’information préalable | Projet de permis unique Parc éolien (Commune de Tinlot) Une réunion d’information préalable à l’introduction d’une demande de permis unique est organisée dans le cadre d’un projet éolien de catégorie B, soumis à étude d’incidences sur l’environnement. Jeudi 12 février 2026À 19h30Salle communale de Ramelot « Le Tilleul »Rue du Village,&hellip;
