{"id":18001,"date":"2026-01-23T13:25:50","date_gmt":"2026-01-23T12:25:50","guid":{"rendered":"https:\/\/www.modave.be\/?post_type=services_communaux&#038;p=18001"},"modified":"2026-01-23T13:27:52","modified_gmt":"2026-01-23T12:27:52","slug":"la-parole-est-aux-filles-enquete","status":"publish","type":"services_communaux","link":"https:\/\/www.modave.be\/index.php\/services_communaux\/la-parole-est-aux-filles-enquete\/","title":{"rendered":"La parole est aux filles | Enqu\u00eate"},"content":{"rendered":"\n<p><em>\u00c0 Modave, des animations existent pour les jeunes, mais aujourd\u2019hui, les filles y participent tr\u00e8s peu.<\/em><\/p>\n\n\n\n<p>Le secteur jeunesse lance cette mini-enqu\u00eate avec un objectif clair : comprendre ce qui freine la participation, recueillir les envies et imaginer ensemble des projets qui vous ressemblent.<\/p>\n\n\n\n<blockquote class=\"wp-block-quote is-layout-flow wp-block-quote-is-layout-flow\">\n<p><strong>Les filles \u00e0 partir de 12 ans sont au c\u0153ur de cette d\u00e9marche<\/strong>, avec l\u2019appui des adultes qui les accompagnent (parents, proches, enseignants, animateurs). Prenez la parole, dites-nous ce que vous aimeriez voir, faire ou cr\u00e9er \u00e0 Modave : <a href=\"https:\/\/forms.gle\/VC6HCVmkGcUrVYxH9\">https:\/\/forms.gle\/VC6HCVmkGcUrVYxH9<\/a><\/p>\n<\/blockquote>\n\n\n\n<p>Le questionnaire est simple, anonyme et prend environ 3 minutes.<\/p>\n\n\n\n<p>N\u2019h\u00e9sitez pas \u00e0 relayer cette enqu\u00eate autour de vous : familles, proches, amies.<\/p>\n\n\n\n<iframe src=\"https:\/\/docs.google.com\/forms\/d\/e\/1FAIpQLScP_C1U5xITqajv8kA2BfCAsuHtl1TU0EIeNbZIbrVKZ2nNKw\/viewform?embedded=true\" width=\"640\" height=\"6729\" frameborder=\"0\" marginheight=\"0\" marginwidth=\"0\">Chargement\u2026<\/iframe>\n\n\n\n<p><\/p>\n\n\n\n<p><\/p>\n","protected":false},"excerpt":{"rendered":"<p>\u00c0 Modave, des animations existent pour les jeunes, mais aujourd\u2019hui, les filles y participent tr\u00e8s peu. Le secteur jeunesse lance cette mini-enqu\u00eate avec un objectif clair : comprendre ce qui freine la participation, recueillir les envies et imaginer ensemble des projets qui vous ressemblent. Les filles \u00e0 partir de 12 ans sont au c\u0153ur de&hellip;<\/p>\n","protected":false},"author":9,"featured_media":18002,"menu_order":0,"template":"","categories":[202],"class_list":["post-18001","services_communaux","type-services_communaux","status-publish","has-post-thumbnail","hentry","category-jeunesse_temps_libre","description-off"],"yoast_head":"<!-- This site is optimized with the Yoast SEO plugin v27.4 - https:\/\/yoast.com\/product\/yoast-seo-wordpress\/ -->\n<title>La parole est aux filles | Enqu\u00eate - Commune de Modave<\/title>\n<meta name=\"robots\" content=\"index, follow, max-snippet:-1, max-image-preview:large, max-video-preview:-1\" \/>\n<link rel=\"canonical\" href=\"https:\/\/www.modave.be\/index.php\/services_communaux\/la-parole-est-aux-filles-enquete\/\" \/>\n<meta property=\"og:locale\" content=\"fr_FR\" \/>\n<meta property=\"og:type\" content=\"article\" \/>\n<meta property=\"og:title\" content=\"La parole est aux filles | Enqu\u00eate - Commune de Modave\" \/>\n<meta property=\"og:description\" content=\"\u00c0 Modave, des animations existent pour les jeunes, mais aujourd\u2019hui, les filles y participent tr\u00e8s peu. Le secteur jeunesse lance cette mini-enqu\u00eate avec un objectif clair : comprendre ce qui freine la participation, recueillir les envies et imaginer ensemble des projets qui vous ressemblent. Les filles \u00e0 partir de 12 ans sont au c\u0153ur de&hellip;\" \/>\n<meta property=\"og:url\" content=\"https:\/\/www.modave.be\/index.php\/services_communaux\/la-parole-est-aux-filles-enquete\/\" \/>\n<meta property=\"og:site_name\" content=\"Commune de Modave\" \/>\n<meta property=\"article:modified_time\" content=\"2026-01-23T12:27:52+00:00\" \/>\n<meta property=\"og:image\" content=\"https:\/\/www.modave.be\/wp-content\/uploads\/2026\/01\/affiche-sondage-e1769171143730.jpg\" \/>\n\t<meta property=\"og:image:width\" content=\"1654\" \/>\n\t<meta property=\"og:image:height\" content=\"827\" \/>\n\t<meta property=\"og:image:type\" content=\"image\/jpeg\" \/>\n<meta name=\"twitter:card\" content=\"summary_large_image\" \/>\n<meta name=\"twitter:label1\" content=\"Dur\u00e9e de lecture estim\u00e9e\" \/>\n\t<meta name=\"twitter:data1\" content=\"1 minute\" \/>\n<script type=\"application\/ld+json\" class=\"yoast-schema-graph\">{\"@context\":\"https:\\\/\\\/schema.org\",\"@graph\":[{\"@type\":\"WebPage\",\"@id\":\"https:\\\/\\\/www.modave.be\\\/index.php\\\/services_communaux\\\/la-parole-est-aux-filles-enquete\\\/\",\"url\":\"https:\\\/\\\/www.modave.be\\\/index.php\\\/services_communaux\\\/la-parole-est-aux-filles-enquete\\\/\",\"name\":\"La parole est aux filles | Enqu\u00eate - Commune de Modave\",\"isPartOf\":{\"@id\":\"https:\\\/\\\/www.modave.be\\\/#website\"},\"primaryImageOfPage\":{\"@id\":\"https:\\\/\\\/www.modave.be\\\/index.php\\\/services_communaux\\\/la-parole-est-aux-filles-enquete\\\/#primaryimage\"},\"image\":{\"@id\":\"https:\\\/\\\/www.modave.be\\\/index.php\\\/services_communaux\\\/la-parole-est-aux-filles-enquete\\\/#primaryimage\"},\"thumbnailUrl\":\"https:\\\/\\\/www.modave.be\\\/wp-content\\\/uploads\\\/2026\\\/01\\\/affiche-sondage-e1769171143730.jpg\",\"datePublished\":\"2026-01-23T12:25:50+00:00\",\"dateModified\":\"2026-01-23T12:27:52+00:00\",\"breadcrumb\":{\"@id\":\"https:\\\/\\\/www.modave.be\\\/index.php\\\/services_communaux\\\/la-parole-est-aux-filles-enquete\\\/#breadcrumb\"},\"inLanguage\":\"fr-FR\",\"potentialAction\":[{\"@type\":\"ReadAction\",\"target\":[\"https:\\\/\\\/www.modave.be\\\/index.php\\\/services_communaux\\\/la-parole-est-aux-filles-enquete\\\/\"]}]},{\"@type\":\"ImageObject\",\"inLanguage\":\"fr-FR\",\"@id\":\"https:\\\/\\\/www.modave.be\\\/index.php\\\/services_communaux\\\/la-parole-est-aux-filles-enquete\\\/#primaryimage\",\"url\":\"https:\\\/\\\/www.modave.be\\\/wp-content\\\/uploads\\\/2026\\\/01\\\/affiche-sondage-e1769171143730.jpg\",\"contentUrl\":\"https:\\\/\\\/www.modave.be\\\/wp-content\\\/uploads\\\/2026\\\/01\\\/affiche-sondage-e1769171143730.jpg\",\"width\":1654,\"height\":827},{\"@type\":\"BreadcrumbList\",\"@id\":\"https:\\\/\\\/www.modave.be\\\/index.php\\\/services_communaux\\\/la-parole-est-aux-filles-enquete\\\/#breadcrumb\",\"itemListElement\":[{\"@type\":\"ListItem\",\"position\":1,\"name\":\"Accueil\",\"item\":\"https:\\\/\\\/www.modave.be\\\/\"},{\"@type\":\"ListItem\",\"position\":2,\"name\":\"La parole est aux filles | Enqu\u00eate\"}]},{\"@type\":\"WebSite\",\"@id\":\"https:\\\/\\\/www.modave.be\\\/#website\",\"url\":\"https:\\\/\\\/www.modave.be\\\/\",\"name\":\"Commune de Modave\",\"description\":\"Commune de Modave\",\"publisher\":{\"@id\":\"https:\\\/\\\/www.modave.be\\\/#organization\"},\"potentialAction\":[{\"@type\":\"SearchAction\",\"target\":{\"@type\":\"EntryPoint\",\"urlTemplate\":\"https:\\\/\\\/www.modave.be\\\/?s={search_term_string}\"},\"query-input\":{\"@type\":\"PropertyValueSpecification\",\"valueRequired\":true,\"valueName\":\"search_term_string\"}}],\"inLanguage\":\"fr-FR\"},{\"@type\":\"Organization\",\"@id\":\"https:\\\/\\\/www.modave.be\\\/#organization\",\"name\":\"Commune de Modave\",\"url\":\"https:\\\/\\\/www.modave.be\\\/\",\"logo\":{\"@type\":\"ImageObject\",\"inLanguage\":\"fr-FR\",\"@id\":\"https:\\\/\\\/www.modave.be\\\/#\\\/schema\\\/logo\\\/image\\\/\",\"url\":\"https:\\\/\\\/www.modave.be\\\/wp-content\\\/uploads\\\/2021\\\/12\\\/MODAVE_LOGO_HORIZONTAL_QUADRI_RVB.png\",\"contentUrl\":\"https:\\\/\\\/www.modave.be\\\/wp-content\\\/uploads\\\/2021\\\/12\\\/MODAVE_LOGO_HORIZONTAL_QUADRI_RVB.png\",\"width\":1200,\"height\":501,\"caption\":\"Commune de Modave\"},\"image\":{\"@id\":\"https:\\\/\\\/www.modave.be\\\/#\\\/schema\\\/logo\\\/image\\\/\"}}]}<\/script>\n<!-- \/ Yoast SEO plugin. -->","yoast_head_json":{"title":"La parole est aux filles | Enqu\u00eate - Commune de Modave","robots":{"index":"index","follow":"follow","max-snippet":"max-snippet:-1","max-image-preview":"max-image-preview:large","max-video-preview":"max-video-preview:-1"},"canonical":"https:\/\/www.modave.be\/index.php\/services_communaux\/la-parole-est-aux-filles-enquete\/","og_locale":"fr_FR","og_type":"article","og_title":"La parole est aux filles | Enqu\u00eate - Commune de Modave","og_description":"\u00c0 Modave, des animations existent pour les jeunes, mais aujourd\u2019hui, les filles y participent tr\u00e8s peu. Le secteur jeunesse lance cette mini-enqu\u00eate avec un objectif clair : comprendre ce qui freine la participation, recueillir les envies et imaginer ensemble des projets qui vous ressemblent. Les filles \u00e0 partir de 12 ans sont au c\u0153ur de&hellip;","og_url":"https:\/\/www.modave.be\/index.php\/services_communaux\/la-parole-est-aux-filles-enquete\/","og_site_name":"Commune de Modave","article_modified_time":"2026-01-23T12:27:52+00:00","og_image":[{"width":1654,"height":827,"url":"https:\/\/www.modave.be\/wp-content\/uploads\/2026\/01\/affiche-sondage-e1769171143730.jpg","type":"image\/jpeg"}],"twitter_card":"summary_large_image","twitter_misc":{"Dur\u00e9e de lecture estim\u00e9e":"1 minute"},"schema":{"@context":"https:\/\/schema.org","@graph":[{"@type":"WebPage","@id":"https:\/\/www.modave.be\/index.php\/services_communaux\/la-parole-est-aux-filles-enquete\/","url":"https:\/\/www.modave.be\/index.php\/services_communaux\/la-parole-est-aux-filles-enquete\/","name":"La parole est aux filles | Enqu\u00eate - Commune de Modave","isPartOf":{"@id":"https:\/\/www.modave.be\/#website"},"primaryImageOfPage":{"@id":"https:\/\/www.modave.be\/index.php\/services_communaux\/la-parole-est-aux-filles-enquete\/#primaryimage"},"image":{"@id":"https:\/\/www.modave.be\/index.php\/services_communaux\/la-parole-est-aux-filles-enquete\/#primaryimage"},"thumbnailUrl":"https:\/\/www.modave.be\/wp-content\/uploads\/2026\/01\/affiche-sondage-e1769171143730.jpg","datePublished":"2026-01-23T12:25:50+00:00","dateModified":"2026-01-23T12:27:52+00:00","breadcrumb":{"@id":"https:\/\/www.modave.be\/index.php\/services_communaux\/la-parole-est-aux-filles-enquete\/#breadcrumb"},"inLanguage":"fr-FR","potentialAction":[{"@type":"ReadAction","target":["https:\/\/www.modave.be\/index.php\/services_communaux\/la-parole-est-aux-filles-enquete\/"]}]},{"@type":"ImageObject","inLanguage":"fr-FR","@id":"https:\/\/www.modave.be\/index.php\/services_communaux\/la-parole-est-aux-filles-enquete\/#primaryimage","url":"https:\/\/www.modave.be\/wp-content\/uploads\/2026\/01\/affiche-sondage-e1769171143730.jpg","contentUrl":"https:\/\/www.modave.be\/wp-content\/uploads\/2026\/01\/affiche-sondage-e1769171143730.jpg","width":1654,"height":827},{"@type":"BreadcrumbList","@id":"https:\/\/www.modave.be\/index.php\/services_communaux\/la-parole-est-aux-filles-enquete\/#breadcrumb","itemListElement":[{"@type":"ListItem","position":1,"name":"Accueil","item":"https:\/\/www.modave.be\/"},{"@type":"ListItem","position":2,"name":"La parole est aux filles | Enqu\u00eate"}]},{"@type":"WebSite","@id":"https:\/\/www.modave.be\/#website","url":"https:\/\/www.modave.be\/","name":"Commune de Modave","description":"Commune de Modave","publisher":{"@id":"https:\/\/www.modave.be\/#organization"},"potentialAction":[{"@type":"SearchAction","target":{"@type":"EntryPoint","urlTemplate":"https:\/\/www.modave.be\/?s={search_term_string}"},"query-input":{"@type":"PropertyValueSpecification","valueRequired":true,"valueName":"search_term_string"}}],"inLanguage":"fr-FR"},{"@type":"Organization","@id":"https:\/\/www.modave.be\/#organization","name":"Commune de Modave","url":"https:\/\/www.modave.be\/","logo":{"@type":"ImageObject","inLanguage":"fr-FR","@id":"https:\/\/www.modave.be\/#\/schema\/logo\/image\/","url":"https:\/\/www.modave.be\/wp-content\/uploads\/2021\/12\/MODAVE_LOGO_HORIZONTAL_QUADRI_RVB.png","contentUrl":"https:\/\/www.modave.be\/wp-content\/uploads\/2021\/12\/MODAVE_LOGO_HORIZONTAL_QUADRI_RVB.png","width":1200,"height":501,"caption":"Commune de Modave"},"image":{"@id":"https:\/\/www.modave.be\/#\/schema\/logo\/image\/"}}]}},"_links":{"self":[{"href":"https:\/\/www.modave.be\/index.php\/wp-json\/wp\/v2\/services_communaux\/18001","targetHints":{"allow":["GET"]}}],"collection":[{"href":"https:\/\/www.modave.be\/index.php\/wp-json\/wp\/v2\/services_communaux"}],"about":[{"href":"https:\/\/www.modave.be\/index.php\/wp-json\/wp\/v2\/types\/services_communaux"}],"author":[{"embeddable":true,"href":"https:\/\/www.modave.be\/index.php\/wp-json\/wp\/v2\/users\/9"}],"wp:featuredmedia":[{"embeddable":true,"href":"https:\/\/www.modave.be\/index.php\/wp-json\/wp\/v2\/media\/18002"}],"wp:attachment":[{"href":"https:\/\/www.modave.be\/index.php\/wp-json\/wp\/v2\/media?parent=18001"}],"wp:term":[{"taxonomy":"category","embeddable":true,"href":"https:\/\/www.modave.be\/index.php\/wp-json\/wp\/v2\/categories?post=18001"}],"curies":[{"name":"wp","href":"https:\/\/api.w.org\/{rel}","templated":true}]}}

La parole est aux filles | Enquête

<p><em>À Modave, des animations existent pour les jeunes, mais aujourd’hui, les filles y participent très peu.</em></p>



<p>Le secteur jeunesse lance cette mini-enquête avec un objectif clair : comprendre ce qui freine la participation, recueillir les envies et imaginer ensemble des projets qui vous ressemblent.</p>



<blockquote class="wp-block-quote is-layout-flow wp-block-quote-is-layout-flow">
<p><strong>Les filles à partir de 12 ans sont au cœur de cette démarche</strong>, avec l’appui des adultes qui les accompagnent (parents, proches, enseignants, animateurs). Prenez la parole, dites-nous ce que vous aimeriez voir, faire ou créer à Modave : <a href="https://forms.gle/VC6HCVmkGcUrVYxH9">https://forms.gle/VC6HCVmkGcUrVYxH9</a></p>
</blockquote>



<p>Le questionnaire est simple, anonyme et prend environ 3 minutes.</p>



<p>N’hésitez pas à relayer cette enquête autour de vous : familles, proches, amies.</p>



<iframe src="https://docs.google.com/forms/d/e/1FAIpQLScP_C1U5xITqajv8kA2BfCAsuHtl1TU0EIeNbZIbrVKZ2nNKw/viewform?embedded=true" width="640" height="6729" frameborder="0" marginheight="0" marginwidth="0">Chargement…</iframe>



<p></p>



<p></p>

<p>À Modave, des animations existent pour les jeunes, mais aujourd’hui, les filles y participent très peu. Le secteur jeunesse lance cette mini-enquête avec un objectif clair : comprendre ce qui freine la participation, recueillir les envies et imaginer ensemble des projets qui vous ressemblent. Les filles à partir de 12 ans sont au cœur de&hellip;</p>

<!-- This site is optimized with the Yoast SEO plugin v27.4 - https://yoast.com/product/yoast-seo-wordpress/ -->
<title>La parole est aux filles | Enquête - Commune de Modave</title>
<meta name="robots" content="index, follow, max-snippet:-1, max-image-preview:large, max-video-preview:-1" />
<link rel="canonical" href="https://www.modave.be/index.php/services_communaux/la-parole-est-aux-filles-enquete/" />
<meta property="og:locale" content="fr_FR" />
<meta property="og:type" content="article" />
<meta property="og:title" content="La parole est aux filles | Enquête - Commune de Modave" />
<meta property="og:description" content="À Modave, des animations existent pour les jeunes, mais aujourd’hui, les filles y participent très peu. Le secteur jeunesse lance cette mini-enquête avec un objectif clair : comprendre ce qui freine la participation, recueillir les envies et imaginer ensemble des projets qui vous ressemblent. Les filles à partir de 12 ans sont au cœur de&hellip;" />
<meta property="og:url" content="https://www.modave.be/index.php/services_communaux/la-parole-est-aux-filles-enquete/" />
<meta property="og:site_name" content="Commune de Modave" />
<meta property="article:modified_time" content="2026-01-23T12:27:52+00:00" />
<meta property="og:image" content="https://www.modave.be/wp-content/uploads/2026/01/affiche-sondage-e1769171143730.jpg" />
	<meta property="og:image:width" content="1654" />
	<meta property="og:image:height" content="827" />
	<meta property="og:image:type" content="image/jpeg" />
<meta name="twitter:card" content="summary_large_image" />
<meta name="twitter:label1" content="Durée de lecture estimée" />
	<meta name="twitter:data1" content="1 minute" />
<script type="application/ld+json" class="yoast-schema-graph">{"@context":"https:\/\/schema.org","@graph":[{"@type":"WebPage","@id":"https:\/\/www.modave.be\/index.php\/services_communaux\/la-parole-est-aux-filles-enquete\/","url":"https:\/\/www.modave.be\/index.php\/services_communaux\/la-parole-est-aux-filles-enquete\/","name":"La parole est aux filles | Enquête - Commune de Modave","isPartOf":{"@id":"https:\/\/www.modave.be\/#website"},"primaryImageOfPage":{"@id":"https:\/\/www.modave.be\/index.php\/services_communaux\/la-parole-est-aux-filles-enquete\/#primaryimage"},"image":{"@id":"https:\/\/www.modave.be\/index.php\/services_communaux\/la-parole-est-aux-filles-enquete\/#primaryimage"},"thumbnailUrl":"https:\/\/www.modave.be\/wp-content\/uploads\/2026\/01\/affiche-sondage-e1769171143730.jpg","datePublished":"2026-01-23T12:25:50+00:00","dateModified":"2026-01-23T12:27:52+00:00","breadcrumb":{"@id":"https:\/\/www.modave.be\/index.php\/services_communaux\/la-parole-est-aux-filles-enquete\/#breadcrumb"},"inLanguage":"fr-FR","potentialAction":[{"@type":"ReadAction","target":["https:\/\/www.modave.be\/index.php\/services_communaux\/la-parole-est-aux-filles-enquete\/"]}]},{"@type":"ImageObject","inLanguage":"fr-FR","@id":"https:\/\/www.modave.be\/index.php\/services_communaux\/la-parole-est-aux-filles-enquete\/#primaryimage","url":"https:\/\/www.modave.be\/wp-content\/uploads\/2026\/01\/affiche-sondage-e1769171143730.jpg","contentUrl":"https:\/\/www.modave.be\/wp-content\/uploads\/2026\/01\/affiche-sondage-e1769171143730.jpg","width":1654,"height":827},{"@type":"BreadcrumbList","@id":"https:\/\/www.modave.be\/index.php\/services_communaux\/la-parole-est-aux-filles-enquete\/#breadcrumb","itemListElement":[{"@type":"ListItem","position":1,"name":"Accueil","item":"https:\/\/www.modave.be\/"},{"@type":"ListItem","position":2,"name":"La parole est aux filles | Enquête"}]},{"@type":"WebSite","@id":"https:\/\/www.modave.be\/#website","url":"https:\/\/www.modave.be\/","name":"Commune de Modave","description":"Commune de Modave","publisher":{"@id":"https:\/\/www.modave.be\/#organization"},"potentialAction":[{"@type":"SearchAction","target":{"@type":"EntryPoint","urlTemplate":"https:\/\/www.modave.be\/?s={search_term_string}"},"query-input":{"@type":"PropertyValueSpecification","valueRequired":true,"valueName":"search_term_string"}}],"inLanguage":"fr-FR"},{"@type":"Organization","@id":"https:\/\/www.modave.be\/#organization","name":"Commune de Modave","url":"https:\/\/www.modave.be\/","logo":{"@type":"ImageObject","inLanguage":"fr-FR","@id":"https:\/\/www.modave.be\/#\/schema\/logo\/image\/","url":"https:\/\/www.modave.be\/wp-content\/uploads\/2021\/12\/MODAVE_LOGO_HORIZONTAL_QUADRI_RVB.png","contentUrl":"https:\/\/www.modave.be\/wp-content\/uploads\/2021\/12\/MODAVE_LOGO_HORIZONTAL_QUADRI_RVB.png","width":1200,"height":501,"caption":"Commune de Modave"},"image":{"@id":"https:\/\/www.modave.be\/#\/schema\/logo\/image\/"}}]}</script>
<!-- / Yoast SEO plugin. -->

La parole est aux filles | Enquête - Commune de Modave

À Modave, des animations existent pour les jeunes, mais aujourd’hui, les filles y participent très peu. Le secteur jeunesse lance cette mini-enquête avec un objectif clair : comprendre ce qui freine la participation, recueillir les envies et imaginer ensemble des projets qui vous ressemblent. Les filles à partir de 12 ans sont au cœur de&hellip;
