{"id":18366,"date":"2026-03-03T09:45:35","date_gmt":"2026-03-03T08:45:35","guid":{"rendered":"https:\/\/www.modave.be\/?post_type=services_communaux&#038;p=18366"},"modified":"2026-03-03T09:46:37","modified_gmt":"2026-03-03T08:46:37","slug":"bibliotheque-fermeture-exceptionnelle-les-6-et-7-mars","status":"publish","type":"services_communaux","link":"https:\/\/www.modave.be\/index.php\/services_communaux\/bibliotheque-fermeture-exceptionnelle-les-6-et-7-mars\/","title":{"rendered":"Biblioth\u00e8que | Fermeture exceptionnelle les 6 et 7 mars"},"content":{"rendered":"\n<p>La biblioth\u00e8que de Vierset sera <strong>exceptionnellement ferm\u00e9e le vendredi 6 mars et le samedi 7 mars<\/strong>. Cette fermeture ponctuelle ne permettra pas l\u2019accueil du public durant ces deux journ\u00e9es. Nous vous invitons donc \u00e0 anticiper vos pr\u00eats et retours de documents en cons\u00e9quence.<\/p>\n\n\n\n<p>La biblioth\u00e8que rouvrira selon son horaire habituel d\u00e8s la semaine suivante. Nous vous remercions pour votre compr\u00e9hension.<\/p>\n\n\n\n<figure class=\"wp-block-image size-full\"><img fetchpriority=\"high\" decoding=\"async\" width=\"940\" height=\"788\" src=\"https:\/\/www.modave.be\/wp-content\/uploads\/2026\/03\/Biblio.jpg\" alt=\"\" class=\"wp-image-18367\" srcset=\"https:\/\/www.modave.be\/wp-content\/uploads\/2026\/03\/Biblio.jpg 940w, https:\/\/www.modave.be\/wp-content\/uploads\/2026\/03\/Biblio-300x251.jpg 300w, https:\/\/www.modave.be\/wp-content\/uploads\/2026\/03\/Biblio-768x644.jpg 768w\" sizes=\"(max-width: 940px) 100vw, 940px\" \/><\/figure>\n","protected":false},"excerpt":{"rendered":"<p>La biblioth\u00e8que de Vierset sera exceptionnellement ferm\u00e9e le vendredi 6 mars et le samedi 7 mars. Cette fermeture ponctuelle ne permettra pas l\u2019accueil du public durant ces deux journ\u00e9es. Nous vous invitons donc \u00e0 anticiper vos pr\u00eats et retours de documents en cons\u00e9quence. La biblioth\u00e8que rouvrira selon son horaire habituel d\u00e8s la semaine suivante. Nous&hellip;<\/p>\n","protected":false},"author":9,"featured_media":12717,"menu_order":0,"template":"","categories":[211],"class_list":["post-18366","services_communaux","type-services_communaux","status-publish","has-post-thumbnail","hentry","category-bibliotheque","description-off"],"yoast_head":"<!-- This site is optimized with the Yoast SEO plugin v27.4 - https:\/\/yoast.com\/product\/yoast-seo-wordpress\/ -->\n<title>Biblioth\u00e8que | Fermeture exceptionnelle les 6 et 7 mars - Commune de Modave<\/title>\n<meta name=\"robots\" content=\"index, follow, max-snippet:-1, max-image-preview:large, max-video-preview:-1\" \/>\n<link rel=\"canonical\" href=\"https:\/\/www.modave.be\/index.php\/services_communaux\/bibliotheque-fermeture-exceptionnelle-les-6-et-7-mars\/\" \/>\n<meta property=\"og:locale\" content=\"fr_FR\" \/>\n<meta property=\"og:type\" content=\"article\" \/>\n<meta property=\"og:title\" content=\"Biblioth\u00e8que | Fermeture exceptionnelle les 6 et 7 mars - Commune de Modave\" \/>\n<meta property=\"og:description\" content=\"La biblioth\u00e8que de Vierset sera exceptionnellement ferm\u00e9e le vendredi 6 mars et le samedi 7 mars. Cette fermeture ponctuelle ne permettra pas l\u2019accueil du public durant ces deux journ\u00e9es. Nous vous invitons donc \u00e0 anticiper vos pr\u00eats et retours de documents en cons\u00e9quence. La biblioth\u00e8que rouvrira selon son horaire habituel d\u00e8s la semaine suivante. Nous&hellip;\" \/>\n<meta property=\"og:url\" content=\"https:\/\/www.modave.be\/index.php\/services_communaux\/bibliotheque-fermeture-exceptionnelle-les-6-et-7-mars\/\" \/>\n<meta property=\"og:site_name\" content=\"Commune de Modave\" \/>\n<meta property=\"article:modified_time\" content=\"2026-03-03T08:46:37+00:00\" \/>\n<meta property=\"og:image\" content=\"https:\/\/www.modave.be\/wp-content\/uploads\/2023\/12\/biblio2-e1772527470333.png\" \/>\n\t<meta property=\"og:image:width\" content=\"605\" \/>\n\t<meta property=\"og:image:height\" content=\"303\" \/>\n\t<meta property=\"og:image:type\" content=\"image\/png\" \/>\n<meta name=\"twitter:card\" content=\"summary_large_image\" \/>\n<meta name=\"twitter:label1\" content=\"Dur\u00e9e de lecture estim\u00e9e\" \/>\n\t<meta name=\"twitter:data1\" content=\"1 minute\" \/>\n<script type=\"application\/ld+json\" class=\"yoast-schema-graph\">{\"@context\":\"https:\\\/\\\/schema.org\",\"@graph\":[{\"@type\":\"WebPage\",\"@id\":\"https:\\\/\\\/www.modave.be\\\/index.php\\\/services_communaux\\\/bibliotheque-fermeture-exceptionnelle-les-6-et-7-mars\\\/\",\"url\":\"https:\\\/\\\/www.modave.be\\\/index.php\\\/services_communaux\\\/bibliotheque-fermeture-exceptionnelle-les-6-et-7-mars\\\/\",\"name\":\"Biblioth\u00e8que | Fermeture exceptionnelle les 6 et 7 mars - Commune de Modave\",\"isPartOf\":{\"@id\":\"https:\\\/\\\/www.modave.be\\\/#website\"},\"primaryImageOfPage\":{\"@id\":\"https:\\\/\\\/www.modave.be\\\/index.php\\\/services_communaux\\\/bibliotheque-fermeture-exceptionnelle-les-6-et-7-mars\\\/#primaryimage\"},\"image\":{\"@id\":\"https:\\\/\\\/www.modave.be\\\/index.php\\\/services_communaux\\\/bibliotheque-fermeture-exceptionnelle-les-6-et-7-mars\\\/#primaryimage\"},\"thumbnailUrl\":\"https:\\\/\\\/www.modave.be\\\/wp-content\\\/uploads\\\/2023\\\/12\\\/biblio2-e1772527470333.png\",\"datePublished\":\"2026-03-03T08:45:35+00:00\",\"dateModified\":\"2026-03-03T08:46:37+00:00\",\"breadcrumb\":{\"@id\":\"https:\\\/\\\/www.modave.be\\\/index.php\\\/services_communaux\\\/bibliotheque-fermeture-exceptionnelle-les-6-et-7-mars\\\/#breadcrumb\"},\"inLanguage\":\"fr-FR\",\"potentialAction\":[{\"@type\":\"ReadAction\",\"target\":[\"https:\\\/\\\/www.modave.be\\\/index.php\\\/services_communaux\\\/bibliotheque-fermeture-exceptionnelle-les-6-et-7-mars\\\/\"]}]},{\"@type\":\"ImageObject\",\"inLanguage\":\"fr-FR\",\"@id\":\"https:\\\/\\\/www.modave.be\\\/index.php\\\/services_communaux\\\/bibliotheque-fermeture-exceptionnelle-les-6-et-7-mars\\\/#primaryimage\",\"url\":\"https:\\\/\\\/www.modave.be\\\/wp-content\\\/uploads\\\/2023\\\/12\\\/biblio2-e1772527470333.png\",\"contentUrl\":\"https:\\\/\\\/www.modave.be\\\/wp-content\\\/uploads\\\/2023\\\/12\\\/biblio2-e1772527470333.png\",\"width\":605,\"height\":303},{\"@type\":\"BreadcrumbList\",\"@id\":\"https:\\\/\\\/www.modave.be\\\/index.php\\\/services_communaux\\\/bibliotheque-fermeture-exceptionnelle-les-6-et-7-mars\\\/#breadcrumb\",\"itemListElement\":[{\"@type\":\"ListItem\",\"position\":1,\"name\":\"Accueil\",\"item\":\"https:\\\/\\\/www.modave.be\\\/\"},{\"@type\":\"ListItem\",\"position\":2,\"name\":\"Biblioth\u00e8que | Fermeture exceptionnelle les 6 et 7 mars\"}]},{\"@type\":\"WebSite\",\"@id\":\"https:\\\/\\\/www.modave.be\\\/#website\",\"url\":\"https:\\\/\\\/www.modave.be\\\/\",\"name\":\"Commune de Modave\",\"description\":\"Commune de Modave\",\"publisher\":{\"@id\":\"https:\\\/\\\/www.modave.be\\\/#organization\"},\"potentialAction\":[{\"@type\":\"SearchAction\",\"target\":{\"@type\":\"EntryPoint\",\"urlTemplate\":\"https:\\\/\\\/www.modave.be\\\/?s={search_term_string}\"},\"query-input\":{\"@type\":\"PropertyValueSpecification\",\"valueRequired\":true,\"valueName\":\"search_term_string\"}}],\"inLanguage\":\"fr-FR\"},{\"@type\":\"Organization\",\"@id\":\"https:\\\/\\\/www.modave.be\\\/#organization\",\"name\":\"Commune de Modave\",\"url\":\"https:\\\/\\\/www.modave.be\\\/\",\"logo\":{\"@type\":\"ImageObject\",\"inLanguage\":\"fr-FR\",\"@id\":\"https:\\\/\\\/www.modave.be\\\/#\\\/schema\\\/logo\\\/image\\\/\",\"url\":\"https:\\\/\\\/www.modave.be\\\/wp-content\\\/uploads\\\/2021\\\/12\\\/MODAVE_LOGO_HORIZONTAL_QUADRI_RVB.png\",\"contentUrl\":\"https:\\\/\\\/www.modave.be\\\/wp-content\\\/uploads\\\/2021\\\/12\\\/MODAVE_LOGO_HORIZONTAL_QUADRI_RVB.png\",\"width\":1200,\"height\":501,\"caption\":\"Commune de Modave\"},\"image\":{\"@id\":\"https:\\\/\\\/www.modave.be\\\/#\\\/schema\\\/logo\\\/image\\\/\"}}]}<\/script>\n<!-- \/ Yoast SEO plugin. -->","yoast_head_json":{"title":"Biblioth\u00e8que | Fermeture exceptionnelle les 6 et 7 mars - Commune de Modave","robots":{"index":"index","follow":"follow","max-snippet":"max-snippet:-1","max-image-preview":"max-image-preview:large","max-video-preview":"max-video-preview:-1"},"canonical":"https:\/\/www.modave.be\/index.php\/services_communaux\/bibliotheque-fermeture-exceptionnelle-les-6-et-7-mars\/","og_locale":"fr_FR","og_type":"article","og_title":"Biblioth\u00e8que | Fermeture exceptionnelle les 6 et 7 mars - Commune de Modave","og_description":"La biblioth\u00e8que de Vierset sera exceptionnellement ferm\u00e9e le vendredi 6 mars et le samedi 7 mars. Cette fermeture ponctuelle ne permettra pas l\u2019accueil du public durant ces deux journ\u00e9es. Nous vous invitons donc \u00e0 anticiper vos pr\u00eats et retours de documents en cons\u00e9quence. La biblioth\u00e8que rouvrira selon son horaire habituel d\u00e8s la semaine suivante. Nous&hellip;","og_url":"https:\/\/www.modave.be\/index.php\/services_communaux\/bibliotheque-fermeture-exceptionnelle-les-6-et-7-mars\/","og_site_name":"Commune de Modave","article_modified_time":"2026-03-03T08:46:37+00:00","og_image":[{"width":605,"height":303,"url":"https:\/\/www.modave.be\/wp-content\/uploads\/2023\/12\/biblio2-e1772527470333.png","type":"image\/png"}],"twitter_card":"summary_large_image","twitter_misc":{"Dur\u00e9e de lecture estim\u00e9e":"1 minute"},"schema":{"@context":"https:\/\/schema.org","@graph":[{"@type":"WebPage","@id":"https:\/\/www.modave.be\/index.php\/services_communaux\/bibliotheque-fermeture-exceptionnelle-les-6-et-7-mars\/","url":"https:\/\/www.modave.be\/index.php\/services_communaux\/bibliotheque-fermeture-exceptionnelle-les-6-et-7-mars\/","name":"Biblioth\u00e8que | Fermeture exceptionnelle les 6 et 7 mars - Commune de Modave","isPartOf":{"@id":"https:\/\/www.modave.be\/#website"},"primaryImageOfPage":{"@id":"https:\/\/www.modave.be\/index.php\/services_communaux\/bibliotheque-fermeture-exceptionnelle-les-6-et-7-mars\/#primaryimage"},"image":{"@id":"https:\/\/www.modave.be\/index.php\/services_communaux\/bibliotheque-fermeture-exceptionnelle-les-6-et-7-mars\/#primaryimage"},"thumbnailUrl":"https:\/\/www.modave.be\/wp-content\/uploads\/2023\/12\/biblio2-e1772527470333.png","datePublished":"2026-03-03T08:45:35+00:00","dateModified":"2026-03-03T08:46:37+00:00","breadcrumb":{"@id":"https:\/\/www.modave.be\/index.php\/services_communaux\/bibliotheque-fermeture-exceptionnelle-les-6-et-7-mars\/#breadcrumb"},"inLanguage":"fr-FR","potentialAction":[{"@type":"ReadAction","target":["https:\/\/www.modave.be\/index.php\/services_communaux\/bibliotheque-fermeture-exceptionnelle-les-6-et-7-mars\/"]}]},{"@type":"ImageObject","inLanguage":"fr-FR","@id":"https:\/\/www.modave.be\/index.php\/services_communaux\/bibliotheque-fermeture-exceptionnelle-les-6-et-7-mars\/#primaryimage","url":"https:\/\/www.modave.be\/wp-content\/uploads\/2023\/12\/biblio2-e1772527470333.png","contentUrl":"https:\/\/www.modave.be\/wp-content\/uploads\/2023\/12\/biblio2-e1772527470333.png","width":605,"height":303},{"@type":"BreadcrumbList","@id":"https:\/\/www.modave.be\/index.php\/services_communaux\/bibliotheque-fermeture-exceptionnelle-les-6-et-7-mars\/#breadcrumb","itemListElement":[{"@type":"ListItem","position":1,"name":"Accueil","item":"https:\/\/www.modave.be\/"},{"@type":"ListItem","position":2,"name":"Biblioth\u00e8que | Fermeture exceptionnelle les 6 et 7 mars"}]},{"@type":"WebSite","@id":"https:\/\/www.modave.be\/#website","url":"https:\/\/www.modave.be\/","name":"Commune de Modave","description":"Commune de Modave","publisher":{"@id":"https:\/\/www.modave.be\/#organization"},"potentialAction":[{"@type":"SearchAction","target":{"@type":"EntryPoint","urlTemplate":"https:\/\/www.modave.be\/?s={search_term_string}"},"query-input":{"@type":"PropertyValueSpecification","valueRequired":true,"valueName":"search_term_string"}}],"inLanguage":"fr-FR"},{"@type":"Organization","@id":"https:\/\/www.modave.be\/#organization","name":"Commune de Modave","url":"https:\/\/www.modave.be\/","logo":{"@type":"ImageObject","inLanguage":"fr-FR","@id":"https:\/\/www.modave.be\/#\/schema\/logo\/image\/","url":"https:\/\/www.modave.be\/wp-content\/uploads\/2021\/12\/MODAVE_LOGO_HORIZONTAL_QUADRI_RVB.png","contentUrl":"https:\/\/www.modave.be\/wp-content\/uploads\/2021\/12\/MODAVE_LOGO_HORIZONTAL_QUADRI_RVB.png","width":1200,"height":501,"caption":"Commune de Modave"},"image":{"@id":"https:\/\/www.modave.be\/#\/schema\/logo\/image\/"}}]}},"_links":{"self":[{"href":"https:\/\/www.modave.be\/index.php\/wp-json\/wp\/v2\/services_communaux\/18366","targetHints":{"allow":["GET"]}}],"collection":[{"href":"https:\/\/www.modave.be\/index.php\/wp-json\/wp\/v2\/services_communaux"}],"about":[{"href":"https:\/\/www.modave.be\/index.php\/wp-json\/wp\/v2\/types\/services_communaux"}],"author":[{"embeddable":true,"href":"https:\/\/www.modave.be\/index.php\/wp-json\/wp\/v2\/users\/9"}],"wp:featuredmedia":[{"embeddable":true,"href":"https:\/\/www.modave.be\/index.php\/wp-json\/wp\/v2\/media\/12717"}],"wp:attachment":[{"href":"https:\/\/www.modave.be\/index.php\/wp-json\/wp\/v2\/media?parent=18366"}],"wp:term":[{"taxonomy":"category","embeddable":true,"href":"https:\/\/www.modave.be\/index.php\/wp-json\/wp\/v2\/categories?post=18366"}],"curies":[{"name":"wp","href":"https:\/\/api.w.org\/{rel}","templated":true}]}}

Bibliothèque | Fermeture exceptionnelle les 6 et 7 mars

<p>La bibliothèque de Vierset sera <strong>exceptionnellement fermée le vendredi 6 mars et le samedi 7 mars</strong>. Cette fermeture ponctuelle ne permettra pas l’accueil du public durant ces deux journées. Nous vous invitons donc à anticiper vos prêts et retours de documents en conséquence.</p>



<p>La bibliothèque rouvrira selon son horaire habituel dès la semaine suivante. Nous vous remercions pour votre compréhension.</p>



<figure class="wp-block-image size-full"><img fetchpriority="high" decoding="async" width="940" height="788" src="https://www.modave.be/wp-content/uploads/2026/03/Biblio.jpg" alt="" class="wp-image-18367" srcset="https://www.modave.be/wp-content/uploads/2026/03/Biblio.jpg 940w, https://www.modave.be/wp-content/uploads/2026/03/Biblio-300x251.jpg 300w, https://www.modave.be/wp-content/uploads/2026/03/Biblio-768x644.jpg 768w" sizes="(max-width: 940px) 100vw, 940px" /></figure>

<p>La bibliothèque de Vierset sera exceptionnellement fermée le vendredi 6 mars et le samedi 7 mars. Cette fermeture ponctuelle ne permettra pas l’accueil du public durant ces deux journées. Nous vous invitons donc à anticiper vos prêts et retours de documents en conséquence. La bibliothèque rouvrira selon son horaire habituel dès la semaine suivante. Nous&hellip;</p>

<!-- This site is optimized with the Yoast SEO plugin v27.4 - https://yoast.com/product/yoast-seo-wordpress/ -->
<title>Bibliothèque | Fermeture exceptionnelle les 6 et 7 mars - Commune de Modave</title>
<meta name="robots" content="index, follow, max-snippet:-1, max-image-preview:large, max-video-preview:-1" />
<link rel="canonical" href="https://www.modave.be/index.php/services_communaux/bibliotheque-fermeture-exceptionnelle-les-6-et-7-mars/" />
<meta property="og:locale" content="fr_FR" />
<meta property="og:type" content="article" />
<meta property="og:title" content="Bibliothèque | Fermeture exceptionnelle les 6 et 7 mars - Commune de Modave" />
<meta property="og:description" content="La bibliothèque de Vierset sera exceptionnellement fermée le vendredi 6 mars et le samedi 7 mars. Cette fermeture ponctuelle ne permettra pas l’accueil du public durant ces deux journées. Nous vous invitons donc à anticiper vos prêts et retours de documents en conséquence. La bibliothèque rouvrira selon son horaire habituel dès la semaine suivante. Nous&hellip;" />
<meta property="og:url" content="https://www.modave.be/index.php/services_communaux/bibliotheque-fermeture-exceptionnelle-les-6-et-7-mars/" />
<meta property="og:site_name" content="Commune de Modave" />
<meta property="article:modified_time" content="2026-03-03T08:46:37+00:00" />
<meta property="og:image" content="https://www.modave.be/wp-content/uploads/2023/12/biblio2-e1772527470333.png" />
	<meta property="og:image:width" content="605" />
	<meta property="og:image:height" content="303" />
	<meta property="og:image:type" content="image/png" />
<meta name="twitter:card" content="summary_large_image" />
<meta name="twitter:label1" content="Durée de lecture estimée" />
	<meta name="twitter:data1" content="1 minute" />
<script type="application/ld+json" class="yoast-schema-graph">{"@context":"https:\/\/schema.org","@graph":[{"@type":"WebPage","@id":"https:\/\/www.modave.be\/index.php\/services_communaux\/bibliotheque-fermeture-exceptionnelle-les-6-et-7-mars\/","url":"https:\/\/www.modave.be\/index.php\/services_communaux\/bibliotheque-fermeture-exceptionnelle-les-6-et-7-mars\/","name":"Bibliothèque | Fermeture exceptionnelle les 6 et 7 mars - Commune de Modave","isPartOf":{"@id":"https:\/\/www.modave.be\/#website"},"primaryImageOfPage":{"@id":"https:\/\/www.modave.be\/index.php\/services_communaux\/bibliotheque-fermeture-exceptionnelle-les-6-et-7-mars\/#primaryimage"},"image":{"@id":"https:\/\/www.modave.be\/index.php\/services_communaux\/bibliotheque-fermeture-exceptionnelle-les-6-et-7-mars\/#primaryimage"},"thumbnailUrl":"https:\/\/www.modave.be\/wp-content\/uploads\/2023\/12\/biblio2-e1772527470333.png","datePublished":"2026-03-03T08:45:35+00:00","dateModified":"2026-03-03T08:46:37+00:00","breadcrumb":{"@id":"https:\/\/www.modave.be\/index.php\/services_communaux\/bibliotheque-fermeture-exceptionnelle-les-6-et-7-mars\/#breadcrumb"},"inLanguage":"fr-FR","potentialAction":[{"@type":"ReadAction","target":["https:\/\/www.modave.be\/index.php\/services_communaux\/bibliotheque-fermeture-exceptionnelle-les-6-et-7-mars\/"]}]},{"@type":"ImageObject","inLanguage":"fr-FR","@id":"https:\/\/www.modave.be\/index.php\/services_communaux\/bibliotheque-fermeture-exceptionnelle-les-6-et-7-mars\/#primaryimage","url":"https:\/\/www.modave.be\/wp-content\/uploads\/2023\/12\/biblio2-e1772527470333.png","contentUrl":"https:\/\/www.modave.be\/wp-content\/uploads\/2023\/12\/biblio2-e1772527470333.png","width":605,"height":303},{"@type":"BreadcrumbList","@id":"https:\/\/www.modave.be\/index.php\/services_communaux\/bibliotheque-fermeture-exceptionnelle-les-6-et-7-mars\/#breadcrumb","itemListElement":[{"@type":"ListItem","position":1,"name":"Accueil","item":"https:\/\/www.modave.be\/"},{"@type":"ListItem","position":2,"name":"Bibliothèque | Fermeture exceptionnelle les 6 et 7 mars"}]},{"@type":"WebSite","@id":"https:\/\/www.modave.be\/#website","url":"https:\/\/www.modave.be\/","name":"Commune de Modave","description":"Commune de Modave","publisher":{"@id":"https:\/\/www.modave.be\/#organization"},"potentialAction":[{"@type":"SearchAction","target":{"@type":"EntryPoint","urlTemplate":"https:\/\/www.modave.be\/?s={search_term_string}"},"query-input":{"@type":"PropertyValueSpecification","valueRequired":true,"valueName":"search_term_string"}}],"inLanguage":"fr-FR"},{"@type":"Organization","@id":"https:\/\/www.modave.be\/#organization","name":"Commune de Modave","url":"https:\/\/www.modave.be\/","logo":{"@type":"ImageObject","inLanguage":"fr-FR","@id":"https:\/\/www.modave.be\/#\/schema\/logo\/image\/","url":"https:\/\/www.modave.be\/wp-content\/uploads\/2021\/12\/MODAVE_LOGO_HORIZONTAL_QUADRI_RVB.png","contentUrl":"https:\/\/www.modave.be\/wp-content\/uploads\/2021\/12\/MODAVE_LOGO_HORIZONTAL_QUADRI_RVB.png","width":1200,"height":501,"caption":"Commune de Modave"},"image":{"@id":"https:\/\/www.modave.be\/#\/schema\/logo\/image\/"}}]}</script>
<!-- / Yoast SEO plugin. -->

Bibliothèque | Fermeture exceptionnelle les 6 et 7 mars - Commune de Modave

La bibliothèque de Vierset sera exceptionnellement fermée le vendredi 6 mars et le samedi 7 mars. Cette fermeture ponctuelle ne permettra pas l’accueil du public durant ces deux journées. Nous vous invitons donc à anticiper vos prêts et retours de documents en conséquence. La bibliothèque rouvrira selon son horaire habituel dès la semaine suivante. Nous&hellip;
