{"id":18368,"date":"2026-03-04T10:06:31","date_gmt":"2026-03-04T09:06:31","guid":{"rendered":"https:\/\/www.modave.be\/?post_type=services_communaux&#038;p=18368"},"modified":"2026-03-04T10:07:33","modified_gmt":"2026-03-04T09:07:33","slug":"exercice-militaire-du-23-au-25-mars-2026","status":"publish","type":"services_communaux","link":"https:\/\/www.modave.be\/index.php\/services_communaux\/exercice-militaire-du-23-au-25-mars-2026\/","title":{"rendered":"Exercice militaire | Du 23 au 25 mars 2026"},"content":{"rendered":"\n<h2 class=\"wp-block-heading\">Exercice militaire | Du 23 au 25 mars 2026<\/h2>\n\n\n\n<p>Un exercice d\u2019entra\u00eenement militaire se d\u00e9roulera sur le territoire de plusieurs communes, dont Modave, sans danger pour la population.<\/p>\n\n\n\n<ul class=\"wp-block-list\">\n<li>Pr\u00e9sence possible de v\u00e9hicules militaires sur certaines voiries.<\/li>\n\n\n\n<li>Utilisation de munitions \u00e0 blanc uniquement, dans le strict respect des r\u00e8gles de s\u00e9curit\u00e9 et des propri\u00e9t\u00e9s priv\u00e9es.<\/li>\n<\/ul>\n\n\n\n<p>Merci de votre compr\u00e9hension si vous deviez croiser des militaires sur le terrain.<\/p>\n\n\n\n<p><\/p>\n","protected":false},"excerpt":{"rendered":"<p>Exercice militaire | Du 23 au 25 mars 2026 Un exercice d\u2019entra\u00eenement militaire se d\u00e9roulera sur le territoire de plusieurs communes, dont Modave, sans danger pour la population. Merci de votre compr\u00e9hension si vous deviez croiser des militaires sur le terrain.<\/p>\n","protected":false},"author":9,"featured_media":18307,"menu_order":1,"template":"","categories":[1],"class_list":["post-18368","services_communaux","type-services_communaux","status-publish","has-post-thumbnail","hentry","category-non-classe","description-off"],"yoast_head":"<!-- This site is optimized with the Yoast SEO plugin v27.4 - https:\/\/yoast.com\/product\/yoast-seo-wordpress\/ -->\n<title>Exercice militaire | Du 23 au 25 mars 2026 - Commune de Modave<\/title>\n<meta name=\"description\" content=\"Exercice militaire | Du 19 au 22 f\u00e9vrier\" \/>\n<meta name=\"robots\" content=\"index, follow, max-snippet:-1, max-image-preview:large, max-video-preview:-1\" \/>\n<link rel=\"canonical\" href=\"https:\/\/www.modave.be\/index.php\/services_communaux\/exercice-militaire-du-23-au-25-mars-2026\/\" \/>\n<meta property=\"og:locale\" content=\"fr_FR\" \/>\n<meta property=\"og:type\" content=\"article\" \/>\n<meta property=\"og:title\" content=\"Exercice militaire | Du 23 au 25 mars 2026 - Commune de Modave\" \/>\n<meta property=\"og:description\" content=\"Exercice militaire | Du 19 au 22 f\u00e9vrier\" \/>\n<meta property=\"og:url\" content=\"https:\/\/www.modave.be\/index.php\/services_communaux\/exercice-militaire-du-23-au-25-mars-2026\/\" \/>\n<meta property=\"og:site_name\" content=\"Commune de Modave\" \/>\n<meta property=\"article:modified_time\" content=\"2026-03-04T09:07:33+00:00\" \/>\n<meta property=\"og:image\" content=\"https:\/\/www.modave.be\/wp-content\/uploads\/2026\/02\/Militaire-e1771510052411.jpg\" \/>\n\t<meta property=\"og:image:width\" content=\"1080\" \/>\n\t<meta property=\"og:image:height\" content=\"540\" \/>\n\t<meta property=\"og:image:type\" content=\"image\/jpeg\" \/>\n<meta name=\"twitter:card\" content=\"summary_large_image\" \/>\n<meta name=\"twitter:label1\" content=\"Dur\u00e9e de lecture estim\u00e9e\" \/>\n\t<meta name=\"twitter:data1\" content=\"1 minute\" \/>\n<script type=\"application\/ld+json\" class=\"yoast-schema-graph\">{\"@context\":\"https:\\\/\\\/schema.org\",\"@graph\":[{\"@type\":\"WebPage\",\"@id\":\"https:\\\/\\\/www.modave.be\\\/index.php\\\/services_communaux\\\/exercice-militaire-du-23-au-25-mars-2026\\\/\",\"url\":\"https:\\\/\\\/www.modave.be\\\/index.php\\\/services_communaux\\\/exercice-militaire-du-23-au-25-mars-2026\\\/\",\"name\":\"Exercice militaire | Du 23 au 25 mars 2026 - Commune de Modave\",\"isPartOf\":{\"@id\":\"https:\\\/\\\/www.modave.be\\\/#website\"},\"primaryImageOfPage\":{\"@id\":\"https:\\\/\\\/www.modave.be\\\/index.php\\\/services_communaux\\\/exercice-militaire-du-23-au-25-mars-2026\\\/#primaryimage\"},\"image\":{\"@id\":\"https:\\\/\\\/www.modave.be\\\/index.php\\\/services_communaux\\\/exercice-militaire-du-23-au-25-mars-2026\\\/#primaryimage\"},\"thumbnailUrl\":\"https:\\\/\\\/www.modave.be\\\/wp-content\\\/uploads\\\/2026\\\/02\\\/Militaire-e1771510052411.jpg\",\"datePublished\":\"2026-03-04T09:06:31+00:00\",\"dateModified\":\"2026-03-04T09:07:33+00:00\",\"description\":\"Exercice militaire | Du 19 au 22 f\u00e9vrier\",\"breadcrumb\":{\"@id\":\"https:\\\/\\\/www.modave.be\\\/index.php\\\/services_communaux\\\/exercice-militaire-du-23-au-25-mars-2026\\\/#breadcrumb\"},\"inLanguage\":\"fr-FR\",\"potentialAction\":[{\"@type\":\"ReadAction\",\"target\":[\"https:\\\/\\\/www.modave.be\\\/index.php\\\/services_communaux\\\/exercice-militaire-du-23-au-25-mars-2026\\\/\"]}]},{\"@type\":\"ImageObject\",\"inLanguage\":\"fr-FR\",\"@id\":\"https:\\\/\\\/www.modave.be\\\/index.php\\\/services_communaux\\\/exercice-militaire-du-23-au-25-mars-2026\\\/#primaryimage\",\"url\":\"https:\\\/\\\/www.modave.be\\\/wp-content\\\/uploads\\\/2026\\\/02\\\/Militaire-e1771510052411.jpg\",\"contentUrl\":\"https:\\\/\\\/www.modave.be\\\/wp-content\\\/uploads\\\/2026\\\/02\\\/Militaire-e1771510052411.jpg\",\"width\":1080,\"height\":540},{\"@type\":\"BreadcrumbList\",\"@id\":\"https:\\\/\\\/www.modave.be\\\/index.php\\\/services_communaux\\\/exercice-militaire-du-23-au-25-mars-2026\\\/#breadcrumb\",\"itemListElement\":[{\"@type\":\"ListItem\",\"position\":1,\"name\":\"Accueil\",\"item\":\"https:\\\/\\\/www.modave.be\\\/\"},{\"@type\":\"ListItem\",\"position\":2,\"name\":\"Exercice militaire | Du 23 au 25 mars 2026\"}]},{\"@type\":\"WebSite\",\"@id\":\"https:\\\/\\\/www.modave.be\\\/#website\",\"url\":\"https:\\\/\\\/www.modave.be\\\/\",\"name\":\"Commune de Modave\",\"description\":\"Commune de Modave\",\"publisher\":{\"@id\":\"https:\\\/\\\/www.modave.be\\\/#organization\"},\"potentialAction\":[{\"@type\":\"SearchAction\",\"target\":{\"@type\":\"EntryPoint\",\"urlTemplate\":\"https:\\\/\\\/www.modave.be\\\/?s={search_term_string}\"},\"query-input\":{\"@type\":\"PropertyValueSpecification\",\"valueRequired\":true,\"valueName\":\"search_term_string\"}}],\"inLanguage\":\"fr-FR\"},{\"@type\":\"Organization\",\"@id\":\"https:\\\/\\\/www.modave.be\\\/#organization\",\"name\":\"Commune de Modave\",\"url\":\"https:\\\/\\\/www.modave.be\\\/\",\"logo\":{\"@type\":\"ImageObject\",\"inLanguage\":\"fr-FR\",\"@id\":\"https:\\\/\\\/www.modave.be\\\/#\\\/schema\\\/logo\\\/image\\\/\",\"url\":\"https:\\\/\\\/www.modave.be\\\/wp-content\\\/uploads\\\/2021\\\/12\\\/MODAVE_LOGO_HORIZONTAL_QUADRI_RVB.png\",\"contentUrl\":\"https:\\\/\\\/www.modave.be\\\/wp-content\\\/uploads\\\/2021\\\/12\\\/MODAVE_LOGO_HORIZONTAL_QUADRI_RVB.png\",\"width\":1200,\"height\":501,\"caption\":\"Commune de Modave\"},\"image\":{\"@id\":\"https:\\\/\\\/www.modave.be\\\/#\\\/schema\\\/logo\\\/image\\\/\"}}]}<\/script>\n<!-- \/ Yoast SEO plugin. -->","yoast_head_json":{"title":"Exercice militaire | Du 23 au 25 mars 2026 - Commune de Modave","description":"Exercice militaire | Du 19 au 22 f\u00e9vrier","robots":{"index":"index","follow":"follow","max-snippet":"max-snippet:-1","max-image-preview":"max-image-preview:large","max-video-preview":"max-video-preview:-1"},"canonical":"https:\/\/www.modave.be\/index.php\/services_communaux\/exercice-militaire-du-23-au-25-mars-2026\/","og_locale":"fr_FR","og_type":"article","og_title":"Exercice militaire | Du 23 au 25 mars 2026 - Commune de Modave","og_description":"Exercice militaire | Du 19 au 22 f\u00e9vrier","og_url":"https:\/\/www.modave.be\/index.php\/services_communaux\/exercice-militaire-du-23-au-25-mars-2026\/","og_site_name":"Commune de Modave","article_modified_time":"2026-03-04T09:07:33+00:00","og_image":[{"width":1080,"height":540,"url":"https:\/\/www.modave.be\/wp-content\/uploads\/2026\/02\/Militaire-e1771510052411.jpg","type":"image\/jpeg"}],"twitter_card":"summary_large_image","twitter_misc":{"Dur\u00e9e de lecture estim\u00e9e":"1 minute"},"schema":{"@context":"https:\/\/schema.org","@graph":[{"@type":"WebPage","@id":"https:\/\/www.modave.be\/index.php\/services_communaux\/exercice-militaire-du-23-au-25-mars-2026\/","url":"https:\/\/www.modave.be\/index.php\/services_communaux\/exercice-militaire-du-23-au-25-mars-2026\/","name":"Exercice militaire | Du 23 au 25 mars 2026 - Commune de Modave","isPartOf":{"@id":"https:\/\/www.modave.be\/#website"},"primaryImageOfPage":{"@id":"https:\/\/www.modave.be\/index.php\/services_communaux\/exercice-militaire-du-23-au-25-mars-2026\/#primaryimage"},"image":{"@id":"https:\/\/www.modave.be\/index.php\/services_communaux\/exercice-militaire-du-23-au-25-mars-2026\/#primaryimage"},"thumbnailUrl":"https:\/\/www.modave.be\/wp-content\/uploads\/2026\/02\/Militaire-e1771510052411.jpg","datePublished":"2026-03-04T09:06:31+00:00","dateModified":"2026-03-04T09:07:33+00:00","description":"Exercice militaire | Du 19 au 22 f\u00e9vrier","breadcrumb":{"@id":"https:\/\/www.modave.be\/index.php\/services_communaux\/exercice-militaire-du-23-au-25-mars-2026\/#breadcrumb"},"inLanguage":"fr-FR","potentialAction":[{"@type":"ReadAction","target":["https:\/\/www.modave.be\/index.php\/services_communaux\/exercice-militaire-du-23-au-25-mars-2026\/"]}]},{"@type":"ImageObject","inLanguage":"fr-FR","@id":"https:\/\/www.modave.be\/index.php\/services_communaux\/exercice-militaire-du-23-au-25-mars-2026\/#primaryimage","url":"https:\/\/www.modave.be\/wp-content\/uploads\/2026\/02\/Militaire-e1771510052411.jpg","contentUrl":"https:\/\/www.modave.be\/wp-content\/uploads\/2026\/02\/Militaire-e1771510052411.jpg","width":1080,"height":540},{"@type":"BreadcrumbList","@id":"https:\/\/www.modave.be\/index.php\/services_communaux\/exercice-militaire-du-23-au-25-mars-2026\/#breadcrumb","itemListElement":[{"@type":"ListItem","position":1,"name":"Accueil","item":"https:\/\/www.modave.be\/"},{"@type":"ListItem","position":2,"name":"Exercice militaire | Du 23 au 25 mars 2026"}]},{"@type":"WebSite","@id":"https:\/\/www.modave.be\/#website","url":"https:\/\/www.modave.be\/","name":"Commune de Modave","description":"Commune de Modave","publisher":{"@id":"https:\/\/www.modave.be\/#organization"},"potentialAction":[{"@type":"SearchAction","target":{"@type":"EntryPoint","urlTemplate":"https:\/\/www.modave.be\/?s={search_term_string}"},"query-input":{"@type":"PropertyValueSpecification","valueRequired":true,"valueName":"search_term_string"}}],"inLanguage":"fr-FR"},{"@type":"Organization","@id":"https:\/\/www.modave.be\/#organization","name":"Commune de Modave","url":"https:\/\/www.modave.be\/","logo":{"@type":"ImageObject","inLanguage":"fr-FR","@id":"https:\/\/www.modave.be\/#\/schema\/logo\/image\/","url":"https:\/\/www.modave.be\/wp-content\/uploads\/2021\/12\/MODAVE_LOGO_HORIZONTAL_QUADRI_RVB.png","contentUrl":"https:\/\/www.modave.be\/wp-content\/uploads\/2021\/12\/MODAVE_LOGO_HORIZONTAL_QUADRI_RVB.png","width":1200,"height":501,"caption":"Commune de Modave"},"image":{"@id":"https:\/\/www.modave.be\/#\/schema\/logo\/image\/"}}]}},"_links":{"self":[{"href":"https:\/\/www.modave.be\/index.php\/wp-json\/wp\/v2\/services_communaux\/18368","targetHints":{"allow":["GET"]}}],"collection":[{"href":"https:\/\/www.modave.be\/index.php\/wp-json\/wp\/v2\/services_communaux"}],"about":[{"href":"https:\/\/www.modave.be\/index.php\/wp-json\/wp\/v2\/types\/services_communaux"}],"author":[{"embeddable":true,"href":"https:\/\/www.modave.be\/index.php\/wp-json\/wp\/v2\/users\/9"}],"wp:featuredmedia":[{"embeddable":true,"href":"https:\/\/www.modave.be\/index.php\/wp-json\/wp\/v2\/media\/18307"}],"wp:attachment":[{"href":"https:\/\/www.modave.be\/index.php\/wp-json\/wp\/v2\/media?parent=18368"}],"wp:term":[{"taxonomy":"category","embeddable":true,"href":"https:\/\/www.modave.be\/index.php\/wp-json\/wp\/v2\/categories?post=18368"}],"curies":[{"name":"wp","href":"https:\/\/api.w.org\/{rel}","templated":true}]}}

<h2 class="wp-block-heading">Exercice militaire | Du 23 au 25 mars 2026</h2>



<p>Un exercice d’entraînement militaire se déroulera sur le territoire de plusieurs communes, dont Modave, sans danger pour la population.</p>



<ul class="wp-block-list">
<li>Présence possible de véhicules militaires sur certaines voiries.</li>



<li>Utilisation de munitions à blanc uniquement, dans le strict respect des règles de sécurité et des propriétés privées.</li>
</ul>



<p>Merci de votre compréhension si vous deviez croiser des militaires sur le terrain.</p>



<p></p>

<p>Exercice militaire | Du 23 au 25 mars 2026 Un exercice d’entraînement militaire se déroulera sur le territoire de plusieurs communes, dont Modave, sans danger pour la population. Merci de votre compréhension si vous deviez croiser des militaires sur le terrain.</p>

<!-- This site is optimized with the Yoast SEO plugin v27.4 - https://yoast.com/product/yoast-seo-wordpress/ -->
<title>Exercice militaire | Du 23 au 25 mars 2026 - Commune de Modave</title>
<meta name="description" content="Exercice militaire | Du 19 au 22 février" />
<meta name="robots" content="index, follow, max-snippet:-1, max-image-preview:large, max-video-preview:-1" />
<link rel="canonical" href="https://www.modave.be/index.php/services_communaux/exercice-militaire-du-23-au-25-mars-2026/" />
<meta property="og:locale" content="fr_FR" />
<meta property="og:type" content="article" />
<meta property="og:title" content="Exercice militaire | Du 23 au 25 mars 2026 - Commune de Modave" />
<meta property="og:description" content="Exercice militaire | Du 19 au 22 février" />
<meta property="og:url" content="https://www.modave.be/index.php/services_communaux/exercice-militaire-du-23-au-25-mars-2026/" />
<meta property="og:site_name" content="Commune de Modave" />
<meta property="article:modified_time" content="2026-03-04T09:07:33+00:00" />
<meta property="og:image" content="https://www.modave.be/wp-content/uploads/2026/02/Militaire-e1771510052411.jpg" />
	<meta property="og:image:width" content="1080" />
	<meta property="og:image:height" content="540" />
	<meta property="og:image:type" content="image/jpeg" />
<meta name="twitter:card" content="summary_large_image" />
<meta name="twitter:label1" content="Durée de lecture estimée" />
	<meta name="twitter:data1" content="1 minute" />
<script type="application/ld+json" class="yoast-schema-graph">{"@context":"https:\/\/schema.org","@graph":[{"@type":"WebPage","@id":"https:\/\/www.modave.be\/index.php\/services_communaux\/exercice-militaire-du-23-au-25-mars-2026\/","url":"https:\/\/www.modave.be\/index.php\/services_communaux\/exercice-militaire-du-23-au-25-mars-2026\/","name":"Exercice militaire | Du 23 au 25 mars 2026 - Commune de Modave","isPartOf":{"@id":"https:\/\/www.modave.be\/#website"},"primaryImageOfPage":{"@id":"https:\/\/www.modave.be\/index.php\/services_communaux\/exercice-militaire-du-23-au-25-mars-2026\/#primaryimage"},"image":{"@id":"https:\/\/www.modave.be\/index.php\/services_communaux\/exercice-militaire-du-23-au-25-mars-2026\/#primaryimage"},"thumbnailUrl":"https:\/\/www.modave.be\/wp-content\/uploads\/2026\/02\/Militaire-e1771510052411.jpg","datePublished":"2026-03-04T09:06:31+00:00","dateModified":"2026-03-04T09:07:33+00:00","description":"Exercice militaire | Du 19 au 22 février","breadcrumb":{"@id":"https:\/\/www.modave.be\/index.php\/services_communaux\/exercice-militaire-du-23-au-25-mars-2026\/#breadcrumb"},"inLanguage":"fr-FR","potentialAction":[{"@type":"ReadAction","target":["https:\/\/www.modave.be\/index.php\/services_communaux\/exercice-militaire-du-23-au-25-mars-2026\/"]}]},{"@type":"ImageObject","inLanguage":"fr-FR","@id":"https:\/\/www.modave.be\/index.php\/services_communaux\/exercice-militaire-du-23-au-25-mars-2026\/#primaryimage","url":"https:\/\/www.modave.be\/wp-content\/uploads\/2026\/02\/Militaire-e1771510052411.jpg","contentUrl":"https:\/\/www.modave.be\/wp-content\/uploads\/2026\/02\/Militaire-e1771510052411.jpg","width":1080,"height":540},{"@type":"BreadcrumbList","@id":"https:\/\/www.modave.be\/index.php\/services_communaux\/exercice-militaire-du-23-au-25-mars-2026\/#breadcrumb","itemListElement":[{"@type":"ListItem","position":1,"name":"Accueil","item":"https:\/\/www.modave.be\/"},{"@type":"ListItem","position":2,"name":"Exercice militaire | Du 23 au 25 mars 2026"}]},{"@type":"WebSite","@id":"https:\/\/www.modave.be\/#website","url":"https:\/\/www.modave.be\/","name":"Commune de Modave","description":"Commune de Modave","publisher":{"@id":"https:\/\/www.modave.be\/#organization"},"potentialAction":[{"@type":"SearchAction","target":{"@type":"EntryPoint","urlTemplate":"https:\/\/www.modave.be\/?s={search_term_string}"},"query-input":{"@type":"PropertyValueSpecification","valueRequired":true,"valueName":"search_term_string"}}],"inLanguage":"fr-FR"},{"@type":"Organization","@id":"https:\/\/www.modave.be\/#organization","name":"Commune de Modave","url":"https:\/\/www.modave.be\/","logo":{"@type":"ImageObject","inLanguage":"fr-FR","@id":"https:\/\/www.modave.be\/#\/schema\/logo\/image\/","url":"https:\/\/www.modave.be\/wp-content\/uploads\/2021\/12\/MODAVE_LOGO_HORIZONTAL_QUADRI_RVB.png","contentUrl":"https:\/\/www.modave.be\/wp-content\/uploads\/2021\/12\/MODAVE_LOGO_HORIZONTAL_QUADRI_RVB.png","width":1200,"height":501,"caption":"Commune de Modave"},"image":{"@id":"https:\/\/www.modave.be\/#\/schema\/logo\/image\/"}}]}</script>
<!-- / Yoast SEO plugin. -->

Exercice militaire | Du 19 au 22 février
