{"id":18853,"date":"2026-04-28T09:09:25","date_gmt":"2026-04-28T07:09:25","guid":{"rendered":"https:\/\/www.modave.be\/?post_type=services_communaux&#038;p=18853"},"modified":"2026-04-28T09:09:26","modified_gmt":"2026-04-28T07:09:26","slug":"1er-mai-administration-communale-fermee-2","status":"publish","type":"services_communaux","link":"https:\/\/www.modave.be\/index.php\/services_communaux\/1er-mai-administration-communale-fermee-2\/","title":{"rendered":"1er mai | Administration Communale ferm\u00e9e"},"content":{"rendered":"\n<h2 class=\"wp-block-heading\"><strong>Fermeture des bureaux | 1er mai<\/strong><\/h2>\n\n\n\n<p>\u00c0 l\u2019occasion de la F\u00eate du Travail, les services de l\u2019Administration communale de Modave seront ferm\u00e9s ce vendredi 1er mai.<\/p>\n\n\n\n<p>Les activit\u00e9s reprendront normalement d\u00e8s le lundi 4 mai, aux horaires habituels.<\/p>\n\n\n\n<p>Cette fermeture s\u2019inscrit dans le cadre des jours f\u00e9ri\u00e9s officiels.<\/p>\n\n\n\n<p>Nous vous remercions pour votre compr\u00e9hension et vous souhaitons une agr\u00e9able journ\u00e9e.<\/p>\n","protected":false},"excerpt":{"rendered":"<p>Fermeture des bureaux | 1er mai \u00c0 l\u2019occasion de la F\u00eate du Travail, les services de l\u2019Administration communale de Modave seront ferm\u00e9s ce vendredi 1er mai. Les activit\u00e9s reprendront normalement d\u00e8s le lundi 4 mai, aux horaires habituels. Cette fermeture s\u2019inscrit dans le cadre des jours f\u00e9ri\u00e9s officiels. Nous vous remercions pour votre compr\u00e9hension et&hellip;<\/p>\n","protected":false},"author":9,"featured_media":15561,"menu_order":0,"template":"","categories":[205],"class_list":["post-18853","services_communaux","type-services_communaux","status-publish","has-post-thumbnail","hentry","category-population","description-off"],"yoast_head":"<!-- This site is optimized with the Yoast SEO plugin v27.4 - https:\/\/yoast.com\/product\/yoast-seo-wordpress\/ -->\n<title>1er mai | Administration Communale ferm\u00e9e - Commune de Modave<\/title>\n<meta name=\"robots\" content=\"index, follow, max-snippet:-1, max-image-preview:large, max-video-preview:-1\" \/>\n<link rel=\"canonical\" href=\"https:\/\/www.modave.be\/index.php\/services_communaux\/1er-mai-administration-communale-fermee-2\/\" \/>\n<meta property=\"og:locale\" content=\"fr_FR\" \/>\n<meta property=\"og:type\" content=\"article\" \/>\n<meta property=\"og:title\" content=\"1er mai | Administration Communale ferm\u00e9e - Commune de Modave\" \/>\n<meta property=\"og:description\" content=\"Fermeture des bureaux | 1er mai \u00c0 l\u2019occasion de la F\u00eate du Travail, les services de l\u2019Administration communale de Modave seront ferm\u00e9s ce vendredi 1er mai. Les activit\u00e9s reprendront normalement d\u00e8s le lundi 4 mai, aux horaires habituels. Cette fermeture s\u2019inscrit dans le cadre des jours f\u00e9ri\u00e9s officiels. Nous vous remercions pour votre compr\u00e9hension et&hellip;\" \/>\n<meta property=\"og:url\" content=\"https:\/\/www.modave.be\/index.php\/services_communaux\/1er-mai-administration-communale-fermee-2\/\" \/>\n<meta property=\"og:site_name\" content=\"Commune de Modave\" \/>\n<meta property=\"article:modified_time\" content=\"2026-04-28T07:09:26+00:00\" \/>\n<meta property=\"og:image\" content=\"https:\/\/www.modave.be\/wp-content\/uploads\/2025\/04\/1er-mai-1-e1745994776977.png\" \/>\n\t<meta property=\"og:image:width\" content=\"1080\" \/>\n\t<meta property=\"og:image:height\" content=\"540\" \/>\n\t<meta property=\"og:image:type\" content=\"image\/png\" \/>\n<meta name=\"twitter:card\" content=\"summary_large_image\" \/>\n<meta name=\"twitter:label1\" content=\"Dur\u00e9e de lecture estim\u00e9e\" \/>\n\t<meta name=\"twitter:data1\" content=\"1 minute\" \/>\n<script type=\"application\/ld+json\" class=\"yoast-schema-graph\">{\"@context\":\"https:\\\/\\\/schema.org\",\"@graph\":[{\"@type\":\"WebPage\",\"@id\":\"https:\\\/\\\/www.modave.be\\\/index.php\\\/services_communaux\\\/1er-mai-administration-communale-fermee-2\\\/\",\"url\":\"https:\\\/\\\/www.modave.be\\\/index.php\\\/services_communaux\\\/1er-mai-administration-communale-fermee-2\\\/\",\"name\":\"1er mai | Administration Communale ferm\u00e9e - Commune de Modave\",\"isPartOf\":{\"@id\":\"https:\\\/\\\/www.modave.be\\\/#website\"},\"primaryImageOfPage\":{\"@id\":\"https:\\\/\\\/www.modave.be\\\/index.php\\\/services_communaux\\\/1er-mai-administration-communale-fermee-2\\\/#primaryimage\"},\"image\":{\"@id\":\"https:\\\/\\\/www.modave.be\\\/index.php\\\/services_communaux\\\/1er-mai-administration-communale-fermee-2\\\/#primaryimage\"},\"thumbnailUrl\":\"https:\\\/\\\/www.modave.be\\\/wp-content\\\/uploads\\\/2025\\\/04\\\/1er-mai-1-e1745994776977.png\",\"datePublished\":\"2026-04-28T07:09:25+00:00\",\"dateModified\":\"2026-04-28T07:09:26+00:00\",\"breadcrumb\":{\"@id\":\"https:\\\/\\\/www.modave.be\\\/index.php\\\/services_communaux\\\/1er-mai-administration-communale-fermee-2\\\/#breadcrumb\"},\"inLanguage\":\"fr-FR\",\"potentialAction\":[{\"@type\":\"ReadAction\",\"target\":[\"https:\\\/\\\/www.modave.be\\\/index.php\\\/services_communaux\\\/1er-mai-administration-communale-fermee-2\\\/\"]}]},{\"@type\":\"ImageObject\",\"inLanguage\":\"fr-FR\",\"@id\":\"https:\\\/\\\/www.modave.be\\\/index.php\\\/services_communaux\\\/1er-mai-administration-communale-fermee-2\\\/#primaryimage\",\"url\":\"https:\\\/\\\/www.modave.be\\\/wp-content\\\/uploads\\\/2025\\\/04\\\/1er-mai-1-e1745994776977.png\",\"contentUrl\":\"https:\\\/\\\/www.modave.be\\\/wp-content\\\/uploads\\\/2025\\\/04\\\/1er-mai-1-e1745994776977.png\",\"width\":1080,\"height\":540},{\"@type\":\"BreadcrumbList\",\"@id\":\"https:\\\/\\\/www.modave.be\\\/index.php\\\/services_communaux\\\/1er-mai-administration-communale-fermee-2\\\/#breadcrumb\",\"itemListElement\":[{\"@type\":\"ListItem\",\"position\":1,\"name\":\"Accueil\",\"item\":\"https:\\\/\\\/www.modave.be\\\/\"},{\"@type\":\"ListItem\",\"position\":2,\"name\":\"1er mai | Administration Communale ferm\u00e9e\"}]},{\"@type\":\"WebSite\",\"@id\":\"https:\\\/\\\/www.modave.be\\\/#website\",\"url\":\"https:\\\/\\\/www.modave.be\\\/\",\"name\":\"Commune de Modave\",\"description\":\"Commune de Modave\",\"publisher\":{\"@id\":\"https:\\\/\\\/www.modave.be\\\/#organization\"},\"potentialAction\":[{\"@type\":\"SearchAction\",\"target\":{\"@type\":\"EntryPoint\",\"urlTemplate\":\"https:\\\/\\\/www.modave.be\\\/?s={search_term_string}\"},\"query-input\":{\"@type\":\"PropertyValueSpecification\",\"valueRequired\":true,\"valueName\":\"search_term_string\"}}],\"inLanguage\":\"fr-FR\"},{\"@type\":\"Organization\",\"@id\":\"https:\\\/\\\/www.modave.be\\\/#organization\",\"name\":\"Commune de Modave\",\"url\":\"https:\\\/\\\/www.modave.be\\\/\",\"logo\":{\"@type\":\"ImageObject\",\"inLanguage\":\"fr-FR\",\"@id\":\"https:\\\/\\\/www.modave.be\\\/#\\\/schema\\\/logo\\\/image\\\/\",\"url\":\"https:\\\/\\\/www.modave.be\\\/wp-content\\\/uploads\\\/2021\\\/12\\\/MODAVE_LOGO_HORIZONTAL_QUADRI_RVB.png\",\"contentUrl\":\"https:\\\/\\\/www.modave.be\\\/wp-content\\\/uploads\\\/2021\\\/12\\\/MODAVE_LOGO_HORIZONTAL_QUADRI_RVB.png\",\"width\":1200,\"height\":501,\"caption\":\"Commune de Modave\"},\"image\":{\"@id\":\"https:\\\/\\\/www.modave.be\\\/#\\\/schema\\\/logo\\\/image\\\/\"}}]}<\/script>\n<!-- \/ Yoast SEO plugin. -->","yoast_head_json":{"title":"1er mai | Administration Communale ferm\u00e9e - Commune de Modave","robots":{"index":"index","follow":"follow","max-snippet":"max-snippet:-1","max-image-preview":"max-image-preview:large","max-video-preview":"max-video-preview:-1"},"canonical":"https:\/\/www.modave.be\/index.php\/services_communaux\/1er-mai-administration-communale-fermee-2\/","og_locale":"fr_FR","og_type":"article","og_title":"1er mai | Administration Communale ferm\u00e9e - Commune de Modave","og_description":"Fermeture des bureaux | 1er mai \u00c0 l\u2019occasion de la F\u00eate du Travail, les services de l\u2019Administration communale de Modave seront ferm\u00e9s ce vendredi 1er mai. Les activit\u00e9s reprendront normalement d\u00e8s le lundi 4 mai, aux horaires habituels. Cette fermeture s\u2019inscrit dans le cadre des jours f\u00e9ri\u00e9s officiels. Nous vous remercions pour votre compr\u00e9hension et&hellip;","og_url":"https:\/\/www.modave.be\/index.php\/services_communaux\/1er-mai-administration-communale-fermee-2\/","og_site_name":"Commune de Modave","article_modified_time":"2026-04-28T07:09:26+00:00","og_image":[{"width":1080,"height":540,"url":"https:\/\/www.modave.be\/wp-content\/uploads\/2025\/04\/1er-mai-1-e1745994776977.png","type":"image\/png"}],"twitter_card":"summary_large_image","twitter_misc":{"Dur\u00e9e de lecture estim\u00e9e":"1 minute"},"schema":{"@context":"https:\/\/schema.org","@graph":[{"@type":"WebPage","@id":"https:\/\/www.modave.be\/index.php\/services_communaux\/1er-mai-administration-communale-fermee-2\/","url":"https:\/\/www.modave.be\/index.php\/services_communaux\/1er-mai-administration-communale-fermee-2\/","name":"1er mai | Administration Communale ferm\u00e9e - Commune de Modave","isPartOf":{"@id":"https:\/\/www.modave.be\/#website"},"primaryImageOfPage":{"@id":"https:\/\/www.modave.be\/index.php\/services_communaux\/1er-mai-administration-communale-fermee-2\/#primaryimage"},"image":{"@id":"https:\/\/www.modave.be\/index.php\/services_communaux\/1er-mai-administration-communale-fermee-2\/#primaryimage"},"thumbnailUrl":"https:\/\/www.modave.be\/wp-content\/uploads\/2025\/04\/1er-mai-1-e1745994776977.png","datePublished":"2026-04-28T07:09:25+00:00","dateModified":"2026-04-28T07:09:26+00:00","breadcrumb":{"@id":"https:\/\/www.modave.be\/index.php\/services_communaux\/1er-mai-administration-communale-fermee-2\/#breadcrumb"},"inLanguage":"fr-FR","potentialAction":[{"@type":"ReadAction","target":["https:\/\/www.modave.be\/index.php\/services_communaux\/1er-mai-administration-communale-fermee-2\/"]}]},{"@type":"ImageObject","inLanguage":"fr-FR","@id":"https:\/\/www.modave.be\/index.php\/services_communaux\/1er-mai-administration-communale-fermee-2\/#primaryimage","url":"https:\/\/www.modave.be\/wp-content\/uploads\/2025\/04\/1er-mai-1-e1745994776977.png","contentUrl":"https:\/\/www.modave.be\/wp-content\/uploads\/2025\/04\/1er-mai-1-e1745994776977.png","width":1080,"height":540},{"@type":"BreadcrumbList","@id":"https:\/\/www.modave.be\/index.php\/services_communaux\/1er-mai-administration-communale-fermee-2\/#breadcrumb","itemListElement":[{"@type":"ListItem","position":1,"name":"Accueil","item":"https:\/\/www.modave.be\/"},{"@type":"ListItem","position":2,"name":"1er mai | Administration Communale ferm\u00e9e"}]},{"@type":"WebSite","@id":"https:\/\/www.modave.be\/#website","url":"https:\/\/www.modave.be\/","name":"Commune de Modave","description":"Commune de Modave","publisher":{"@id":"https:\/\/www.modave.be\/#organization"},"potentialAction":[{"@type":"SearchAction","target":{"@type":"EntryPoint","urlTemplate":"https:\/\/www.modave.be\/?s={search_term_string}"},"query-input":{"@type":"PropertyValueSpecification","valueRequired":true,"valueName":"search_term_string"}}],"inLanguage":"fr-FR"},{"@type":"Organization","@id":"https:\/\/www.modave.be\/#organization","name":"Commune de Modave","url":"https:\/\/www.modave.be\/","logo":{"@type":"ImageObject","inLanguage":"fr-FR","@id":"https:\/\/www.modave.be\/#\/schema\/logo\/image\/","url":"https:\/\/www.modave.be\/wp-content\/uploads\/2021\/12\/MODAVE_LOGO_HORIZONTAL_QUADRI_RVB.png","contentUrl":"https:\/\/www.modave.be\/wp-content\/uploads\/2021\/12\/MODAVE_LOGO_HORIZONTAL_QUADRI_RVB.png","width":1200,"height":501,"caption":"Commune de Modave"},"image":{"@id":"https:\/\/www.modave.be\/#\/schema\/logo\/image\/"}}]}},"_links":{"self":[{"href":"https:\/\/www.modave.be\/index.php\/wp-json\/wp\/v2\/services_communaux\/18853","targetHints":{"allow":["GET"]}}],"collection":[{"href":"https:\/\/www.modave.be\/index.php\/wp-json\/wp\/v2\/services_communaux"}],"about":[{"href":"https:\/\/www.modave.be\/index.php\/wp-json\/wp\/v2\/types\/services_communaux"}],"author":[{"embeddable":true,"href":"https:\/\/www.modave.be\/index.php\/wp-json\/wp\/v2\/users\/9"}],"wp:featuredmedia":[{"embeddable":true,"href":"https:\/\/www.modave.be\/index.php\/wp-json\/wp\/v2\/media\/15561"}],"wp:attachment":[{"href":"https:\/\/www.modave.be\/index.php\/wp-json\/wp\/v2\/media?parent=18853"}],"wp:term":[{"taxonomy":"category","embeddable":true,"href":"https:\/\/www.modave.be\/index.php\/wp-json\/wp\/v2\/categories?post=18853"}],"curies":[{"name":"wp","href":"https:\/\/api.w.org\/{rel}","templated":true}]}}

1er mai | Administration Communale fermée

<h2 class="wp-block-heading"><strong>Fermeture des bureaux | 1er mai</strong></h2>



<p>À l’occasion de la Fête du Travail, les services de l’Administration communale de Modave seront fermés ce vendredi 1er mai.</p>



<p>Les activités reprendront normalement dès le lundi 4 mai, aux horaires habituels.</p>



<p>Cette fermeture s’inscrit dans le cadre des jours fériés officiels.</p>



<p>Nous vous remercions pour votre compréhension et vous souhaitons une agréable journée.</p>

<p>Fermeture des bureaux | 1er mai À l’occasion de la Fête du Travail, les services de l’Administration communale de Modave seront fermés ce vendredi 1er mai. Les activités reprendront normalement dès le lundi 4 mai, aux horaires habituels. Cette fermeture s’inscrit dans le cadre des jours fériés officiels. Nous vous remercions pour votre compréhension et&hellip;</p>

<!-- This site is optimized with the Yoast SEO plugin v27.4 - https://yoast.com/product/yoast-seo-wordpress/ -->
<title>1er mai | Administration Communale fermée - Commune de Modave</title>
<meta name="robots" content="index, follow, max-snippet:-1, max-image-preview:large, max-video-preview:-1" />
<link rel="canonical" href="https://www.modave.be/index.php/services_communaux/1er-mai-administration-communale-fermee-2/" />
<meta property="og:locale" content="fr_FR" />
<meta property="og:type" content="article" />
<meta property="og:title" content="1er mai | Administration Communale fermée - Commune de Modave" />
<meta property="og:description" content="Fermeture des bureaux | 1er mai À l’occasion de la Fête du Travail, les services de l’Administration communale de Modave seront fermés ce vendredi 1er mai. Les activités reprendront normalement dès le lundi 4 mai, aux horaires habituels. Cette fermeture s’inscrit dans le cadre des jours fériés officiels. Nous vous remercions pour votre compréhension et&hellip;" />
<meta property="og:url" content="https://www.modave.be/index.php/services_communaux/1er-mai-administration-communale-fermee-2/" />
<meta property="og:site_name" content="Commune de Modave" />
<meta property="article:modified_time" content="2026-04-28T07:09:26+00:00" />
<meta property="og:image" content="https://www.modave.be/wp-content/uploads/2025/04/1er-mai-1-e1745994776977.png" />
	<meta property="og:image:width" content="1080" />
	<meta property="og:image:height" content="540" />
	<meta property="og:image:type" content="image/png" />
<meta name="twitter:card" content="summary_large_image" />
<meta name="twitter:label1" content="Durée de lecture estimée" />
	<meta name="twitter:data1" content="1 minute" />
<script type="application/ld+json" class="yoast-schema-graph">{"@context":"https:\/\/schema.org","@graph":[{"@type":"WebPage","@id":"https:\/\/www.modave.be\/index.php\/services_communaux\/1er-mai-administration-communale-fermee-2\/","url":"https:\/\/www.modave.be\/index.php\/services_communaux\/1er-mai-administration-communale-fermee-2\/","name":"1er mai | Administration Communale fermée - Commune de Modave","isPartOf":{"@id":"https:\/\/www.modave.be\/#website"},"primaryImageOfPage":{"@id":"https:\/\/www.modave.be\/index.php\/services_communaux\/1er-mai-administration-communale-fermee-2\/#primaryimage"},"image":{"@id":"https:\/\/www.modave.be\/index.php\/services_communaux\/1er-mai-administration-communale-fermee-2\/#primaryimage"},"thumbnailUrl":"https:\/\/www.modave.be\/wp-content\/uploads\/2025\/04\/1er-mai-1-e1745994776977.png","datePublished":"2026-04-28T07:09:25+00:00","dateModified":"2026-04-28T07:09:26+00:00","breadcrumb":{"@id":"https:\/\/www.modave.be\/index.php\/services_communaux\/1er-mai-administration-communale-fermee-2\/#breadcrumb"},"inLanguage":"fr-FR","potentialAction":[{"@type":"ReadAction","target":["https:\/\/www.modave.be\/index.php\/services_communaux\/1er-mai-administration-communale-fermee-2\/"]}]},{"@type":"ImageObject","inLanguage":"fr-FR","@id":"https:\/\/www.modave.be\/index.php\/services_communaux\/1er-mai-administration-communale-fermee-2\/#primaryimage","url":"https:\/\/www.modave.be\/wp-content\/uploads\/2025\/04\/1er-mai-1-e1745994776977.png","contentUrl":"https:\/\/www.modave.be\/wp-content\/uploads\/2025\/04\/1er-mai-1-e1745994776977.png","width":1080,"height":540},{"@type":"BreadcrumbList","@id":"https:\/\/www.modave.be\/index.php\/services_communaux\/1er-mai-administration-communale-fermee-2\/#breadcrumb","itemListElement":[{"@type":"ListItem","position":1,"name":"Accueil","item":"https:\/\/www.modave.be\/"},{"@type":"ListItem","position":2,"name":"1er mai | Administration Communale fermée"}]},{"@type":"WebSite","@id":"https:\/\/www.modave.be\/#website","url":"https:\/\/www.modave.be\/","name":"Commune de Modave","description":"Commune de Modave","publisher":{"@id":"https:\/\/www.modave.be\/#organization"},"potentialAction":[{"@type":"SearchAction","target":{"@type":"EntryPoint","urlTemplate":"https:\/\/www.modave.be\/?s={search_term_string}"},"query-input":{"@type":"PropertyValueSpecification","valueRequired":true,"valueName":"search_term_string"}}],"inLanguage":"fr-FR"},{"@type":"Organization","@id":"https:\/\/www.modave.be\/#organization","name":"Commune de Modave","url":"https:\/\/www.modave.be\/","logo":{"@type":"ImageObject","inLanguage":"fr-FR","@id":"https:\/\/www.modave.be\/#\/schema\/logo\/image\/","url":"https:\/\/www.modave.be\/wp-content\/uploads\/2021\/12\/MODAVE_LOGO_HORIZONTAL_QUADRI_RVB.png","contentUrl":"https:\/\/www.modave.be\/wp-content\/uploads\/2021\/12\/MODAVE_LOGO_HORIZONTAL_QUADRI_RVB.png","width":1200,"height":501,"caption":"Commune de Modave"},"image":{"@id":"https:\/\/www.modave.be\/#\/schema\/logo\/image\/"}}]}</script>
<!-- / Yoast SEO plugin. -->

1er mai | Administration Communale fermée - Commune de Modave

Fermeture des bureaux | 1er mai À l’occasion de la Fête du Travail, les services de l’Administration communale de Modave seront fermés ce vendredi 1er mai. Les activités reprendront normalement dès le lundi 4 mai, aux horaires habituels. Cette fermeture s’inscrit dans le cadre des jours fériés officiels. Nous vous remercions pour votre compréhension et&hellip;
