{"id":18875,"date":"2026-04-29T14:50:03","date_gmt":"2026-04-29T12:50:03","guid":{"rendered":"https:\/\/www.modave.be\/?post_type=services_communaux&#038;p=18875"},"modified":"2026-04-29T14:50:04","modified_gmt":"2026-04-29T12:50:04","slug":"la-culture-se-construit-ensemble-a-modave","status":"publish","type":"services_communaux","link":"https:\/\/www.modave.be\/index.php\/services_communaux\/la-culture-se-construit-ensemble-a-modave\/","title":{"rendered":"La culture se construit ensemble \u00e0 Modave"},"content":{"rendered":"\n<p>La Commune de Modave, avec le soutien de la Fondation Rurale de Wallonie \u2013 \u00c9quipe Condroz et du Centre culturel OYOU, lance une toute nouvelle Commission citoyenne d\u00e9di\u00e9e \u00e0 la culture. Cette initiative vise \u00e0 permettre aux habitants de participer activement \u00e0 la vie culturelle locale, en imaginant et en d\u00e9veloppant des projets qui leur ressemblent. Chacun peut y apporter ses id\u00e9es, son \u00e9nergie ou simplement sa curiosit\u00e9.<\/p>\n\n\n\n<p><strong>Une premi\u00e8re rencontre est organis\u00e9e afin de lancer cette nouvelle dynamique collective et d\u2019\u00e9changer autour d\u2019un premier projet concret : l\u2019organisation d\u2019une journ\u00e9e des artistes modaviens.<\/strong><\/p>\n\n\n\n<p>Cette commission est ouverte \u00e0 tous les citoyens, sans condition particuli\u00e8re. Chacun peut s\u2019impliquer \u00e0 sa mani\u00e8re, selon ses envies et ses disponibilit\u00e9s.<\/p>\n\n\n\n<p><strong>Infos pratiques<\/strong><\/p>\n\n\n\n<blockquote class=\"wp-block-quote is-layout-flow wp-block-quote-is-layout-flow\">\n<p>Date : mardi 19 mai<br>Heure : 19h30<br>Lieu : Maison rurale de Vierset (Place Georges Hubin, Modave)<br>Public : ouvert \u00e0 tous<br>Prix : gratuit<br>Inscriptions : <a href=\"http:\/\/urlr.me\/7gjwhe\">urlr.me\/7gjwhe<\/a><br>Contact : d.defays@frw.be<\/p>\n<\/blockquote>\n\n\n\n<p>Cette d\u00e9marche constitue une belle opportunit\u00e9 de contribuer \u00e0 la dynamique culturelle de la commune et de participer \u00e0 des projets collectifs au service de tous.<\/p>\n\n\n\n<div data-wp-interactive=\"core\/file\" class=\"wp-block-file\"><object data-wp-bind--hidden=\"!state.hasPdfPreview\" hidden class=\"wp-block-file__embed\" data=\"https:\/\/www.modave.be\/wp-content\/uploads\/2026\/04\/20260519-Modave-Invitation-Comission-culturelle.pdf\" type=\"application\/pdf\" style=\"width:100%;height:600px\" aria-label=\"Contenu embarqu\u00e9 20260519 Modave - Invitation Comission culturelle.\"><\/object><a id=\"wp-block-file--media-0ec19d3e-adf5-428c-976c-67635a0ac071\" href=\"https:\/\/www.modave.be\/wp-content\/uploads\/2026\/04\/20260519-Modave-Invitation-Comission-culturelle.pdf\">20260519 Modave &#8211; Invitation Comission culturelle<\/a><a href=\"https:\/\/www.modave.be\/wp-content\/uploads\/2026\/04\/20260519-Modave-Invitation-Comission-culturelle.pdf\" class=\"wp-block-file__button wp-element-button\" download aria-describedby=\"wp-block-file--media-0ec19d3e-adf5-428c-976c-67635a0ac071\">T\u00e9l\u00e9charger<\/a><\/div>\n","protected":false},"excerpt":{"rendered":"<p>La Commune de Modave, avec le soutien de la Fondation Rurale de Wallonie \u2013 \u00c9quipe Condroz et du Centre culturel OYOU, lance une toute nouvelle Commission citoyenne d\u00e9di\u00e9e \u00e0 la culture. Cette initiative vise \u00e0 permettre aux habitants de participer activement \u00e0 la vie culturelle locale, en imaginant et en d\u00e9veloppant des projets qui leur&hellip;<\/p>\n","protected":false},"author":9,"featured_media":18878,"menu_order":0,"template":"","categories":[1],"class_list":["post-18875","services_communaux","type-services_communaux","status-publish","has-post-thumbnail","hentry","category-non-classe","description-off"],"yoast_head":"<!-- This site is optimized with the Yoast SEO plugin v27.4 - https:\/\/yoast.com\/product\/yoast-seo-wordpress\/ -->\n<title>La culture se construit ensemble \u00e0 Modave - Commune de Modave<\/title>\n<meta name=\"robots\" content=\"index, follow, max-snippet:-1, max-image-preview:large, max-video-preview:-1\" \/>\n<link rel=\"canonical\" href=\"https:\/\/www.modave.be\/index.php\/services_communaux\/la-culture-se-construit-ensemble-a-modave\/\" \/>\n<meta property=\"og:locale\" content=\"fr_FR\" \/>\n<meta property=\"og:type\" content=\"article\" \/>\n<meta property=\"og:title\" content=\"La culture se construit ensemble \u00e0 Modave - Commune de Modave\" \/>\n<meta property=\"og:description\" content=\"La Commune de Modave, avec le soutien de la Fondation Rurale de Wallonie \u2013 \u00c9quipe Condroz et du Centre culturel OYOU, lance une toute nouvelle Commission citoyenne d\u00e9di\u00e9e \u00e0 la culture. Cette initiative vise \u00e0 permettre aux habitants de participer activement \u00e0 la vie culturelle locale, en imaginant et en d\u00e9veloppant des projets qui leur&hellip;\" \/>\n<meta property=\"og:url\" content=\"https:\/\/www.modave.be\/index.php\/services_communaux\/la-culture-se-construit-ensemble-a-modave\/\" \/>\n<meta property=\"og:site_name\" content=\"Commune de Modave\" \/>\n<meta property=\"article:modified_time\" content=\"2026-04-29T12:50:04+00:00\" \/>\n<meta property=\"og:image\" content=\"https:\/\/www.modave.be\/wp-content\/uploads\/2026\/04\/IMG_6104-scaled-e1777466993708.jpg\" \/>\n\t<meta property=\"og:image:width\" content=\"2560\" \/>\n\t<meta property=\"og:image:height\" content=\"1280\" \/>\n\t<meta property=\"og:image:type\" content=\"image\/jpeg\" \/>\n<meta name=\"twitter:card\" content=\"summary_large_image\" \/>\n<meta name=\"twitter:label1\" content=\"Dur\u00e9e de lecture estim\u00e9e\" \/>\n\t<meta name=\"twitter:data1\" content=\"1 minute\" \/>\n<script type=\"application\/ld+json\" class=\"yoast-schema-graph\">{\"@context\":\"https:\\\/\\\/schema.org\",\"@graph\":[{\"@type\":\"WebPage\",\"@id\":\"https:\\\/\\\/www.modave.be\\\/index.php\\\/services_communaux\\\/la-culture-se-construit-ensemble-a-modave\\\/\",\"url\":\"https:\\\/\\\/www.modave.be\\\/index.php\\\/services_communaux\\\/la-culture-se-construit-ensemble-a-modave\\\/\",\"name\":\"La culture se construit ensemble \u00e0 Modave - Commune de Modave\",\"isPartOf\":{\"@id\":\"https:\\\/\\\/www.modave.be\\\/#website\"},\"primaryImageOfPage\":{\"@id\":\"https:\\\/\\\/www.modave.be\\\/index.php\\\/services_communaux\\\/la-culture-se-construit-ensemble-a-modave\\\/#primaryimage\"},\"image\":{\"@id\":\"https:\\\/\\\/www.modave.be\\\/index.php\\\/services_communaux\\\/la-culture-se-construit-ensemble-a-modave\\\/#primaryimage\"},\"thumbnailUrl\":\"https:\\\/\\\/www.modave.be\\\/wp-content\\\/uploads\\\/2026\\\/04\\\/IMG_6104-scaled-e1777466993708.jpg\",\"datePublished\":\"2026-04-29T12:50:03+00:00\",\"dateModified\":\"2026-04-29T12:50:04+00:00\",\"breadcrumb\":{\"@id\":\"https:\\\/\\\/www.modave.be\\\/index.php\\\/services_communaux\\\/la-culture-se-construit-ensemble-a-modave\\\/#breadcrumb\"},\"inLanguage\":\"fr-FR\",\"potentialAction\":[{\"@type\":\"ReadAction\",\"target\":[\"https:\\\/\\\/www.modave.be\\\/index.php\\\/services_communaux\\\/la-culture-se-construit-ensemble-a-modave\\\/\"]}]},{\"@type\":\"ImageObject\",\"inLanguage\":\"fr-FR\",\"@id\":\"https:\\\/\\\/www.modave.be\\\/index.php\\\/services_communaux\\\/la-culture-se-construit-ensemble-a-modave\\\/#primaryimage\",\"url\":\"https:\\\/\\\/www.modave.be\\\/wp-content\\\/uploads\\\/2026\\\/04\\\/IMG_6104-scaled-e1777466993708.jpg\",\"contentUrl\":\"https:\\\/\\\/www.modave.be\\\/wp-content\\\/uploads\\\/2026\\\/04\\\/IMG_6104-scaled-e1777466993708.jpg\",\"width\":2560,\"height\":1280},{\"@type\":\"BreadcrumbList\",\"@id\":\"https:\\\/\\\/www.modave.be\\\/index.php\\\/services_communaux\\\/la-culture-se-construit-ensemble-a-modave\\\/#breadcrumb\",\"itemListElement\":[{\"@type\":\"ListItem\",\"position\":1,\"name\":\"Accueil\",\"item\":\"https:\\\/\\\/www.modave.be\\\/\"},{\"@type\":\"ListItem\",\"position\":2,\"name\":\"La culture se construit ensemble \u00e0 Modave\"}]},{\"@type\":\"WebSite\",\"@id\":\"https:\\\/\\\/www.modave.be\\\/#website\",\"url\":\"https:\\\/\\\/www.modave.be\\\/\",\"name\":\"Commune de Modave\",\"description\":\"Commune de Modave\",\"publisher\":{\"@id\":\"https:\\\/\\\/www.modave.be\\\/#organization\"},\"potentialAction\":[{\"@type\":\"SearchAction\",\"target\":{\"@type\":\"EntryPoint\",\"urlTemplate\":\"https:\\\/\\\/www.modave.be\\\/?s={search_term_string}\"},\"query-input\":{\"@type\":\"PropertyValueSpecification\",\"valueRequired\":true,\"valueName\":\"search_term_string\"}}],\"inLanguage\":\"fr-FR\"},{\"@type\":\"Organization\",\"@id\":\"https:\\\/\\\/www.modave.be\\\/#organization\",\"name\":\"Commune de Modave\",\"url\":\"https:\\\/\\\/www.modave.be\\\/\",\"logo\":{\"@type\":\"ImageObject\",\"inLanguage\":\"fr-FR\",\"@id\":\"https:\\\/\\\/www.modave.be\\\/#\\\/schema\\\/logo\\\/image\\\/\",\"url\":\"https:\\\/\\\/www.modave.be\\\/wp-content\\\/uploads\\\/2021\\\/12\\\/MODAVE_LOGO_HORIZONTAL_QUADRI_RVB.png\",\"contentUrl\":\"https:\\\/\\\/www.modave.be\\\/wp-content\\\/uploads\\\/2021\\\/12\\\/MODAVE_LOGO_HORIZONTAL_QUADRI_RVB.png\",\"width\":1200,\"height\":501,\"caption\":\"Commune de Modave\"},\"image\":{\"@id\":\"https:\\\/\\\/www.modave.be\\\/#\\\/schema\\\/logo\\\/image\\\/\"}}]}<\/script>\n<!-- \/ Yoast SEO plugin. -->","yoast_head_json":{"title":"La culture se construit ensemble \u00e0 Modave - Commune de Modave","robots":{"index":"index","follow":"follow","max-snippet":"max-snippet:-1","max-image-preview":"max-image-preview:large","max-video-preview":"max-video-preview:-1"},"canonical":"https:\/\/www.modave.be\/index.php\/services_communaux\/la-culture-se-construit-ensemble-a-modave\/","og_locale":"fr_FR","og_type":"article","og_title":"La culture se construit ensemble \u00e0 Modave - Commune de Modave","og_description":"La Commune de Modave, avec le soutien de la Fondation Rurale de Wallonie \u2013 \u00c9quipe Condroz et du Centre culturel OYOU, lance une toute nouvelle Commission citoyenne d\u00e9di\u00e9e \u00e0 la culture. Cette initiative vise \u00e0 permettre aux habitants de participer activement \u00e0 la vie culturelle locale, en imaginant et en d\u00e9veloppant des projets qui leur&hellip;","og_url":"https:\/\/www.modave.be\/index.php\/services_communaux\/la-culture-se-construit-ensemble-a-modave\/","og_site_name":"Commune de Modave","article_modified_time":"2026-04-29T12:50:04+00:00","og_image":[{"width":2560,"height":1280,"url":"https:\/\/www.modave.be\/wp-content\/uploads\/2026\/04\/IMG_6104-scaled-e1777466993708.jpg","type":"image\/jpeg"}],"twitter_card":"summary_large_image","twitter_misc":{"Dur\u00e9e de lecture estim\u00e9e":"1 minute"},"schema":{"@context":"https:\/\/schema.org","@graph":[{"@type":"WebPage","@id":"https:\/\/www.modave.be\/index.php\/services_communaux\/la-culture-se-construit-ensemble-a-modave\/","url":"https:\/\/www.modave.be\/index.php\/services_communaux\/la-culture-se-construit-ensemble-a-modave\/","name":"La culture se construit ensemble \u00e0 Modave - Commune de Modave","isPartOf":{"@id":"https:\/\/www.modave.be\/#website"},"primaryImageOfPage":{"@id":"https:\/\/www.modave.be\/index.php\/services_communaux\/la-culture-se-construit-ensemble-a-modave\/#primaryimage"},"image":{"@id":"https:\/\/www.modave.be\/index.php\/services_communaux\/la-culture-se-construit-ensemble-a-modave\/#primaryimage"},"thumbnailUrl":"https:\/\/www.modave.be\/wp-content\/uploads\/2026\/04\/IMG_6104-scaled-e1777466993708.jpg","datePublished":"2026-04-29T12:50:03+00:00","dateModified":"2026-04-29T12:50:04+00:00","breadcrumb":{"@id":"https:\/\/www.modave.be\/index.php\/services_communaux\/la-culture-se-construit-ensemble-a-modave\/#breadcrumb"},"inLanguage":"fr-FR","potentialAction":[{"@type":"ReadAction","target":["https:\/\/www.modave.be\/index.php\/services_communaux\/la-culture-se-construit-ensemble-a-modave\/"]}]},{"@type":"ImageObject","inLanguage":"fr-FR","@id":"https:\/\/www.modave.be\/index.php\/services_communaux\/la-culture-se-construit-ensemble-a-modave\/#primaryimage","url":"https:\/\/www.modave.be\/wp-content\/uploads\/2026\/04\/IMG_6104-scaled-e1777466993708.jpg","contentUrl":"https:\/\/www.modave.be\/wp-content\/uploads\/2026\/04\/IMG_6104-scaled-e1777466993708.jpg","width":2560,"height":1280},{"@type":"BreadcrumbList","@id":"https:\/\/www.modave.be\/index.php\/services_communaux\/la-culture-se-construit-ensemble-a-modave\/#breadcrumb","itemListElement":[{"@type":"ListItem","position":1,"name":"Accueil","item":"https:\/\/www.modave.be\/"},{"@type":"ListItem","position":2,"name":"La culture se construit ensemble \u00e0 Modave"}]},{"@type":"WebSite","@id":"https:\/\/www.modave.be\/#website","url":"https:\/\/www.modave.be\/","name":"Commune de Modave","description":"Commune de Modave","publisher":{"@id":"https:\/\/www.modave.be\/#organization"},"potentialAction":[{"@type":"SearchAction","target":{"@type":"EntryPoint","urlTemplate":"https:\/\/www.modave.be\/?s={search_term_string}"},"query-input":{"@type":"PropertyValueSpecification","valueRequired":true,"valueName":"search_term_string"}}],"inLanguage":"fr-FR"},{"@type":"Organization","@id":"https:\/\/www.modave.be\/#organization","name":"Commune de Modave","url":"https:\/\/www.modave.be\/","logo":{"@type":"ImageObject","inLanguage":"fr-FR","@id":"https:\/\/www.modave.be\/#\/schema\/logo\/image\/","url":"https:\/\/www.modave.be\/wp-content\/uploads\/2021\/12\/MODAVE_LOGO_HORIZONTAL_QUADRI_RVB.png","contentUrl":"https:\/\/www.modave.be\/wp-content\/uploads\/2021\/12\/MODAVE_LOGO_HORIZONTAL_QUADRI_RVB.png","width":1200,"height":501,"caption":"Commune de Modave"},"image":{"@id":"https:\/\/www.modave.be\/#\/schema\/logo\/image\/"}}]}},"_links":{"self":[{"href":"https:\/\/www.modave.be\/index.php\/wp-json\/wp\/v2\/services_communaux\/18875","targetHints":{"allow":["GET"]}}],"collection":[{"href":"https:\/\/www.modave.be\/index.php\/wp-json\/wp\/v2\/services_communaux"}],"about":[{"href":"https:\/\/www.modave.be\/index.php\/wp-json\/wp\/v2\/types\/services_communaux"}],"author":[{"embeddable":true,"href":"https:\/\/www.modave.be\/index.php\/wp-json\/wp\/v2\/users\/9"}],"wp:featuredmedia":[{"embeddable":true,"href":"https:\/\/www.modave.be\/index.php\/wp-json\/wp\/v2\/media\/18878"}],"wp:attachment":[{"href":"https:\/\/www.modave.be\/index.php\/wp-json\/wp\/v2\/media?parent=18875"}],"wp:term":[{"taxonomy":"category","embeddable":true,"href":"https:\/\/www.modave.be\/index.php\/wp-json\/wp\/v2\/categories?post=18875"}],"curies":[{"name":"wp","href":"https:\/\/api.w.org\/{rel}","templated":true}]}}

La culture se construit ensemble à Modave

<p>La Commune de Modave, avec le soutien de la Fondation Rurale de Wallonie – Équipe Condroz et du Centre culturel OYOU, lance une toute nouvelle Commission citoyenne dédiée à la culture. Cette initiative vise à permettre aux habitants de participer activement à la vie culturelle locale, en imaginant et en développant des projets qui leur ressemblent. Chacun peut y apporter ses idées, son énergie ou simplement sa curiosité.</p>



<p><strong>Une première rencontre est organisée afin de lancer cette nouvelle dynamique collective et d’échanger autour d’un premier projet concret : l’organisation d’une journée des artistes modaviens.</strong></p>



<p>Cette commission est ouverte à tous les citoyens, sans condition particulière. Chacun peut s’impliquer à sa manière, selon ses envies et ses disponibilités.</p>



<p><strong>Infos pratiques</strong></p>



<blockquote class="wp-block-quote is-layout-flow wp-block-quote-is-layout-flow">
<p>Date : mardi 19 mai<br>Heure : 19h30<br>Lieu : Maison rurale de Vierset (Place Georges Hubin, Modave)<br>Public : ouvert à tous<br>Prix : gratuit<br>Inscriptions : <a href="http://urlr.me/7gjwhe">urlr.me/7gjwhe</a><br>Contact : d.defays@frw.be</p>
</blockquote>



<p>Cette démarche constitue une belle opportunité de contribuer à la dynamique culturelle de la commune et de participer à des projets collectifs au service de tous.</p>



<div data-wp-interactive="core/file" class="wp-block-file"><object data-wp-bind--hidden="!state.hasPdfPreview" hidden class="wp-block-file__embed" data="https://www.modave.be/wp-content/uploads/2026/04/20260519-Modave-Invitation-Comission-culturelle.pdf" type="application/pdf" style="width:100%;height:600px" aria-label="Contenu embarqué 20260519 Modave - Invitation Comission culturelle."></object><a id="wp-block-file--media-0ec19d3e-adf5-428c-976c-67635a0ac071" href="https://www.modave.be/wp-content/uploads/2026/04/20260519-Modave-Invitation-Comission-culturelle.pdf">20260519 Modave &#8211; Invitation Comission culturelle</a><a href="https://www.modave.be/wp-content/uploads/2026/04/20260519-Modave-Invitation-Comission-culturelle.pdf" class="wp-block-file__button wp-element-button" download aria-describedby="wp-block-file--media-0ec19d3e-adf5-428c-976c-67635a0ac071">Télécharger</a></div>

<p>La Commune de Modave, avec le soutien de la Fondation Rurale de Wallonie – Équipe Condroz et du Centre culturel OYOU, lance une toute nouvelle Commission citoyenne dédiée à la culture. Cette initiative vise à permettre aux habitants de participer activement à la vie culturelle locale, en imaginant et en développant des projets qui leur&hellip;</p>

<!-- This site is optimized with the Yoast SEO plugin v27.4 - https://yoast.com/product/yoast-seo-wordpress/ -->
<title>La culture se construit ensemble à Modave - Commune de Modave</title>
<meta name="robots" content="index, follow, max-snippet:-1, max-image-preview:large, max-video-preview:-1" />
<link rel="canonical" href="https://www.modave.be/index.php/services_communaux/la-culture-se-construit-ensemble-a-modave/" />
<meta property="og:locale" content="fr_FR" />
<meta property="og:type" content="article" />
<meta property="og:title" content="La culture se construit ensemble à Modave - Commune de Modave" />
<meta property="og:description" content="La Commune de Modave, avec le soutien de la Fondation Rurale de Wallonie – Équipe Condroz et du Centre culturel OYOU, lance une toute nouvelle Commission citoyenne dédiée à la culture. Cette initiative vise à permettre aux habitants de participer activement à la vie culturelle locale, en imaginant et en développant des projets qui leur&hellip;" />
<meta property="og:url" content="https://www.modave.be/index.php/services_communaux/la-culture-se-construit-ensemble-a-modave/" />
<meta property="og:site_name" content="Commune de Modave" />
<meta property="article:modified_time" content="2026-04-29T12:50:04+00:00" />
<meta property="og:image" content="https://www.modave.be/wp-content/uploads/2026/04/IMG_6104-scaled-e1777466993708.jpg" />
	<meta property="og:image:width" content="2560" />
	<meta property="og:image:height" content="1280" />
	<meta property="og:image:type" content="image/jpeg" />
<meta name="twitter:card" content="summary_large_image" />
<meta name="twitter:label1" content="Durée de lecture estimée" />
	<meta name="twitter:data1" content="1 minute" />
<script type="application/ld+json" class="yoast-schema-graph">{"@context":"https:\/\/schema.org","@graph":[{"@type":"WebPage","@id":"https:\/\/www.modave.be\/index.php\/services_communaux\/la-culture-se-construit-ensemble-a-modave\/","url":"https:\/\/www.modave.be\/index.php\/services_communaux\/la-culture-se-construit-ensemble-a-modave\/","name":"La culture se construit ensemble à Modave - Commune de Modave","isPartOf":{"@id":"https:\/\/www.modave.be\/#website"},"primaryImageOfPage":{"@id":"https:\/\/www.modave.be\/index.php\/services_communaux\/la-culture-se-construit-ensemble-a-modave\/#primaryimage"},"image":{"@id":"https:\/\/www.modave.be\/index.php\/services_communaux\/la-culture-se-construit-ensemble-a-modave\/#primaryimage"},"thumbnailUrl":"https:\/\/www.modave.be\/wp-content\/uploads\/2026\/04\/IMG_6104-scaled-e1777466993708.jpg","datePublished":"2026-04-29T12:50:03+00:00","dateModified":"2026-04-29T12:50:04+00:00","breadcrumb":{"@id":"https:\/\/www.modave.be\/index.php\/services_communaux\/la-culture-se-construit-ensemble-a-modave\/#breadcrumb"},"inLanguage":"fr-FR","potentialAction":[{"@type":"ReadAction","target":["https:\/\/www.modave.be\/index.php\/services_communaux\/la-culture-se-construit-ensemble-a-modave\/"]}]},{"@type":"ImageObject","inLanguage":"fr-FR","@id":"https:\/\/www.modave.be\/index.php\/services_communaux\/la-culture-se-construit-ensemble-a-modave\/#primaryimage","url":"https:\/\/www.modave.be\/wp-content\/uploads\/2026\/04\/IMG_6104-scaled-e1777466993708.jpg","contentUrl":"https:\/\/www.modave.be\/wp-content\/uploads\/2026\/04\/IMG_6104-scaled-e1777466993708.jpg","width":2560,"height":1280},{"@type":"BreadcrumbList","@id":"https:\/\/www.modave.be\/index.php\/services_communaux\/la-culture-se-construit-ensemble-a-modave\/#breadcrumb","itemListElement":[{"@type":"ListItem","position":1,"name":"Accueil","item":"https:\/\/www.modave.be\/"},{"@type":"ListItem","position":2,"name":"La culture se construit ensemble à Modave"}]},{"@type":"WebSite","@id":"https:\/\/www.modave.be\/#website","url":"https:\/\/www.modave.be\/","name":"Commune de Modave","description":"Commune de Modave","publisher":{"@id":"https:\/\/www.modave.be\/#organization"},"potentialAction":[{"@type":"SearchAction","target":{"@type":"EntryPoint","urlTemplate":"https:\/\/www.modave.be\/?s={search_term_string}"},"query-input":{"@type":"PropertyValueSpecification","valueRequired":true,"valueName":"search_term_string"}}],"inLanguage":"fr-FR"},{"@type":"Organization","@id":"https:\/\/www.modave.be\/#organization","name":"Commune de Modave","url":"https:\/\/www.modave.be\/","logo":{"@type":"ImageObject","inLanguage":"fr-FR","@id":"https:\/\/www.modave.be\/#\/schema\/logo\/image\/","url":"https:\/\/www.modave.be\/wp-content\/uploads\/2021\/12\/MODAVE_LOGO_HORIZONTAL_QUADRI_RVB.png","contentUrl":"https:\/\/www.modave.be\/wp-content\/uploads\/2021\/12\/MODAVE_LOGO_HORIZONTAL_QUADRI_RVB.png","width":1200,"height":501,"caption":"Commune de Modave"},"image":{"@id":"https:\/\/www.modave.be\/#\/schema\/logo\/image\/"}}]}</script>
<!-- / Yoast SEO plugin. -->

La culture se construit ensemble à Modave - Commune de Modave

La Commune de Modave, avec le soutien de la Fondation Rurale de Wallonie – Équipe Condroz et du Centre culturel OYOU, lance une toute nouvelle Commission citoyenne dédiée à la culture. Cette initiative vise à permettre aux habitants de participer activement à la vie culturelle locale, en imaginant et en développant des projets qui leur&hellip;
